000
CXUS54 KTSA 031901
CF6TUL
PRELIMINARY LOCAL CLIMATOLOGICAL DATA (WS FORM: F-6)
STATION: TULSA OKLAHOMA
MONTH: FEBRUARY
YEAR: 2023
LATITUDE: 36 12 N
LONGITUDE: 95 54 W
TEMPERATURE IN F: :PCPN: SNOW: WIND :SUNSHINE: SKY :PK WND
================================================================================
1 2 3 4 5 6A 6B 7 8 9 10 11 12 13 14 15 16 17 18
12Z AVG MX 2MIN
DY MAX MIN AVG DEP HDD CDD WTR SNW DPTH SPD SPD DIR MIN PSBL S-S WX SPD DR
================================================================================
1 32 16 24 -16 41 0 0.00 0.0 0 2.4 8 170 M M 8 9 330
2 46 23 35 -5 30 0 T T 0 3.2 10 360 M M 6 46 16 360
3 45 20 33 -7 32 0 0.00 0.0 0 8.7 15 170 M M 2 20 350
4 58 35 47 7 18 0 0.00 0.0 0 15.1 30 180 M M 7 39 180
5 64 32 48 8 17 0 0.00 0.0 0 3.8 10 110 M M 4 1 17 200
6 66 44 55 14 10 0 T 0.0 0 15.5 32 170 M M 6 44 160
7 52 41 47 6 18 0 1.09 0.0 0 7.6 21 340 M M 10 1 27 330
8 45 38 42 1 23 0 0.97 0.0 0 10.7 25 260 M M 10 1 32 270
9 56 34 45 4 20 0 0.01 0.0 0 8.0 24 280 M M 6 1 35 270
10 42 27 35 -7 30 0 T 0.0 0 9.9 21 350 M M 8 29 350
11 54 23 39 -3 26 0 0.00 0.0 0 2.4 7 330 M M 0 10 350
12 67 29 48 6 17 0 0.00 0.0 0 9.9 23 170 M M 3 31 190
13 63 32 48 6 17 0 0.00 0.0 0 7.5 14 140 M M 5 21 150
14 67 48 58 16 7 0 0.59 0.0 0 16.1 36 190 M M 7 13 53 190
15 64 39 52 9 13 0 0.25 0.0 0 10.7 24 330 M M 5 13 30 330
16 39 30 35 -8 30 0 0.00 0.0 0 15.4 26 290 M M 10 34 280
17 49 21 35 -8 30 0 0.00 0.0 0 6.4 16 340 M M 2 20 330
18 52 31 42 -2 23 0 0.00 0.0 0 13.9 26 170 M M 6 36 180
19 69 41 55 11 10 0 0.00 0.0 0 10.4 22 170 M M 8 30 170
20 66 41 54 10 11 0 0.00 0.0 0 3.6 9 350 M M 9 11 350
21 69 37 53 9 12 0 0.00 0.0 0 7.7 25 170 M M 10 35 170
22 74 39 57 12 8 0 0.24 0.0 0 14.9 29 190 M M 6 1 44 170
23 40 25 33 -12 32 0 0.00 0.0 0 12.9 24 310 M M 2 31 320
24 38 26 32 -13 33 0 0.00 0.0 0 10.3 17 20 M M 8 25 10
25 47 33 40 -6 25 0 T 0.0 0 5.0 12 180 M M 10 3 15 330
26 64 44 54 8 11 0 0.17 0.0 0 11.7 33 190 M M 10 13 49 170
27 74 50 62 16 3 0 T 0.0 0 13.5 29 200 M M 2 8 43 190
28 78 39 59 12 6 0 0.00 0.0 0 9.2 24 240 M M 3 34 230
================================================================================
SM 1580 938 553 0 3.32 T 266.4 M 173
================================================================================
AV 56.4 33.5 9.5 FASTST M M 6 MAX(MPH)
MISC ----> 36 190 53 190
================================================================================
NOTES:
# LAST OF SEVERAL OCCURRENCES
COLUMN 17 PEAK WIND IN M.P.H.
PRELIMINARY LOCAL CLIMATOLOGICAL DATA (WS FORM: F-6) , PAGE 2
STATION: TULSA OKLAHOMA
MONTH: FEBRUARY
YEAR: 2023
LATITUDE: 36 12 N
LONGITUDE: 95 54 W
[TEMPERATURE DATA] [PRECIPITATION DATA] SYMBOLS USED IN COLUMN 16
AVERAGE MONTHLY: 45.0 TOTAL FOR MONTH: 3.32 1 = FOG OR MIST
DPTR FM NORMAL: 2.2 DPTR FM NORMAL: 1.70 2 = FOG REDUCING VISIBILITY
HIGHEST: 78 ON 28 GRTST 24HR 1.45 ON 7- 8 TO 1/4 MILE OR LESS
LOWEST: 16 ON 1 3 = THUNDER
SNOW, ICE PELLETS, HAIL 4 = ICE PELLETS
TOTAL MONTH: T 5 = HAIL
GRTST 24HR T ON 2- 2 6 = FREEZING RAIN OR DRIZZLE
GRTST DEPTH: T 7 = DUSTSTORM OR SANDSTORM:
VSBY 1/2 MILE OR LESS
8 = SMOKE OR HAZE
[NO. OF DAYS WITH] [WEATHER - DAYS WITH] 9 = BLOWING SNOW
X = TORNADO
MAX 32 OR BELOW: 1 0.01 INCH OR MORE: 7
MAX 90 OR ABOVE: 0 0.10 INCH OR MORE: 6
MIN 32 OR BELOW: 13 0.50 INCH OR MORE: 3
MIN 0 OR BELOW: 0 1.00 INCH OR MORE: 1
[HDD (BASE 65) ]
TOTAL THIS MO. 553 CLEAR (SCALE 0-3) 5
DPTR FM NORMAL -69 PTCLDY (SCALE 4-7) 16
TOTAL FM JUL 1 2645 CLOUDY (SCALE 8-10) 7
DPTR FM NORMAL -167
[CDD (BASE 65) ]
TOTAL THIS MO. 0
DPTR FM NORMAL -2 [PRESSURE DATA]
TOTAL FM JAN 1 0 HIGHEST SLP 30.65 ON 3
DPTR FM NORMAL 0 LOWEST SLP 29.28 ON 14
[REMARKS]
#FINAL-02-23#