000
CXUS54 KMEG 011000
CF6TUP
PRELIMINARY LOCAL CLIMATOLOGICAL DATA (WS FORM: F-6)
STATION: TUPELO
MONTH: JANUARY
YEAR: 2024
LATITUDE: 34 16 N
LONGITUDE: 88 46 W
TEMPERATURE IN F: :PCPN: SNOW: WIND :SUNSHINE: SKY :PK WND
================================================================================
1 2 3 4 5 6A 6B 7 8 9 10 11 12 13 14 15 16 17 18
12Z AVG MX 2MIN
DY MAX MIN AVG DEP HDD CDD WTR SNW DPTH SPD SPD DIR MIN PSBL S-S WX SPD DR
================================================================================
1 45 28 37 -7 28 0 0.00 0.0 0 10.2 20 10 M M 1 35 10
2 47 23 35 -9 30 0 0.00 0.0 0 2.3 8 10 M M 0 9 360
3 43 27 35 -9 30 0 0.01 0.0 0 2.3 8 360 M M 4 1 11 350
4 44 23 34 -10 31 0 0.00 0.0 0 5.9 17 20 M M 2 1 21 10
5 50 23 37 -6 28 0 0.41 0.0 0 7.0 18 170 M M 5 1 24 170
6 46 40 43 0 22 0 0.24 0.0 0 5.3 12 250 M M 10 1 19 250
7 56 31 44 1 21 0 0.01 0.0 0 3.4 12 250 M M 2 1 18 230
8 55 27 41 -2 24 0 1.49 0.0 0 12.6 30 140 M M 4 13 47 120
9 54 39 47 4 18 0 0.50 0.0 0 15.0 29 260 M M 4 13 41 250
10 52 28 40 -3 25 0 0.00 0.0 0 6.2 16 200 M M 0 21 270
11 65 34 50 7 15 0 0.00 0.0 0 8.1 20 170 M M 0 30 180
12 61 32 47 4 18 0 1.13 0.0 0 12.9 29 170 M M 7 1 42 180
13 47 29 38 -5 27 0 0.00 0.0 0 4.8 15 190 M M 0 21 280
14 34 22 28 -15 37 0 0.03 T 0 10.6 18 10 M M 6 1468 24 350
15 22 15 19 -24 46 0 0.46 1.0 T 13.6 20 360 M M 10 148 25 20
16 24 11 18 -25 47 0 0.00 0.0 1 8.9 21 350 M M 1 32 350
17 33 8 21 -22 44 0 0.00 0.0 1 4.3 10 180 M M 0 17 170
18 37 21 29 -14 36 0 0.15 T 0 6.7 15 170 M M 8 168 20 170
19 36 20 28 -15 37 0 0.00 0.0 0 10.4 23 350 M M 4 1 32 350
20 26 15 21 -22 44 0 0.00 0.0 0 9.8 22 10 M M 0 27 10
21 38 13 26 -17 39 0 0.00 0.0 0 4.5 12 50 M M 0 15 50
22 53 27 40 -3 25 0 0.00 0.0 0 8.1 15 170 M M 5 19 180
23 61 47 54 11 11 0 0.08 0.0 0 9.4 15 150 M M 9 1 22 140
24 63 58 61 18 4 0 2.53 0.0 0 6.2 18 150 M M 10 1238 28 140
25 64 52 58 14 7 0 0.87 0.0 0 4.5 15 90 M M 8 123 19 60
26 67 52 60 16 5 0 0.00 0.0 0 3.9 12 10 M M 5 12 14 350
27 67 47 57 13 8 0 0.94 0.0 0 10.2 29 250 M M 10 1 46 260
28 47 41 44 0 21 0 0.00 0.0 0 7.5 15 320 M M 10 25 290
29 54 34 44 0 21 0 0.00 0.0 0 3.9 9 360 M M 4 14 330
30 70 32 51 7 14 0 0.00 0.0 0 5.2 14 320 M M 1 28 250
31 57 35 46 2 19 0 0.00 0.0 0 5.7 16 30 M M 0 22 360
================================================================================
SM 1518 934 782 0 8.85 1.0 229.4 M 130
================================================================================
AV 49.0 30.1 7.4 FASTST M M 4 MAX(MPH)
MISC ----> 30 140 47 120
================================================================================
NOTES:
# LAST OF SEVERAL OCCURRENCES
COLUMN 17 PEAK WIND IN M.P.H.
PRELIMINARY LOCAL CLIMATOLOGICAL DATA (WS FORM: F-6) , PAGE 2
STATION: TUPELO
MONTH: JANUARY
YEAR: 2024
LATITUDE: 34 16 N
LONGITUDE: 88 46 W
[TEMPERATURE DATA] [PRECIPITATION DATA] SYMBOLS USED IN COLUMN 16
AVERAGE MONTHLY: 39.5 TOTAL FOR MONTH: 8.85 1 = FOG OR MIST
DPTR FM NORMAL: -3.9 DPTR FM NORMAL: 4.03 2 = FOG REDUCING VISIBILITY
HIGHEST: 70 ON 30 GRTST 24HR 2.53 ON 24-24 TO 1/4 MILE OR LESS
LOWEST: 8 ON 17 3 = THUNDER
SNOW, ICE PELLETS, HAIL 4 = ICE PELLETS
TOTAL MONTH: 1.0 INCH 5 = HAIL
GRTST 24HR 1.0 ON 15-15 6 = FREEZING RAIN OR DRIZZLE
GRTST DEPTH: 1 ON 17,16 7 = DUSTSTORM OR SANDSTORM:
VSBY 1/2 MILE OR LESS
8 = SMOKE OR HAZE
[NO. OF DAYS WITH] [WEATHER - DAYS WITH] 9 = BLOWING SNOW
X = TORNADO
MAX 32 OR BELOW: 3 0.01 INCH OR MORE: 14
MAX 90 OR ABOVE: 0 0.10 INCH OR MORE: 10
MIN 32 OR BELOW: 20 0.50 INCH OR MORE: 6
MIN 0 OR BELOW: 0 1.00 INCH OR MORE: 3
[HDD (BASE 65) ]
TOTAL THIS MO. 782 CLEAR (SCALE 0-3) 13
DPTR FM NORMAL 111 PTCLDY (SCALE 4-7) 11
TOTAL FM JUL 1 1666 CLOUDY (SCALE 8-10) 7
DPTR FM NORMAL -94
[CDD (BASE 65) ]
TOTAL THIS MO. 0
DPTR FM NORMAL -1 [PRESSURE DATA]
TOTAL FM JAN 1 0 HIGHEST SLP 30.67 ON 21
DPTR FM NORMAL -1 LOWEST SLP 29.32 ON 12
[REMARKS]
#FINAL-01-24#