000
CXUS53 KAPX 010730
CF6TVC
PRELIMINARY LOCAL CLIMATOLOGICAL DATA (WS FORM: F-6)
STATION: TRAVERSE CITY MI
MONTH: AUGUST
YEAR: 2022
LATITUDE: 44 44 N
LONGITUDE: 85 34 W
TEMPERATURE IN F: :PCPN: SNOW: WIND :SUNSHINE: SKY :PK WND
================================================================================
1 2 3 4 5 6A 6B 7 8 9 10 11 12 13 14 15 16 17 18
12Z AVG MX 2MIN
DY MAX MIN AVG DEP HDD CDD WTR SNW DPTH SPD SPD DIR MIN PSBL S-S WX SPD DR
================================================================================
1 81 65 73 3 0 8 0.33 M M 8.1 21 310 M M 8 13 30 320
2 84 59 72 2 0 7 0.00 M M 6.1 12 170 M M 4 20 150
3 82 71 77 7 0 12 0.87 M M 9.7 22 230 M M 8 13 35 230
4 79 62 71 1 0 6 0.00 M M 4.8 13 30 M M 3 18 40
5 86 57 72 2 0 7 0.00 M M 3.2 10 20 M M 3 18 10
6 93 70 82 12 0 17 0.00 M M 6.9 18 270 M M 4 24 270
7 82 68 75 5 0 10 0.79 M M 5.7 17 260 M M 8 138 24 260
8 72 63 68 -2 0 3 0.88 M M 7.9 18 350 M M 9 1 28 340
9 77 56 67 -3 0 2 0.00 M M 3.6 12 30 M M 3 16 10
10 86 56 71 1 0 6 0.00 M M 7.2 18 280 M M 2 25 290
11 73 53 63 -7 2 0 0.00 M M 5.8 17 10 M M 1 28 10
12 78 48 63 -7 2 0 0.00 M M 3.7 13 340 M M 4 21 30
13 65 58 62 -8 3 0 0.13 M M 3.1 10 190 M M 9 18 18 200
14 74 60 67 -3 0 2 0.00 M M 3.2 12 90 M M 9 20 10
15 80 56 68 -2 0 3 0.00 M M 4.2 13 10 M M 4 1 19 360
16 81 53 67 -2 0 2 0.00 M M 4.0 14 10 M M 1 22 360
17 82 53 68 -1 0 3 0.00 M M 2.9 12 350 M M 1 17 20
18 85 55 70 1 0 5 0.00 M M 5.2 16 230 M M 4 24 220
19 84 64 74 5 0 9 0.01 M M 4.5 23 230 M M 5 3 35 220
20 80 66 73 4 0 8 0.27 M M 3.5 12 260 M M 6 1 16 260
21 79 65 72 3 0 7 0.00 M M 4.3 13 340 M M 6 1 19 10
22 77 57 67 -2 0 2 0.00 M M 3.7 12 10 M M 1 18 360
23 82 56 69 1 0 4 0.00 M M 2.6 12 20 M M 3 1 17 30
24 83 62 73 5 0 8 0.09 M M 3.2 14 20 M M 5 3 19 30
25 74 66 70 2 0 5 0.02 M M 4.6 14 10 M M 8 19 30
26 75 57 66 -2 0 1 0.00 M M 6.6 14 30 M M 4 22 10
27 83 55 69 1 0 4 0.00 M M 5.1 14 210 M M 4 23 220
28 85 66 76 8 0 11 0.02 M M 6.2 15 180 M M 6 23 170
29 79 72 76 9 0 11 0.22 M M 7.8 16 200 M M 9 138 30 200
30 77 60 69 2 0 4 T M M 9.2 22 300 M M 4 30 290
31 80 56 68 1 0 3 0.00 M M 9.1 24 280 M M 3 34 290
================================================================================
SM 2478 1865 7 170 3.63 M 165.7 M 149
================================================================================
AV 79.9 60.2 5.3 FASTST M M 5 MAX(MPH)
MISC ----> 24 280 # 35 230
================================================================================
NOTES:
# LAST OF SEVERAL OCCURRENCES
COLUMN 17 PEAK WIND IN M.P.H.
PRELIMINARY LOCAL CLIMATOLOGICAL DATA (WS FORM: F-6) , PAGE 2
STATION: TRAVERSE CITY MI
MONTH: AUGUST
YEAR: 2022
LATITUDE: 44 44 N
LONGITUDE: 85 34 W
[TEMPERATURE DATA] [PRECIPITATION DATA] SYMBOLS USED IN COLUMN 16
AVERAGE MONTHLY: 70.0 TOTAL FOR MONTH: 3.63 1 = FOG OR MIST
DPTR FM NORMAL: 0.8 DPTR FM NORMAL: 0.65 2 = FOG REDUCING VISIBILITY
HIGHEST: 93 ON 6 GRTST 24HR 1.38 ON 7- 8 TO 1/4 MILE OR LESS
LOWEST: 48 ON 12 3 = THUNDER
SNOW, ICE PELLETS, HAIL 4 = ICE PELLETS
TOTAL MONTH: M 5 = HAIL
GRTST 24HR M ON M 6 = FREEZING RAIN OR DRIZZLE
GRTST DEPTH: M ON M 7 = DUSTSTORM OR SANDSTORM:
VSBY 1/2 MILE OR LESS
8 = SMOKE OR HAZE
[NO. OF DAYS WITH] [WEATHER - DAYS WITH] 9 = BLOWING SNOW
X = TORNADO
MAX 32 OR BELOW: 0 0.01 INCH OR MORE: 11
MAX 90 OR ABOVE: 1 0.10 INCH OR MORE: 7
MIN 32 OR BELOW: 0 0.50 INCH OR MORE: 3
MIN 0 OR BELOW: 0 1.00 INCH OR MORE: 0
[HDD (BASE 65) ]
TOTAL THIS MO. 7 CLEAR (SCALE 0-3) 10
DPTR FM NORMAL -18 PTCLDY (SCALE 4-7) 16
TOTAL FM JUL 1 8 CLOUDY (SCALE 8-10) 5
DPTR FM NORMAL -36
[CDD (BASE 65) ]
TOTAL THIS MO. 170
DPTR FM NORMAL 17 [PRESSURE DATA]
TOTAL FM JAN 1 587 HIGHEST SLP 30.27 ON 12
DPTR FM NORMAL 117 LOWEST SLP 29.61 ON 3
[REMARKS]
#FINAL-08-22#