181
CXUS55 KBOI 011002
CF6TWF
PRELIMINARY LOCAL CLIMATOLOGICAL DATA (WS FORM: F-6)
STATION: TWIN FALLS ID
MONTH: MARCH
YEAR: 2021
LATITUDE: 42 28 N
LONGITUDE: 114 29 W
TEMPERATURE IN F: :PCPN: SNOW: WIND :SUNSHINE: SKY :PK WND
================================================================================
1 2 3 4 5 6A 6B 7 8 9 10 11 12 13 14 15 16 17 18
12Z AVG MX 2MIN
DY MAX MIN AVG DEP HDD CDD WTR SNW DPTH SPD SPD DIR MIN PSBL S-S WX SPD DR
================================================================================
1 51 17 34 -3 31 0 0.00 M M 4.6 13 210 M M 0 17 200
2 54 18 36 -2 29 0 0.00 M M 6.0 13 190 M M 0 16 60
3 57 24 41 3 24 0 0.00 M M 9.1 16 100 M M 0 1 22 70
4 58 26 42 4 23 0 0.00 M M 8.2 16 280 M M 0 24 300
5 63 29 46 7 19 0 0.00 M M 9.9 23 180 M M 0 30 200
6 59 30 45 6 20 0 0.00 M M 16.2 40 260 M M 2 54 260
7 56 23 40 1 25 0 0.00 M M 7.0 13 40 M M 0 19 50
8 51 23 37 -3 28 0 0.02 M M 8.2 24 290 M M 4 32 300
9 45 25 35 -5 30 0 0.00 M M 5.9 14 60 M M 2 19 60
10 48 23 36 -4 29 0 0.00 M M 8.4 13 170 M M 0 18 180
11 49 19 34 -7 31 0 0.00 M M 9.7 21 80 M M 0 8 29 50
12 50 19 35 -6 30 0 0.00 M M 8.0 14 360 M M 0 18 10
13 53 24 39 -2 26 0 0.00 M M 11.7 18 330 M M 0 23 300
14 62 31 47 5 18 0 0.00 M M 10.3 16 210 M M 0 22 230
15 63 32 48 6 17 0 0.00 M M 11.2 24 100 M M 5 32 110
16 52 29 41 -1 24 0 0.00 M M 12.1 18 280 M M 2 26 300
17 59 30 45 3 20 0 0.00 M M 9.5 20 170 M M 1 8 28 190
18 68 34 51 8 14 0 0.00 M M 10.5 24 170 M M 3 8 34 230
19 61 40 51 8 14 0 0.27 M M 9.7 18 200 M M 6 1 41 210
20 47 33 40 -3 25 0 0.17 M M 14.9 33 280 M M 5 1 42 290
21 46 29 38 -5 27 0 0.00 M M 13.8 24 280 M M 2 8 32 290
22 46 31 39 -5 26 0 0.01 M M 15.5 24 280 M M 6 128 37 290
23 44 28 36 -8 29 0 0.01 M M 12.5 24 270 M M 6 1 33 260
24 46 28 37 -7 28 0 0.00 M M 12.5 21 260 M M 5 35 270
25 42 32 37 -7 28 0 0.05 M M 13.2 21 290 M M 8 18 29 290
26 50 31 41 -3 24 0 T M M 15.3 28 280 M M 5 39 280
27 59 33 46 2 19 0 0.00 M M 10.9 17 300 M M 0 8 25 230
28 70 39 55 10 10 0 0.00 M M 17.6 30 220 M M 0 8 49 200
29 59 28 44 -1 21 0 T M M 26.5 46 300 M M 4 8 70 290
30 44 22 33 -12 32 0 0.00 M M 16.1 26 300 M M 0 41 280
31 56 24 40 -5 25 0 0.00 M M 6.9 16 210 M M 0 8 21 210
================================================================================
SM 1668 854 746 0 0.53 M 351.9 M 66
================================================================================
AV 53.8 27.5 11.4 FASTST M M 2 MAX(MPH)
MISC ----> 46 300 70 290
================================================================================
NOTES:
# LAST OF SEVERAL OCCURRENCES
COLUMN 17 PEAK WIND IN M.P.H.
PRELIMINARY LOCAL CLIMATOLOGICAL DATA (WS FORM: F-6) , PAGE 2
STATION: TWIN FALLS ID
MONTH: MARCH
YEAR: 2021
LATITUDE: 42 28 N
LONGITUDE: 114 29 W
[TEMPERATURE DATA] [PRECIPITATION DATA] SYMBOLS USED IN COLUMN 16
AVERAGE MONTHLY: 40.7 TOTAL FOR MONTH: 0.53 1 = FOG OR MIST
DPTR FM NORMAL: -1.0 DPTR FM NORMAL: -0.51 2 = FOG REDUCING VISIBILITY
HIGHEST: 70 ON 28 GRTST 24HR 0.27 ON 19-19 TO 1/4 MILE OR LESS
LOWEST: 17 ON 1 3 = THUNDER
SNOW, ICE PELLETS, HAIL 4 = ICE PELLETS
TOTAL MONTH: M 5 = HAIL
GRTST 24HR M ON M 6 = FREEZING RAIN OR DRIZZLE
GRTST DEPTH: M ON M 7 = DUSTSTORM OR SANDSTORM:
VSBY 1/2 MILE OR LESS
8 = SMOKE OR HAZE
[NO. OF DAYS WITH] [WEATHER - DAYS WITH] 9 = BLOWING SNOW
X = TORNADO
MAX 32 OR BELOW: 0 0.01 INCH OR MORE: 6
MAX 90 OR ABOVE: 0 0.10 INCH OR MORE: 2
MIN 32 OR BELOW: 26 0.50 INCH OR MORE: 0
MIN 0 OR BELOW: 0 1.00 INCH OR MORE: 0
[HDD (BASE 65) ]
TOTAL THIS MO. 746 CLEAR (SCALE 0-3) 21
DPTR FM NORMAL 24 PTCLDY (SCALE 4-7) 10
TOTAL FM JUL 1 5059 CLOUDY (SCALE 8-10) 0
DPTR FM NORMAL -229
[CDD (BASE 65) ]
TOTAL THIS MO. 0
DPTR FM NORMAL 0 [PRESSURE DATA]
TOTAL FM JAN 1 0 HIGHEST SLP 30.51 ON 31
DPTR FM NORMAL 0 LOWEST SLP 29.54 ON 15
[REMARKS]
#FINAL-03-21#