000
CXUS54 KSHV 011500
CF6TYR
PRELIMINARY LOCAL CLIMATOLOGICAL DATA (WS FORM: F-6)
STATION: TYLER
MONTH: MARCH
YEAR: 2020
LATITUDE: 32 22 N
LONGITUDE: 95 24 W
TEMPERATURE IN F: :PCPN: SNOW: WIND :SUNSHINE: SKY :PK WND
================================================================================
1 2 3 4 5 6A 6B 7 8 9 10 11 12 13 14 15 16 17 18
12Z AVG MX 2MIN
DY MAX MIN AVG DEP HDD CDD WTR SNW DPTH SPD SPD DIR MIN PSBL S-S WX SPD DR
================================================================================
1 71 56 64 10 1 0 0.00 0.0 0 16.0 25 180 M M 7 33 180
2 73 63 68 14 0 3 0.00 0.0 0 9.8 20 180 M M 7 18 25 180
3 72 62 67 13 0 2 T 0.0 0 5.7 14 330 M M 5 18 17 190
4 62 52 57 3 8 0 1.35 0.0 0 14.5 30 80 M M 10 13 42 80
5 72 47 60 5 5 0 0.03 0.0 0 8.6 17 340 M M 3 25 350
6 69 41 55 0 10 0 0.00 0.0 0 7.3 20 30 M M 0 25 20
7 62 42 52 -3 13 0 0.00 0.0 0 8.2 20 130 M M 1 24 130
8 72 43 58 3 7 0 0.00 0.0 0 11.6 21 170 M M 1 27 160
9 66 59 63 7 2 0 0.03 0.0 0 13.3 23 180 M M 8 1 30 180
10 82 61 72 16 0 7 0.01 0.0 0 6.0 14 200 M M 5 18 18 230
11 81 64 73 17 0 8 0.00 0.0 0 12.2 22 210 M M 3 26 240
12 83 65 74 18 0 9 0.00 0.0 0 12.6 22 200 M M 4 18 26 210
13 81 63 72 16 0 7 T 0.0 0 10.3 20 60 M M 8 1 24 110
14 79 60 70 14 0 5 0.01 0.0 0 8.0 23 180 M M 10 29 180
15 62 51 57 0 8 0 0.01 0.0 0 9.0 14 60 M M 9 1 26 340
16 66 51 59 2 6 0 0.02 0.0 0 5.2 17 120 M M 7 18 21 120
17 75 58 67 10 0 2 0.68 0.0 0 6.9 23 200 M M 10 138 27 200
18 80 67 74 17 0 9 T 0.0 0 11.7 20 180 M M 7 1 25 190
19 82 68 75 17 0 10 0.24 0.0 0 12.8 26 180 M M 6 13 35 180
20 70 47 59 1 6 0 1.31 0.0 0 8.1 33 300 M M 9 13 45 300
21 56 44 50 -8 15 0 0.41 0.0 0 8.3 23 110 M M 10 13 31 110
22 63 52 58 0 7 0 0.37 0.0 0 3.3 20 140 M M 9 1 24 140
23 70 60 65 7 0 0 T 0.0 0 6.1 13 180 M M 10 12 18 170
24 85 56 71 13 0 6 0.00 0.0 0 10.3 18 220 M M 5 25 220
25 87 53 70 11 0 5 0.00 0.0 0 5.9 16 200 M M 0 20 180
26 88 66 77 18 0 12 0.00 0.0 0 12.9 22 180 M M 1 1 28 170
27 88 69 79 20 0 14 0.00 0.0 0 14.0 28 200 M M 3 34 190
28 76 50 63 4 2 0 0.22 0.0 0 8.4 22 310 M M 5 138 29 320
29 74 47 61 1 4 0 0.04 0.0 0 4.1 13 340 M M 2 13 21 340
30 64 56 60 0 5 0 0.74 0.0 0 10.1 21 100 M M 9 13 25 90
31 66 49 58 -2 7 0 0.00 0.0 0 7.7 22 30 M M 7 1 27 320
================================================================================
SM 2277 1722 106 99 5.47 0.0 288.9 M 181
================================================================================
AV 73.5 55.6 9.3 FASTST M M 6 MAX(MPH)
MISC ----> # 33 300 # 45 300
================================================================================
NOTES:
# LAST OF SEVERAL OCCURRENCES
COLUMN 17 PEAK WIND IN M.P.H.
PRELIMINARY LOCAL CLIMATOLOGICAL DATA (WS FORM: F-6) , PAGE 2
STATION: TYLER
MONTH: MARCH
YEAR: 2020
LATITUDE: 32 22 N
LONGITUDE: 95 24 W
[TEMPERATURE DATA] [PRECIPITATION DATA] SYMBOLS USED IN COLUMN 16
AVERAGE MONTHLY: 64.5 TOTAL FOR MONTH: 5.47 1 = FOG OR MIST
DPTR FM NORMAL: 7.6 DPTR FM NORMAL: 1.35 2 = FOG REDUCING VISIBILITY
HIGHEST: 88 ON 27,26 GRTST 24HR 1.35 ON 4- 4 TO 1/4 MILE OR LESS
LOWEST: 41 ON 6 3 = THUNDER
SNOW, ICE PELLETS, HAIL 4 = ICE PELLETS
TOTAL MONTH: 0.0 INCH 5 = HAIL
GRTST 24HR 0.0 6 = FREEZING RAIN OR DRIZZLE
GRTST DEPTH: 0 7 = DUSTSTORM OR SANDSTORM:
VSBY 1/2 MILE OR LESS
8 = SMOKE OR HAZE
[NO. OF DAYS WITH] [WEATHER - DAYS WITH] 9 = BLOWING SNOW
X = TORNADO
MAX 32 OR BELOW: 0 0.01 INCH OR MORE: 15
MAX 90 OR ABOVE: 0 0.10 INCH OR MORE: 8
MIN 32 OR BELOW: 0 0.50 INCH OR MORE: 4
MIN 0 OR BELOW: 0 1.00 INCH OR MORE: 2
[HDD (BASE 65) ]
TOTAL THIS MO. 106 CLEAR (SCALE 0-3) 9
DPTR FM NORMAL -167 PTCLDY (SCALE 4-7) 13
TOTAL FM JUL 1 1763 CLOUDY (SCALE 8-10) 9
DPTR FM NORMAL -402
[CDD (BASE 65) ]
TOTAL THIS MO. 99
DPTR FM NORMAL 78 [PRESSURE DATA]
TOTAL FM JAN 1 106 HIGHEST SLP 30.53 ON 6
DPTR FM NORMAL 73 LOWEST SLP 29.67 ON 27
[REMARKS]
#FINAL-03-20#