000
CXUS56 KPQR 011201
CF6UAO
PRELIMINARY LOCAL CLIMATOLOGICAL DATA (WS FORM: F-6)
STATION: AURORA STATE OR
MONTH: OCTOBER
YEAR: 2023
LATITUDE: 45 15 N
LONGITUDE: 122 46 W
TEMPERATURE IN F: :PCPN: SNOW: WIND :SUNSHINE: SKY :PK WND
================================================================================
1 2 3 4 5 6A 6B 7 8 9 10 11 12 13 14 15 16 17 18
12Z AVG MX 2MIN
DY MAX MIN AVG DEP HDD CDD WTR SNW DPTH SPD SPD DIR MIN PSBL S-S WX SPD DR
================================================================================
1 71 41 56 -4 9 0 0.00 M M 1.8 10 360 M M 0 1 13 30
2 62 49 56 -4 9 0 0.16 M M 6.9 20 180 M M 9 18 25 210
3 71 54 63 4 2 0 0.01 M M 3.5 10 200 M M 7 18 15 200
4 69 50 60 1 5 0 0.00 M M 2.3 9 50 M M 5 13 40
5 79 52 66 7 0 1 0.00 M M 7.4 15 10 M M 1 1 19 10
6 88 63 76 18 0 11 0.00 M M 8.6 15 360 M M 0 20 360
7 82 52 67 9 0 2 0.00 M M 2.2 7 170 M M 0 8 9 220
8 79 50 65 7 0 0 0.00 M M 1.7 8 210 M M 0 12 220
9 63 53 58 1 7 0 0.12 M M 4.9 20 180 M M 6 1 26 180
10 64 53 59 2 6 0 0.48 M M 10.1 26 190 M M 8 1 37 180
11 63 53 58 2 7 0 0.36 M M 12.3 24 190 M M 10 18 36 190
12 72 54 63 7 2 0 0.00 M M 5.4 14 40 M M 5 18 30
13 66 47 57 1 8 0 0.13 M M 2.3 9 220 M M 5 14 210
14 62 52 57 2 8 0 0.03 M M 0.5 7 180 M M 8 1 7 180
15 70 53 62 7 3 0 0.00 M M 2.3 8 350 M M 2 1 10 10
16 69 51 60 5 5 0 0.44 M M 6.8 24 190 M M 6 1 31 180
17 69 48 59 5 6 0 0.00 M M 1.6 8 20 M M 4 12 14 50
18 72 46 59 5 6 0 0.00 M M 0.9 6 320 M M 4 128 7 350
19 71 46 59 5 6 0 0.00 M M 0.5 6 170 M M 5 128 8 170
20 67 50 59 6 6 0 0.00 M M 2.3 9 350 M M 6 12 12 360
21 59 49 54 1 11 0 0.01 M M 2.3 9 170 M M 10 12 12 180
22 62 53 58 5 7 0 0.01 M M 0.4 5 60 M M 10 1 7 250
23 58 50 54 2 11 0 T M M 1.8 7 190 M M 10 9 180
24 50 47 49 -3 16 0 0.49 M M 6.7 23 180 M M 10 1 28 170
25 48 45 47 -5 18 0 0.26 M M 6.8 16 190 M M 10 1 23 190
26 52 41 47 -5 18 0 0.00 M M 4.1 10 180 M M 9 1 12 170
27 54 36 45 -6 20 0 0.00 M M 9.1 15 40 M M 4 1 18 30
28 55 36 46 -5 19 0 0.00 M M 11.7 20 10 M M 0 23 10
29 59 28 44 -7 21 0 0.00 M M 6.9 14 40 M M 0 17 40
30 61 29 45 -5 20 0 0.00 M M 2.9 10 20 M M 0 12 10
31 58 32 45 -5 20 0 0.00 M M 0.4 6 160 M M 1 18 7 40
================================================================================
SM 2025 1463 276 14 2.50 M 137.4 M 155
================================================================================
AV 65.3 47.2 4.4 FASTST M M 5 MAX(MPH)
MISC ----> 26 190 37 180
================================================================================
NOTES:
# LAST OF SEVERAL OCCURRENCES
COLUMN 17 PEAK WIND IN M.P.H.
PRELIMINARY LOCAL CLIMATOLOGICAL DATA (WS FORM: F-6) , PAGE 2
STATION: AURORA STATE OR
MONTH: OCTOBER
YEAR: 2023
LATITUDE: 45 15 N
LONGITUDE: 122 46 W
[TEMPERATURE DATA] [PRECIPITATION DATA] SYMBOLS USED IN COLUMN 16
AVERAGE MONTHLY: 56.3 TOTAL FOR MONTH: 2.50 1 = FOG OR MIST
DPTR FM NORMAL: 1.4 DPTR FM NORMAL: -1.20 2 = FOG REDUCING VISIBILITY
HIGHEST: 88 ON 6 GRTST 24HR 0.65 ON 10-11 TO 1/4 MILE OR LESS
LOWEST: 28 ON 29 3 = THUNDER
SNOW, ICE PELLETS, HAIL 4 = ICE PELLETS
TOTAL MONTH: M 5 = HAIL
GRTST 24HR M ON M 6 = FREEZING RAIN OR DRIZZLE
GRTST DEPTH: M ON M 7 = DUSTSTORM OR SANDSTORM:
VSBY 1/2 MILE OR LESS
8 = SMOKE OR HAZE
[NO. OF DAYS WITH] [WEATHER - DAYS WITH] 9 = BLOWING SNOW
X = TORNADO
MAX 32 OR BELOW: 0 0.01 INCH OR MORE: 12
MAX 90 OR ABOVE: 0 0.10 INCH OR MORE: 8
MIN 32 OR BELOW: 3 0.50 INCH OR MORE: 0
MIN 0 OR BELOW: 0 1.00 INCH OR MORE: 0
[HDD (BASE 65) ]
TOTAL THIS MO. 276 CLEAR (SCALE 0-3) 10
DPTR FM NORMAL -41 PTCLDY (SCALE 4-7) 12
TOTAL FM JUL 1 360 CLOUDY (SCALE 8-10) 9
DPTR FM NORMAL -52
[CDD (BASE 65) ]
TOTAL THIS MO. 14
DPTR FM NORMAL 10 [PRESSURE DATA]
TOTAL FM JAN 1 678 HIGHEST SLP 30.47 ON 28
DPTR FM NORMAL 222 LOWEST SLP 29.49 ON 10
[REMARKS]
#FINAL-10-23#