000
CXUS53 KLSX 011546 CCA
CF6UIN
PRELIMINARY LOCAL CLIMATOLOGICAL DATA (WS FORM: F-6)
STATION: QUINCY IL
MONTH: JULY
YEAR: 2020
LATITUDE: 39 57 N
LONGITUDE: 91 12 W
TEMPERATURE IN F: :PCPN: SNOW: WIND :SUNSHINE: SKY :PK WND
================================================================================
1 2 3 4 5 6A 6B 7 8 9 10 11 12 13 14 15 16 17 18
12Z AVG MX 2MIN
DY MAX MIN AVG DEP HDD CDD WTR SNW DPTH SPD SPD DIR MIN PSBL S-S WX SPD DR
================================================================================
1 82 69 76 0 0 11 1.00 0.0 0 5.8 22 290 M M 5 123 32 280
2 86 70 78 2 0 13 0.00 0.0 0 4.4 17 70 M M 5 23 60
3 84 73 79 3 0 14 0.11 0.0 0 7.2 15 100 M M 6 3 21 100
4 90 70 80 4 0 15 0.00 0.0 0 4.8 12 120 M M 1 14 110
5 91 71 81 5 0 16 0.00 0.0 0 4.3 9 90 M M 0 1 15 50
6 92 72 82 6 0 17 0.00 0.0 0 3.8 8 130 M M 0 11 160
7 93 73 83 7 0 18 0.00 0.0 0 2.8 8 200 M M 1 8 11 200
8 92 74 83 7 0 18 0.00 0.0 0 4.8 9 160 M M 0 18 13 160
9 92 71 82 6 0 17 T 0.0 0 10.1 23 330 M M 1 1 29 330
10 89 67 78 2 0 13 0.00 0.0 0 6.9 16 310 M M 0 23 320
11 93 70 82 6 0 17 0.00 0.0 0 7.6 17 260 M M 0 26 240
12 86 65 76 0 0 11 0.00 0.0 0 8.4 16 20 M M 2 21 20
13 86 64 75 -1 0 10 0.00 0.0 0 6.4 14 130 M M 0 21 130
14 88 68 78 2 0 13 0.00 0.0 0 9.2 20 140 M M 0 8 27 150
15 78 66 72 -4 0 7 0.86 0.0 0 8.4 24 310 M M 6 123 32 310
16 83 63 73 -3 0 8 0.00 0.0 0 2.9 13 160 M M 2 12 17 160
17 90 69 80 4 0 15 0.00 0.0 0 6.9 16 180 M M 1 25 170
18 93 73 83 7 0 18 0.00 0.0 0 11.2 22 190 M M 1 32 200
19 87 73 80 4 0 15 0.00 0.0 0 9.4 17 320 M M 2 25 230
20 84 67 76 0 0 11 T 0.0 0 5.2 12 80 M M 2 16 90
21 82 69 76 0 0 11 0.31 0.0 0 5.1 28 280 M M 5 13 37 280
22 85 69 77 1 0 12 0.00 0.0 0 5.9 12 330 M M 5 12 16 310
23 86 67 77 1 0 12 0.00 0.0 0 4.9 9 70 M M 1 12 50
24 88 68 78 2 0 13 0.00 0.0 0 6.9 12 110 M M 1 15 120
25 91 72 82 6 0 17 0.00 0.0 0 6.4 13 200 M M 1 1 18 130
26 92 74 83 7 0 18 0.12 0.0 0 8.0 24 250 M M 1 3 35 240
27 82 67 75 -1 0 10 0.51 0.0 0 4.4 13 300 M M 5 1 17 300
28 86 64 75 -1 0 10 0.00 0.0 0 5.4 12 190 M M 0 16 200
29 89 66 78 2 0 13 1.41 0.0 0 5.5 21 200 M M 2 123 31 220
30 77 70 74 -2 0 9 0.39 0.0 0 10.2 18 70 M M 8 1 24 50
31 77 67 72 -4 0 7 0.00 0.0 0 8.0 14 20 M M 7 18 20
================================================================================
SM 2694 2141 0 409 4.71 0.0 201.2 M 71
================================================================================
AV 86.9 69.1 6.5 FASTST M M 2 MAX(MPH)
MISC ----> 28 280 37 280
================================================================================
NOTES:
# LAST OF SEVERAL OCCURRENCES
COLUMN 17 PEAK WIND IN M.P.H.
PRELIMINARY LOCAL CLIMATOLOGICAL DATA (WS FORM: F-6) , PAGE 2
STATION: QUINCY IL
MONTH: JULY
YEAR: 2020
LATITUDE: 39 57 N
LONGITUDE: 91 12 W
[TEMPERATURE DATA] [PRECIPITATION DATA] SYMBOLS USED IN COLUMN 16
AVERAGE MONTHLY: 78.0 TOTAL FOR MONTH: 4.71 1 = FOG OR MIST
DPTR FM NORMAL: 1.9 DPTR FM NORMAL: 0.67 2 = FOG REDUCING VISIBILITY
HIGHEST: 93 ON 11,18 GRTST 24HR 1.80 ON 29-30 TO 1/4 MILE OR LESS
LOWEST: 63 ON 16 3 = THUNDER
SNOW, ICE PELLETS, HAIL 4 = ICE PELLETS
TOTAL MONTH: 0.0 INCH 5 = HAIL
GRTST 24HR 0.0 6 = FREEZING RAIN OR DRIZZLE
GRTST DEPTH: 0 7 = DUSTSTORM OR SANDSTORM:
VSBY 1/2 MILE OR LESS
8 = SMOKE OR HAZE
[NO. OF DAYS WITH] [WEATHER - DAYS WITH] 9 = BLOWING SNOW
X = TORNADO
MAX 32 OR BELOW: 0 0.01 INCH OR MORE: 8
MAX 90 OR ABOVE: 11 0.10 INCH OR MORE: 8
MIN 32 OR BELOW: 0 0.50 INCH OR MORE: 4
MIN 0 OR BELOW: 0 1.00 INCH OR MORE: 2
[HDD (BASE 65) ]
TOTAL THIS MO. 0 CLEAR (SCALE 0-3) 22
DPTR FM NORMAL 0 PTCLDY (SCALE 4-7) 8
TOTAL FM JUL 1 0 CLOUDY (SCALE 8-10) 1
DPTR FM NORMAL 0
[CDD (BASE 65) ]
TOTAL THIS MO. 409
DPTR FM NORMAL 66 [PRESSURE DATA]
TOTAL FM JAN 1 779 HIGHEST SLP 30.13 ON 24
DPTR FM NORMAL 123 LOWEST SLP 29.72 ON 9
[REMARKS]
#FINAL-07-20#