000
CXUS56 KEKA 011330
CF6UKI
PRELIMINARY LOCAL CLIMATOLOGICAL DATA (WS FORM: F-6)
STATION: UKIAH CA
MONTH: NOVEMBER
YEAR: 2021
LATITUDE: 39 7 N
LONGITUDE: 123 12 W
TEMPERATURE IN F: :PCPN: SNOW: WIND :SUNSHINE: SKY :PK WND
================================================================================
1 2 3 4 5 6A 6B 7 8 9 10 11 12 13 14 15 16 17 18
12Z AVG MX 2MIN
DY MAX MIN AVG DEP HDD CDD WTR SNW DPTH SPD SPD DIR MIN PSBL S-S WX SPD DR
================================================================================
1 60 52 56 -1 9 0 0.17 M M 4.9 15 170 M M 9 18 26 150
2 69 49 59 2 6 0 0.00 M M 1.7 8 150 M M 4 10 180
3 73 46 60 4 5 0 0.10 M M 4.7 15 130 M M 6 2 22 120
4 64 46 55 -1 10 0 0.14 M M 2.7 12 310 M M 6 1 15 300
5 58 40 49 -7 16 0 T M M 1.3 7 320 M M 5 2 8 320
6 61 43 52 -3 13 0 0.00 M M 2.6 14 320 M M 4 1 19 310
7 62 35 49 -6 16 0 0.00 M M 2.6 15 340 M M 0 20 350
8 60 36 48 -7 17 0 0.59 M M 3.5 17 140 M M 4 1 25 140
9 62 46 54 0 11 0 0.16 M M 2.5 9 340 M M 9 1 13 140
10 68 49 59 5 6 0 0.00 M M 0.9 7 280 M M 7 9 350
11 73 44 59 5 6 0 0.00 M M 0.6 6 270 M M 2 2 10 340
12 75 47 61 8 4 0 0.00 M M 0.6 6 270 M M 3 2 7 280
13 77 43 60 7 5 0 0.00 M M 0.5 6 340 M M 0 1 7 240
14 77 46 62 9 3 0 0.00 M M 0.3 5 310 M M 0 8 360
15 68 46 57 5 8 0 0.00 M M 1.6 14 360 M M 2 2 22 360
16 70 47 59 7 6 0 0.00 M M 2.1 7 350 M M 1 8 360
17 68 39 54 2 11 0 0.00 M M 0.7 6 280 M M 0 7 70
18 56 43 50 -1 15 0 T M M 1.2 9 10 M M 4 18 12 10
19 61 49 55 4 10 0 0.14 M M 0.7 6 340 M M 9 18 7 250
20 64 41 53 2 12 0 0.00 M M 2.4 7 350 M M 5 11 340
21 68 34 51 1 14 0 0.00 M M 1.0 6 280 M M 0 28 8 280
22 69 34 52 2 13 0 0.00 M M 0.6 7 340 M M 0 8 350
23 65 39 52 2 13 0 0.00 M M 2.0 14 310 M M 2 21 300
24 65 31 48 -1 17 0 0.00 M M 0.5 6 10 M M 0 8 10
25 67 32 50 1 15 0 0.00 M M 0.4 6 270 M M 0 M M
26 67 36 52 3 13 0 0.00 M M 0.4 7 320 M M 0 8 8 320
27 73 42 58 9 7 0 0.00 M M 0.7 5 300 M M 0 7 130
28 75 43 59 11 6 0 0.00 M M 0.3 5 270 M M 1 1 7 300
29 71 44 58 10 7 0 0.00 M M 0.8 12 260 M M M 2 M M
30 72 38 55 7 10 0 0.00 M M 1.3 7 290 M M 0 9 360
================================================================================
SM 2018 1260 304 0 1.30 M 46.1 M 83
================================================================================
AV 67.3 42.0 1.5 FASTST M M 3 MAX(MPH)
MISC ----> 17 140 26 150
================================================================================
NOTES:
# LAST OF SEVERAL OCCURRENCES
COLUMN 17 PEAK WIND IN M.P.H.
PRELIMINARY LOCAL CLIMATOLOGICAL DATA (WS FORM: F-6) , PAGE 2
STATION: UKIAH CA
MONTH: NOVEMBER
YEAR: 2021
LATITUDE: 39 7 N
LONGITUDE: 123 12 W
[TEMPERATURE DATA] [PRECIPITATION DATA] SYMBOLS USED IN COLUMN 16
AVERAGE MONTHLY: 54.6 TOTAL FOR MONTH: 1.30 1 = FOG OR MIST
DPTR FM NORMAL: 2.3 DPTR FM NORMAL: -2.24 2 = FOG REDUCING VISIBILITY
HIGHEST: 77 ON 14,13 GRTST 24HR 0.75 ON 8- 9 TO 1/4 MILE OR LESS
LOWEST: 31 ON 24 3 = THUNDER
SNOW, ICE PELLETS, HAIL 4 = ICE PELLETS
TOTAL MONTH: M 5 = HAIL
GRTST 24HR M ON M 6 = FREEZING RAIN OR DRIZZLE
GRTST DEPTH: M ON M 7 = DUSTSTORM OR SANDSTORM:
VSBY 1/2 MILE OR LESS
8 = SMOKE OR HAZE
[NO. OF DAYS WITH] [WEATHER - DAYS WITH] 9 = BLOWING SNOW
X = TORNADO
MAX 32 OR BELOW: 0 0.01 INCH OR MORE: 6
MAX 90 OR ABOVE: 0 0.10 INCH OR MORE: 6
MIN 32 OR BELOW: 2 0.50 INCH OR MORE: 1
MIN 0 OR BELOW: 0 1.00 INCH OR MORE: 0
[HDD (BASE 65) ]
TOTAL THIS MO. 304 CLEAR (SCALE 0-3) 16
DPTR FM NORMAL -79 PTCLDY (SCALE 4-7) 10
TOTAL FM JUL 1 485 CLOUDY (SCALE 8-10) 4
DPTR FM NORMAL -50
[CDD (BASE 65) ]
TOTAL THIS MO. 0
DPTR FM NORMAL 0 [PRESSURE DATA]
TOTAL FM JAN 1 1482 HIGHEST SLP 30.41 ON 25
DPTR FM NORMAL 477 LOWEST SLP 29.91 ON 9
[REMARKS]
#FINAL-11-21#