000
CXUS53 KSGF 010800
CF6UNO
PRELIMINARY LOCAL CLIMATOLOGICAL DATA (WS FORM: F-6)

                                          STATION:   WEST PLAINS MO
                                          MONTH:     MARCH
                                          YEAR:      2018
                                          LATITUDE:   36 52 N
                                          LONGITUDE:  91 55 W

  TEMPERATURE IN F:       :PCPN:    SNOW:  WIND      :SUNSHINE: SKY     :PK WND
================================================================================
1   2   3   4   5  6A  6B    7    8   9   10  11  12  13   14  15   16   17  18
                                     12Z  AVG MX 2MIN
DY MAX MIN AVG DEP HDD CDD  WTR  SNW DPTH SPD SPD DIR MIN PSBL S-S WX    SPD DR
================================================================================

 1  62  39  51   9  14   0 0.01    M    M 10.6 22 330   M    M   5        32 310
 2  57  27  42   0  23   0 0.00    M    M  5.7 10 110   M    M   0        20  90
 3  60  25  43   0  22   0 0.00    M    M  7.2 16 110   M    M   0 18     23 170
 4  60  36  48   5  17   0 0.20    M    M  8.6 16 150   M    M   6 13     25 160
 5  63  38  51   7  14   0 0.14    M    M  9.3 24 300   M    M   5 13     36 300
 6  53  33  43  -1  22   0    T    M    M 15.1 35 290   M    M   4        54 280
 7  47  27  37  -7  28   0 0.00    M    M 12.0 21 320   M    M   6        31 340
 8  49  23  36  -9  29   0 0.00    M    M  5.2 16 320   M    M   0        21 320
 9  63  26  45   0  20   0 0.07    M    M  4.8 12  50   M    M   3 13     16  50
10  56  38  47   2  18   0 0.04    M    M  7.3 13  40   M    M   4 1      19  90
11  55  33  44  -2  21   0 0.01    M    M 10.4 18 340   M    M   7 1      30 340
12  46  30  38  -8  27   0 0.00    M    M  8.7 16 320   M    M   3 1      23 300
13  53  25  39  -7  26   0 0.00    M    M  8.4 21 320   M    M   0 18     28 320
14  59  23  41  -6  24   0 0.00    M    M  5.4 14 260   M    M   0        23 280
15  74  37  56   9   9   0 0.00    M    M  8.6 20 260   M    M   1 8      30 250
16  64  51  58  10   7   0    T    M    M  9.0 16 110   M    M   8 1238   23 170
17  60  37  49   1  16   0 0.00    M    M  8.9 17 310   M    M   2 12     25 300
18  55  35  45  -3  20   0 0.11    M    M  5.4 12  60   M    M   7 1      18 140
19  57  43  50   1  15   0 0.71    M    M  7.8 21 110   M    M  10 13     30 110
20  54  38  46  -3  19   0 0.03    M    M 10.6 22 340   M    M  10 1      34 340
21  52  37  45  -4  20   0 0.00    M    M  8.8 17 330   M    M   6        25 330
22  63  28  46  -4  19   0 0.00    M    M  5.4 15 160   M    M   3        21 150
23  64  47  56   6   9   0 0.00    M    M  8.9 15 120   M    M   8        22 110
24  77  45  61  11   4   0 0.00    M    M 11.4 22 310   M    M   8        32 260
25  51  38  45  -6  20   0 0.00    M    M  7.6 15  30   M    M   7        20 100
26  58  41  50  -1  15   0 0.29    M    M  7.8 16 100   M    M   9 13     24 170
27  62  47  55   4  10   0 1.89    M    M  6.9 18 200   M    M  10 13     28 170
28  55  47  51  -1  14   0 0.20    M    M  2.6 12  30   M    M  10 12     15  20
29  55  43  49  -3  16   0 2.02    M    M  9.2 18  10   M    M  10 13     27  10
30  60  38  49  -3  16   0 0.00    M    M  6.1 15 320   M    M   1        27 290
31  66  40  53   0  12   0 0.05    M    M  8.9 17 200   M    M   7 1      29 200
================================================================================
SM 1810 1115       546   0  5.77    M    252.6          M      160
================================================================================
AV 58.4 36.0                               8.1 FASTST   M    M   5    MAX(MPH)
                                 MISC ---->  # 35 290               # 54  280
================================================================================
NOTES:
# LAST OF SEVERAL OCCURRENCES

COLUMN 17 PEAK WIND IN M.P.H.

PRELIMINARY LOCAL CLIMATOLOGICAL DATA (WS FORM: F-6) , PAGE 2

                                          STATION:  WEST PLAINS MO
                                          MONTH:    MARCH
                                          YEAR:     2018
                                          LATITUDE:   36 52 N
                                          LONGITUDE:  91 55 W

[TEMPERATURE DATA]      [PRECIPITATION DATA]       SYMBOLS USED IN COLUMN 16

AVERAGE MONTHLY: 47.2   TOTAL FOR MONTH:   5.77    1 = FOG OR MIST
DPTR FM NORMAL:  -0.3   DPTR FM NORMAL:    1.48    2 = FOG REDUCING VISIBILITY
HIGHEST:    77 ON 24    GRTST 24HR  2.02 ON 29-29      TO 1/4 MILE OR LESS
LOWEST:     23 ON 14, 8                            3 = THUNDER
                        SNOW, ICE PELLETS, HAIL    4 = ICE PELLETS
                        TOTAL MONTH:    M          5 = HAIL
                        GRTST 24HR    M  ON   M    6 = FREEZING RAIN OR DRIZZLE
                        GRTST DEPTH:  M  ON   M    7 = DUSTSTORM OR SANDSTORM:
                                                       VSBY 1/2 MILE OR LESS
                                                   8 = SMOKE OR HAZE
[NO. OF DAYS WITH]      [WEATHER - DAYS WITH]      9 = BLOWING SNOW
                                                   X = TORNADO
MAX 32 OR BELOW:   0    0.01 INCH OR MORE:  14
MAX 90 OR ABOVE:   0    0.10 INCH OR MORE:   8
MIN 32 OR BELOW:   9    0.50 INCH OR MORE:   3
MIN  0 OR BELOW:   0    1.00 INCH OR MORE:   2

[HDD (BASE 65) ]
TOTAL THIS MO.   546    CLEAR  (SCALE 0-3)  10
DPTR FM NORMAL     0    PTCLDY (SCALE 4-7)  14
TOTAL FM JUL 1  3791    CLOUDY (SCALE 8-10)  7
DPTR FM NORMAL  -219

[CDD (BASE 65) ]
TOTAL THIS MO.     0
DPTR FM NORMAL    -4    [PRESSURE DATA]
TOTAL FM JAN 1     6    HIGHEST SLP M ON M
DPTR FM NORMAL     2    LOWEST  SLP 29.45 ON 19

[REMARKS]
#FINAL-03-18#
