000
CXUS53 KSGF 010710
CF6UNO
PRELIMINARY LOCAL CLIMATOLOGICAL DATA (WS FORM: F-6)
STATION: WEST PLAINS MO
MONTH: AUGUST
YEAR: 2023
LATITUDE: 36 52 N
LONGITUDE: 91 55 W
TEMPERATURE IN F: :PCPN: SNOW: WIND :SUNSHINE: SKY :PK WND
================================================================================
1 2 3 4 5 6A 6B 7 8 9 10 11 12 13 14 15 16 17 18
12Z AVG MX 2MIN
DY MAX MIN AVG DEP HDD CDD WTR SNW DPTH SPD SPD DIR MIN PSBL S-S WX SPD DR
================================================================================
1 80 69 75 -3 0 10 0.27 M M 5.9 12 330 M M 2 13 17 190
2 90 71 81 3 0 16 0.01 M M 7.1 14 170 M M 2 19 180
3 98 76 87 9 0 22 0.00 M M 4.2 14 250 M M 1 1 21 270
4 88 76 82 4 0 17 0.09 M M 6.8 15 160 M M 6 13 23 150
5 88 70 79 1 0 14 0.00 M M 4.4 21 270 M M 1 1 33 280
6 93 70 82 4 0 17 0.00 M M 6.8 16 250 M M 1 24 280
7 84 65 75 -3 0 10 0.00 M M 7.3 18 320 M M 3 25 310
8 89 63 76 -2 0 11 0.00 M M 3.7 13 220 M M 1 21 230
9 75 67 71 -7 0 6 1.16 M M 6.2 20 260 M M 7 13 30 270
10 88 66 77 -1 0 12 0.00 M M 2.1 10 170 M M 4 12 14 180
11 92 69 81 3 0 16 0.00 M M 4.1 12 220 M M 4 12 16 220
12 85 70 78 0 0 13 0.23 M M 4.3 15 210 M M 2 13 23 200
13 81 70 76 -2 0 11 0.20 M M 3.9 17 210 M M 4 13 29 230
14 83 63 73 -5 0 8 0.41 M M 6.8 20 230 M M 5 13 33 220
15 76 59 68 -9 0 3 0.00 M M 6.8 17 10 M M 6 27 350
16 79 56 68 -9 0 3 0.00 M M 3.2 9 170 M M 2 14 100
17 89 62 76 -1 0 11 0.00 M M 5.8 14 310 M M 0 21 280
18 86 58 72 -5 0 7 0.00 M M 3.9 9 110 M M 0 15 120
19 91 64 78 1 0 13 0.00 M M 6.1 12 150 M M 0 19 150
20 102 69 86 9 0 21 0.00 M M 2.9 10 190 M M 0 12 14 220
21 100 75 88 12 0 23 0.00 M M 2.8 10 190 M M 1 1 14 190
22 95 75 85 9 0 20 0.00 M M 2.3 9 170 M M 3 1 14 120
23 94 73 84 8 0 19 0.00 M M 2.5 9 210 M M 1 18 14 200
24 99 74 87 11 0 22 0.00 M M 4.1 13 210 M M 1 18 18 210
25 99 75 87 11 0 22 T M M 3.2 24 190 M M 1 13 36 190
26 95 72 84 8 0 19 0.10 M M 4.7 17 10 M M 3 13 29 20
27 80 69 75 0 0 10 0.00 M M 7.0 15 40 M M 9 1 22 30
28 88 64 76 1 0 11 0.00 M M 6.8 15 40 M M 5 1 20 20
29 90 57 74 -1 0 9 0.00 M M 2.6 13 20 M M 0 18 17 30
30 89 62 76 2 0 11 0.00 M M 7.1 17 40 M M 1 8 24 30
31 84 54 69 -5 0 4 0.00 M M 5.1 12 110 M M 0 17 80
================================================================================
SM 2750 2083 0 411 2.47 M 150.5 M 76
================================================================================
AV 88.7 67.2 4.9 FASTST M M 2 MAX(MPH)
MISC ----> 24 190 36 190
================================================================================
NOTES:
# LAST OF SEVERAL OCCURRENCES
COLUMN 17 PEAK WIND IN M.P.H.
PRELIMINARY LOCAL CLIMATOLOGICAL DATA (WS FORM: F-6) , PAGE 2
STATION: WEST PLAINS MO
MONTH: AUGUST
YEAR: 2023
LATITUDE: 36 52 N
LONGITUDE: 91 55 W
[TEMPERATURE DATA] [PRECIPITATION DATA] SYMBOLS USED IN COLUMN 16
AVERAGE MONTHLY: 78.0 TOTAL FOR MONTH: 2.47 1 = FOG OR MIST
DPTR FM NORMAL: 1.1 DPTR FM NORMAL: -0.89 2 = FOG REDUCING VISIBILITY
HIGHEST: 102 ON 20 GRTST 24HR 1.16 ON 9- 9 TO 1/4 MILE OR LESS
LOWEST: 54 ON 31 3 = THUNDER
SNOW, ICE PELLETS, HAIL 4 = ICE PELLETS
TOTAL MONTH: M 5 = HAIL
GRTST 24HR M ON M 6 = FREEZING RAIN OR DRIZZLE
GRTST DEPTH: M ON M 7 = DUSTSTORM OR SANDSTORM:
VSBY 1/2 MILE OR LESS
8 = SMOKE OR HAZE
[NO. OF DAYS WITH] [WEATHER - DAYS WITH] 9 = BLOWING SNOW
X = TORNADO
MAX 32 OR BELOW: 0 0.01 INCH OR MORE: 8
MAX 90 OR ABOVE: 13 0.10 INCH OR MORE: 6
MIN 32 OR BELOW: 0 0.50 INCH OR MORE: 1
MIN 0 OR BELOW: 0 1.00 INCH OR MORE: 1
[HDD (BASE 65) ]
TOTAL THIS MO. 0 CLEAR (SCALE 0-3) 22
DPTR FM NORMAL -1 PTCLDY (SCALE 4-7) 8
TOTAL FM JUL 1 0 CLOUDY (SCALE 8-10) 1
DPTR FM NORMAL 0
[CDD (BASE 65) ]
TOTAL THIS MO. 411
DPTR FM NORMAL 40 [PRESSURE DATA]
TOTAL FM JAN 1 1243 HIGHEST SLP M ON M
DPTR FM NORMAL 71 LOWEST SLP 29.70 ON 9
[REMARKS]
#FINAL-08-23#