000
CXUS53 KSGF 192000
CF6UNO
PRELIMINARY LOCAL CLIMATOLOGICAL DATA (WS FORM: F-6)
STATION: WEST PLAINS MO
MONTH: MAY
YEAR: 2023
LATITUDE: 36 52 N
LONGITUDE: 91 55 W
TEMPERATURE IN F: :PCPN: SNOW: WIND :SUNSHINE: SKY :PK WND
================================================================================
1 2 3 4 5 6A 6B 7 8 9 10 11 12 13 14 15 16 17 18
12Z AVG MX 2MIN
DY MAX MIN AVG DEP HDD CDD WTR SNW DPTH SPD SPD DIR MIN PSBL S-S WX SPD DR
================================================================================
1 65 39 52 -10 13 0 0.00 M M 10.0 23 320 M M 0 34 270
2 67 37 52 -10 13 0 0.00 M M 9.4 23 340 M M 0 34 340
3 72 41 57 -5 8 0 0.00 M M 4.3 13 330 M M 0 21 300
4 66 38 52 -10 13 0 0.19 M M 3.1 8 170 M M 5 1 10 150
5 60 54 57 -6 8 0 0.31 M M 8.4 16 130 M M 10 1 24 150
6 81 58 70 7 0 5 0.00 M M 9.6 18 160 M M 8 1 29 170
7 83 67 75 12 0 10 0.00 M M 7.2 17 200 M M 3 12 26 170
8 86 59 73 10 0 8 0.73 M M 6.9 23 350 M M 4 138 40 350
9 79 59 69 5 0 4 0.10 M M 6.1 17 320 M M 4 13 34 270
10 81 62 72 8 0 7 0.96 M M 7.0 20 160 M M 5 13 30 150
11 72 63 68 4 0 3 0.58 M M 7.6 15 110 M M 9 138 20 110
12 80 61 71 7 0 6 0.57 M M 6.7 21 320 M M 6 13 40 320
13 86 65 76 11 0 11 0.33 M M 5.9 22 310 M M 4 13 36 320
14 85 62 74 9 0 9 0.00 M M 3.1 14 200 M M 2 13 19 190
15 85 65 75 10 0 10 0.06 M M 4.1 13 160 M M 4 1 19 120
16 71 62 67 1 0 2 0.00 M M 6.2 13 330 M M 10 1 16 310
17 78 59 69 3 0 4 0.00 M M 3.3 10 40 M M 6 14 20
18 78 54 66 0 0 1 0.00 M M 1.9 9 160 M M 1 16 130
19 77 56 67 1 0 2 0.16 M M 4.6 20 20 M M 4 1 26 20
20 72 52 62 -5 3 0 T M M 7.6 15 20 M M 2 1 24 20
21 75 48 62 -5 3 0 0.00 M M 2.1 9 60 M M 0 1 13 100
22 78 47 63 -4 2 0 0.00 M M 3.6 10 80 M M 0 1 16 150
23 80 50 65 -3 0 0 0.00 M M 3.1 13 110 M M 2 17 140
24 83 56 70 2 0 5 0.00 M M 2.2 9 160 M M 1 1 16 130
25 83 54 69 1 0 4 0.00 M M 6.0 16 90 M M 2 24 100
26 77 51 64 -4 1 0 0.00 M M 5.6 13 100 M M 0 19 40
27 78 46 62 -7 3 0 0.00 M M 2.5 12 60 M M 0 16 40
28 80 51 66 -3 0 1 0.00 M M 1.4 9 10 M M 1 15 10
29 82 54 68 -1 0 3 0.00 M M 1.8 8 30 M M 2 13 220
30 85 55 70 0 0 5 0.00 M M 1.6 8 190 M M 1 13 90
31 85 58 72 2 0 7 0.00 M M 2.2 10 130 M M 2 16 120
================================================================================
SM 2410 1683 67 107 3.99 M 155.1 M 98
================================================================================
AV 77.7 54.3 5.0 FASTST M M 3 MAX(MPH)
MISC ----> # 23 320 # 40 350
================================================================================
NOTES:
# LAST OF SEVERAL OCCURRENCES
COLUMN 17 PEAK WIND IN M.P.H.
PRELIMINARY LOCAL CLIMATOLOGICAL DATA (WS FORM: F-6) , PAGE 2
STATION: WEST PLAINS MO
MONTH: MAY
YEAR: 2023
LATITUDE: 36 52 N
LONGITUDE: 91 55 W
[TEMPERATURE DATA] [PRECIPITATION DATA] SYMBOLS USED IN COLUMN 16
AVERAGE MONTHLY: 66.0 TOTAL FOR MONTH: 3.99 1 = FOG OR MIST
DPTR FM NORMAL: 0.4 DPTR FM NORMAL: -1.56 2 = FOG REDUCING VISIBILITY
HIGHEST: 86 ON 13, 8 GRTST 24HR 1.48 ON 10-11 TO 1/4 MILE OR LESS
LOWEST: 37 ON 2 3 = THUNDER
SNOW, ICE PELLETS, HAIL 4 = ICE PELLETS
TOTAL MONTH: M 5 = HAIL
GRTST 24HR M ON M 6 = FREEZING RAIN OR DRIZZLE
GRTST DEPTH: M ON M 7 = DUSTSTORM OR SANDSTORM:
VSBY 1/2 MILE OR LESS
8 = SMOKE OR HAZE
[NO. OF DAYS WITH] [WEATHER - DAYS WITH] 9 = BLOWING SNOW
X = TORNADO
MAX 32 OR BELOW: 0 0.01 INCH OR MORE: 10
MAX 90 OR ABOVE: 0 0.10 INCH OR MORE: 9
MIN 32 OR BELOW: 0 0.50 INCH OR MORE: 4
MIN 0 OR BELOW: 0 1.00 INCH OR MORE: 0
[HDD (BASE 65) ]
TOTAL THIS MO. 67 CLEAR (SCALE 0-3) 18
DPTR FM NORMAL -16 PTCLDY (SCALE 4-7) 10
TOTAL FM JUL 1 3889 CLOUDY (SCALE 8-10) 3
DPTR FM NORMAL -369
[CDD (BASE 65) ]
TOTAL THIS MO. 107
DPTR FM NORMAL 5 [PRESSURE DATA]
TOTAL FM JAN 1 121 HIGHEST SLP 30.20 ON 21
DPTR FM NORMAL -9 LOWEST SLP 29.78 ON 1
[REMARKS]
#FINAL-05-23#