000
CXUS53 KSGF 010810
CF6UNO
PRELIMINARY LOCAL CLIMATOLOGICAL DATA (WS FORM: F-6)
STATION: WEST PLAINS MO
MONTH: DECEMBER
YEAR: 2022
LATITUDE: 36 52 N
LONGITUDE: 91 55 W
TEMPERATURE IN F: :PCPN: SNOW: WIND :SUNSHINE: SKY :PK WND
================================================================================
1 2 3 4 5 6A 6B 7 8 9 10 11 12 13 14 15 16 17 18
12Z AVG MX 2MIN
DY MAX MIN AVG DEP HDD CDD WTR SNW DPTH SPD SPD DIR MIN PSBL S-S WX SPD DR
================================================================================
1 44 23 34 -7 31 0 0.00 M M 7.3 15 150 M M 2 22 160
2 56 41 49 8 16 0 0.00 M M 11.5 23 200 M M 10 34 180
3 56 26 41 0 24 0 0.00 M M 6.7 22 340 M M 2 33 310
4 45 28 37 -3 28 0 0.00 M M 4.5 9 180 M M 6 13 190
5 49 40 45 5 20 0 0.00 M M 4.5 9 160 M M 10 1 12 210
6 55 45 50 10 15 0 0.01 M M 4.1 8 110 M M 10 12 13 120
7 52 47 50 10 15 0 0.25 M M 4.1 9 40 M M 10 12 13 80
8 52 47 50 11 15 0 0.48 M M 4.6 16 100 M M 10 12 20 100
9 60 40 50 11 15 0 0.00 M M 5.4 15 270 M M 3 1 21 310
10 47 39 43 4 22 0 1.32 M M 4.6 13 110 M M 10 1 17 120
11 45 41 43 5 22 0 0.00 M M 4.9 9 110 M M 10 1 12 30
12 41 36 39 1 26 0 0.00 M M 7.2 15 110 M M 10 128 20 120
13 58 39 49 11 16 0 1.10 M M 8.4 16 120 M M 10 123 25 120
14 58 33 46 8 19 0 0.02 M M 7.8 25 270 M M 6 12 37 260
15 42 30 36 -2 29 0 0.00 M M 9.1 23 270 M M 4 31 280
16 41 28 35 -2 30 0 0.00 M M 12.1 25 270 M M 0 38 290
17 35 24 30 -7 35 0 0.00 M M 8.4 17 310 M M 2 28 300
18 46 21 34 -3 31 0 0.00 M M 4.5 12 280 M M 0 17 310
19 37 27 32 -5 33 0 0.00 M M 5.2 13 130 M M 7 18 110
20 51 30 41 5 24 0 0.00 M M 5.0 12 40 M M 6 17 30
21 45 23 34 -2 31 0 0.00 M M 5.3 12 140 M M 3 18 16 110
22 39 -7 16 -20 49 0 0.08 M M 12.6 29 310 M M 9 168 47 310
23 9 -7 1 -35 64 0 T M M 13.7 22 270 M M 4 8 35 290
24 26 5 16 -20 49 0 0.00 M M 10.7 16 300 M M 3 24 280
25 29 10 20 -16 45 0 0.00 M M 6.3 14 310 M M 1 21 310
26 41 20 31 -4 34 0 0.01 M M 8.5 18 330 M M 8 1 26 320
27 36 13 25 -10 40 0 0.00 M M 6.4 13 160 M M 2 18 150
28 58 27 43 8 22 0 0.00 M M 13.1 25 200 M M 0 41 180
29 68 54 61 26 4 0 0.08 M M 11.2 18 190 M M 9 13 28 210
30 61 37 49 14 16 0 0.68 M M 3.8 16 180 M M 6 13 27 160
31 53 33 43 8 22 0 0.00 M M 5.8 14 170 M M 6 1 20 150
================================================================================
SM 1435 893 842 0 4.03 M 227.3 M 179
================================================================================
AV 46.3 28.8 7.3 FASTST M M 6 MAX(MPH)
MISC ----> 29 310 47 310
================================================================================
NOTES:
# LAST OF SEVERAL OCCURRENCES
COLUMN 17 PEAK WIND IN M.P.H.
PRELIMINARY LOCAL CLIMATOLOGICAL DATA (WS FORM: F-6) , PAGE 2
STATION: WEST PLAINS MO
MONTH: DECEMBER
YEAR: 2022
LATITUDE: 36 52 N
LONGITUDE: 91 55 W
[TEMPERATURE DATA] [PRECIPITATION DATA] SYMBOLS USED IN COLUMN 16
AVERAGE MONTHLY: 37.5 TOTAL FOR MONTH: 4.03 1 = FOG OR MIST
DPTR FM NORMAL: 0.0 DPTR FM NORMAL: 0.91 2 = FOG REDUCING VISIBILITY
HIGHEST: 68 ON 29 GRTST 24HR 1.32 ON 10-10 TO 1/4 MILE OR LESS
LOWEST: -7 ON 23,22 3 = THUNDER
SNOW, ICE PELLETS, HAIL 4 = ICE PELLETS
TOTAL MONTH: M 5 = HAIL
GRTST 24HR M ON M 6 = FREEZING RAIN OR DRIZZLE
GRTST DEPTH: M ON M 7 = DUSTSTORM OR SANDSTORM:
VSBY 1/2 MILE OR LESS
8 = SMOKE OR HAZE
[NO. OF DAYS WITH] [WEATHER - DAYS WITH] 9 = BLOWING SNOW
X = TORNADO
MAX 32 OR BELOW: 3 0.01 INCH OR MORE: 10
MAX 90 OR ABOVE: 0 0.10 INCH OR MORE: 5
MIN 32 OR BELOW: 17 0.50 INCH OR MORE: 3
MIN 0 OR BELOW: 2 1.00 INCH OR MORE: 2
[HDD (BASE 65) ]
TOTAL THIS MO. 842 CLEAR (SCALE 0-3) 9
DPTR FM NORMAL -10 PTCLDY (SCALE 4-7) 11
TOTAL FM JUL 1 1647 CLOUDY (SCALE 8-10) 11
DPTR FM NORMAL -55
[CDD (BASE 65) ]
TOTAL THIS MO. 0
DPTR FM NORMAL 0 [PRESSURE DATA]
TOTAL FM JAN 1 1671 HIGHEST SLP M ON M
DPTR FM NORMAL 302 LOWEST SLP 29.60 ON 14
[REMARKS]
#FINAL-12-22#