000
CXUS53 KSGF 011309
CF6UNO
PRELIMINARY LOCAL CLIMATOLOGICAL DATA (WS FORM: F-6)
STATION: WEST PLAINS MO
MONTH: MAY
YEAR: 2022
LATITUDE: 36 52 N
LONGITUDE: 91 55 W
TEMPERATURE IN F: :PCPN: SNOW: WIND :SUNSHINE: SKY :PK WND
================================================================================
1 2 3 4 5 6A 6B 7 8 9 10 11 12 13 14 15 16 17 18
12Z AVG MX 2MIN
DY MAX MIN AVG DEP HDD CDD WTR SNW DPTH SPD SPD DIR MIN PSBL S-S WX SPD DR
================================================================================
1 75 48 62 0 3 0 0.00 M M 7.1 20 260 M M 0 33 270
2 63 47 55 -7 10 0 0.38 M M 7.8 18 160 M M 6 13 29 150
3 66 50 58 -4 7 0 0.06 M M 9.3 18 270 M M 8 13 28 280
4 57 50 54 -8 11 0 0.14 M M 7.1 14 110 M M 10 13 22 120
5 67 53 60 -3 5 0 1.60 M M 5.9 20 300 M M 9 13 34 320
6 65 53 59 -4 6 0 0.40 M M 9.2 18 310 M M 7 13 28 310
7 75 50 63 0 2 0 0.00 M M 5.9 15 30 M M 0 22 10
8 74 54 64 1 1 0 0.00 M M 10.4 22 160 M M 4 34 130
9 84 66 75 11 0 10 0.00 M M 11.9 23 190 M M 5 33 170
10 89 70 80 16 0 15 0.00 M M 8.9 17 190 M M 2 1 24 210
11 89 65 77 13 0 12 0.00 M M 3.5 14 180 M M 1 12 19 150
12 91 62 77 13 0 12 0.00 M M 2.3 9 170 M M 0 1 12 130
13 89 61 75 10 0 10 0.55 M M 5.4 25 20 M M 2 13 36 110
14 86 62 74 9 0 9 0.00 M M 3.4 12 360 M M 1 3 17 260
15 80 60 70 5 0 5 0.03 M M 1.9 14 330 M M 1 13 21 340
16 79 56 68 2 0 3 0.00 M M 3.5 12 20 M M 0 16 310
17 77 50 64 -2 1 0 0.00 M M 5.0 17 160 M M 0 25 170
18 86 62 74 8 0 9 0.22 M M 5.1 14 160 M M 2 13 23 160
19 82 63 73 7 0 8 0.03 M M 6.0 20 170 M M 2 1 30 160
20 84 69 77 10 0 12 T M M 11.6 22 180 M M 2 33 180
21 78 55 67 0 0 2 0.22 M M 8.8 20 320 M M 8 13 30 10
22 62 51 57 -10 8 0 0.00 M M 8.8 14 40 M M 9 21 40
23 63 51 57 -11 8 0 T M M 7.0 14 50 M M 9 21 80
24 66 56 61 -7 4 0 T M M 7.4 13 100 M M 10 18 19 90
25 75 60 68 0 0 3 M M M 9.5 21 170 M M 8 13 30 150
26 62 55 59 -9 6 0 M M M 6.3 15 280 M M 7 1 24 270
27 74 54 64 -5 1 0 0.00 M M 6.8 15 320 M M 5 1 23 300
28 78 48 63 -6 2 0 0.00 M M 5.8 15 160 M M 0 1 23 150
29 83 62 73 4 0 8 0.00 M M 11.1 18 160 M M 0 29 140
30 84 66 75 5 0 10 0.00 M M 12.2 23 180 M M 0 35 150
31 85 70 78 8 0 13 0.00 M M 9.0 18 190 M M 3 29 210
================================================================================
SM 2368 1779 75 141 3.63 M 223.9 M 121
================================================================================
AV 76.4 57.4 7.2 FASTST M M 4 MAX(MPH)
MISC ----> 25 20 36 110
================================================================================
NOTES:
# LAST OF SEVERAL OCCURRENCES
COLUMN 17 PEAK WIND IN M.P.H.
PRELIMINARY LOCAL CLIMATOLOGICAL DATA (WS FORM: F-6) , PAGE 2
STATION: WEST PLAINS MO
MONTH: MAY
YEAR: 2022
LATITUDE: 36 52 N
LONGITUDE: 91 55 W
[TEMPERATURE DATA] [PRECIPITATION DATA] SYMBOLS USED IN COLUMN 16
AVERAGE MONTHLY: 66.9 TOTAL FOR MONTH: 3.63 1 = FOG OR MIST
DPTR FM NORMAL: 1.3 DPTR FM NORMAL: -1.92 2 = FOG REDUCING VISIBILITY
HIGHEST: 91 ON 12 GRTST 24HR 1.88 ON 5- 6 TO 1/4 MILE OR LESS
LOWEST: 47 ON 2 3 = THUNDER
SNOW, ICE PELLETS, HAIL 4 = ICE PELLETS
TOTAL MONTH: M 5 = HAIL
GRTST 24HR M ON M 6 = FREEZING RAIN OR DRIZZLE
GRTST DEPTH: M ON M 7 = DUSTSTORM OR SANDSTORM:
VSBY 1/2 MILE OR LESS
8 = SMOKE OR HAZE
[NO. OF DAYS WITH] [WEATHER - DAYS WITH] 9 = BLOWING SNOW
X = TORNADO
MAX 32 OR BELOW: 0 0.01 INCH OR MORE: 10
MAX 90 OR ABOVE: 1 0.10 INCH OR MORE: 7
MIN 32 OR BELOW: 0 0.50 INCH OR MORE: 2
MIN 0 OR BELOW: 0 1.00 INCH OR MORE: 1
[HDD (BASE 65) ]
TOTAL THIS MO. 75 CLEAR (SCALE 0-3) 17
DPTR FM NORMAL -8 PTCLDY (SCALE 4-7) 8
TOTAL FM JUL 1 3725 CLOUDY (SCALE 8-10) 6
DPTR FM NORMAL -533
[CDD (BASE 65) ]
TOTAL THIS MO. 141
DPTR FM NORMAL 39 [PRESSURE DATA]
TOTAL FM JAN 1 165 HIGHEST SLP 30.32 ON 22
DPTR FM NORMAL 35 LOWEST SLP 29.51 ON 20
[REMARKS]
#FINAL-05-22#