000
CDUS43 KSGF 150626
CLIUNO


CLIMATE REPORT
NATIONAL WEATHER SERVICE SPRINGFIELD MO
126 AM CDT SUN APR 15 2018


...................................

...THE WEST PLAINS MO CLIMATE SUMMARY FOR APRIL 14 2018...

CLIMATE NORMAL PERIOD 1981 TO 2010
CLIMATE RECORD PERIOD 1947 TO 2018


WEATHER ITEM   OBSERVED TIME   RECORD YEAR NORMAL DEPARTURE LAST
                VALUE   (LST)  VALUE       VALUE  FROM      YEAR
                                                  NORMAL
..................................................................
TEMPERATURE (F)
 YESTERDAY
  MAXIMUM         60   1232 AM  85    2006  70    -10       81
  MINIMUM         39   1159 PM  22    1950  45     -6       59
  AVERAGE         50                        57     -7       70

PRECIPITATION (IN)
  YESTERDAY        0.06          2.20 1991   0.14  -0.08     0.00
  MONTH TO DATE    2.52                      1.92   0.60     1.45
  SINCE MAR 1      8.29                      6.21   2.08     7.74
  SINCE JAN 1     17.52                     11.77   5.75    12.37

DEGREE DAYS
 HEATING
  YESTERDAY       15                         9      6        0
  MONTH TO DATE  251                       147    104       84
  SINCE MAR 1    797                       693    104      513
  SINCE JUL 1   4042                      4157   -115     3162

 COOLING
  YESTERDAY        0                         1     -1        5
  MONTH TO DATE    5                         9     -4        8
  SINCE MAR 1      5                        13     -8       12
  SINCE JAN 1     11                        13     -2       13
..................................................................


WIND (MPH)
  HIGHEST WIND SPEED    24   HIGHEST WIND DIRECTION    SE (120)
  HIGHEST GUST SPEED    35   HIGHEST GUST DIRECTION     E (110)
  AVERAGE WIND SPEED    13.0


SKY COVER
  AVERAGE SKY COVER 0.8


WEATHER CONDITIONS
 THE FOLLOWING WEATHER WAS RECORDED YESTERDAY.
  LIGHT RAIN
  FOG


RELATIVE HUMIDITY (PERCENT)
 HIGHEST    93          1200 AM
 LOWEST     46           400 PM
 AVERAGE    70

..........................................................


THE WEST PLAINS MO CLIMATE NORMALS FOR TODAY
                         NORMAL    RECORD    YEAR
 MAXIMUM TEMPERATURE (F)   70        84      1967
 MINIMUM TEMPERATURE (F)   45        25      1950


SUNRISE AND SUNSET
APRIL 15 2018.........SUNRISE   634 AM CDT   SUNSET   742 PM CDT
APRIL 16 2018.........SUNRISE   632 AM CDT   SUNSET   743 PM CDT


-  INDICATES NEGATIVE NUMBERS.
R  INDICATES RECORD WAS SET OR TIED.
MM INDICATES DATA IS MISSING.
T  INDICATES TRACE AMOUNT.




$$
