697
CDUS43 KSGF 170626
CLIUNO


CLIMATE REPORT
NATIONAL WEATHER SERVICE SPRINGFIELD MO
126 AM CDT THU MAY 17 2018


...................................

...THE WEST PLAINS MO CLIMATE SUMMARY FOR MAY 16 2018...

CLIMATE NORMAL PERIOD 1981 TO 2010
CLIMATE RECORD PERIOD 1947 TO 2018


WEATHER ITEM   OBSERVED TIME   RECORD YEAR NORMAL DEPARTURE LAST
                VALUE   (LST)  VALUE       VALUE  FROM      YEAR
                                                  NORMAL
..................................................................
TEMPERATURE (F)
 YESTERDAY
  MAXIMUM         85    319 PM  88    2012  77      8       82
  MINIMUM         61    523 AM  34    1997  54      7       61
  AVERAGE         73                        65      8       72

PRECIPITATION (IN)
  YESTERDAY        0.12          0.94 2003   0.15  -0.03     0.00
  MONTH TO DATE    2.95                      2.95   0.00     3.31
  SINCE MAR 1     12.41                     11.72   0.69    27.53
  SINCE JAN 1     21.64                     17.28   4.36    32.16

DEGREE DAYS
 HEATING
  YESTERDAY        0                         3     -3        0
  MONTH TO DATE    0                        57    -57       63
  SINCE MAR 1    972                       855    117      654
  SINCE JUL 1   4217                      4319   -102     3303

 COOLING
  YESTERDAY        8                         3      5        7
  MONTH TO DATE   94                        32     62       34
  SINCE MAR 1     99                        60     39       62
  SINCE JAN 1    105                        60     45       63
..................................................................


WIND (MPH)
  HIGHEST WIND SPEED    16   HIGHEST WIND DIRECTION     N (350)
  HIGHEST GUST SPEED    22   HIGHEST GUST DIRECTION     N (350)
  AVERAGE WIND SPEED     4.0


SKY COVER
  AVERAGE SKY COVER 0.3


WEATHER CONDITIONS
 THE FOLLOWING WEATHER WAS RECORDED YESTERDAY.
  THUNDERSTORM
  LIGHT RAIN
  FOG


RELATIVE HUMIDITY (PERCENT)
 HIGHEST    97           500 AM
 LOWEST     55           100 PM
 AVERAGE    76

..........................................................


THE WEST PLAINS MO CLIMATE NORMALS FOR TODAY
                         NORMAL    RECORD    YEAR
 MAXIMUM TEMPERATURE (F)   77        90      2001
 MINIMUM TEMPERATURE (F)   55        37      1973


SUNRISE AND SUNSET
MAY 17 2018...........SUNRISE   558 AM CDT   SUNSET   810 PM CDT
MAY 18 2018...........SUNRISE   558 AM CDT   SUNSET   811 PM CDT


-  INDICATES NEGATIVE NUMBERS.
R  INDICATES RECORD WAS SET OR TIED.
MM INDICATES DATA IS MISSING.
T  INDICATES TRACE AMOUNT.




$$
