810
CDUS43 KSGF 212134
CLIUNO


CLIMATE REPORT
NATIONAL WEATHER SERVICE SPRINGFIELD MO
433 PM CDT SAT APR 21 2018


...................................

...THE WEST PLAINS MO CLIMATE SUMMARY FOR APRIL 21 2018...
VALID AS OF 0400 PM LOCAL TIME.

CLIMATE NORMAL PERIOD 1981 TO 2010
CLIMATE RECORD PERIOD 1947 TO 2018


WEATHER ITEM   OBSERVED TIME   RECORD YEAR NORMAL DEPARTURE LAST
                VALUE   (LST)  VALUE       VALUE  FROM      YEAR
                                                  NORMAL
..................................................................
TEMPERATURE (F)
 TODAY
  MAXIMUM         70    157 PM  91    1963  71     -1       59
  MINIMUM         44    329 AM  29    1953  47     -3       47
  AVERAGE         57                        59     -2       53

PRECIPITATION (IN)
  TODAY            0.00          3.98 1974   0.16  -0.16     2.69
  MONTH TO DATE    2.52                      3.01  -0.49     6.44
  SINCE MAR 1      8.29                      7.30   0.99    12.73
  SINCE JAN 1     17.52                     12.86   4.66    17.36

DEGREE DAYS
 HEATING
  TODAY            8                         7      1       12
  MONTH TO DATE  363                       201    162      100
  SINCE MAR 1    909                       747    162      529
  SINCE JUL 1   4154                      4211    -57     3178

 COOLING
  TODAY            0                         1     -1        0
  MONTH TO DATE    5                        16    -11       20
  SINCE MAR 1      5                        20    -15       24
  SINCE JAN 1     11                        20     -9       25
..................................................................


WIND (MPH)
  HIGHEST WIND SPEED    18   HIGHEST WIND DIRECTION    SE (120)
  HIGHEST GUST SPEED    27   HIGHEST GUST DIRECTION     E (110)


SKY COVER
  AVERAGE SKY COVER 0.1


WEATHER CONDITIONS
 THE FOLLOWING WEATHER WAS RECORDED TODAY.
  NO SIGNIFICANT WEATHER WAS OBSERVED.


RELATIVE HUMIDITY (PERCENT)
 HIGHEST    53           400 AM
 LOWEST     26          1200 PM
 AVERAGE    40

..........................................................


THE WEST PLAINS MO CLIMATE NORMALS FOR TOMORROW
                         NORMAL    RECORD    YEAR
 MAXIMUM TEMPERATURE (F)   72        91      1955
 MINIMUM TEMPERATURE (F)   47        29      1993


SUNRISE AND SUNSET
APRIL 21 2018.........SUNRISE   626 AM CDT   SUNSET   748 PM CDT
APRIL 22 2018.........SUNRISE   624 AM CDT   SUNSET   749 PM CDT


-  INDICATES NEGATIVE NUMBERS.
R  INDICATES RECORD WAS SET OR TIED.
MM INDICATES DATA IS MISSING.
T  INDICATES TRACE AMOUNT.




$$
