000
CDUS43 KSGF 160627
CLIUNO


CLIMATE REPORT
NATIONAL WEATHER SERVICE SPRINGFIELD MO
126 AM CDT WED MAY 16 2018


...................................

...THE WEST PLAINS MO CLIMATE SUMMARY FOR MAY 15 2018...

CLIMATE NORMAL PERIOD 1981 TO 2010
CLIMATE RECORD PERIOD 1947 TO 2018


WEATHER ITEM   OBSERVED TIME   RECORD YEAR NORMAL DEPARTURE LAST
                VALUE   (LST)  VALUE       VALUE  FROM      YEAR
                                                  NORMAL
..................................................................
TEMPERATURE (F)
 YESTERDAY
  MAXIMUM         83   1151 AM  87    1957  76      7       81
  MINIMUM         64    347 AM  35    1959  54     10       55
  AVERAGE         74                        65      9       68

PRECIPITATION (IN)
  YESTERDAY        0.08          1.61 1956   0.15  -0.07     0.00
  MONTH TO DATE    2.83                      2.80   0.03     3.31
  SINCE MAR 1     12.29                     11.57   0.72    27.53
  SINCE JAN 1     21.52                     17.13   4.39    32.16

DEGREE DAYS
 HEATING
  YESTERDAY        0                         3     -3        0
  MONTH TO DATE    0                        54    -54       63
  SINCE MAR 1    972                       852    120      654
  SINCE JUL 1   4217                      4316    -99     3303

 COOLING
  YESTERDAY        9                         3      6        3
  MONTH TO DATE   86                        29     57       27
  SINCE MAR 1     91                        57     34       55
  SINCE JAN 1     97                        57     40       56
..................................................................


WIND (MPH)
  HIGHEST WIND SPEED    16   HIGHEST WIND DIRECTION    NW (310)
  HIGHEST GUST SPEED    25   HIGHEST GUST DIRECTION     W (280)
  AVERAGE WIND SPEED     4.2


SKY COVER
  AVERAGE SKY COVER 0.1


WEATHER CONDITIONS
 THE FOLLOWING WEATHER WAS RECORDED YESTERDAY.
  THUNDERSTORM
  LIGHT RAIN
  FOG


RELATIVE HUMIDITY (PERCENT)
 HIGHEST    93           200 AM
 LOWEST     55           100 PM
 AVERAGE    74

..........................................................


THE WEST PLAINS MO CLIMATE NORMALS FOR TODAY
                         NORMAL    RECORD    YEAR
 MAXIMUM TEMPERATURE (F)   77        88      2012
 MINIMUM TEMPERATURE (F)   54        34      1997


SUNRISE AND SUNSET
MAY 16 2018...........SUNRISE   559 AM CDT   SUNSET   809 PM CDT
MAY 17 2018...........SUNRISE   558 AM CDT   SUNSET   810 PM CDT


-  INDICATES NEGATIVE NUMBERS.
R  INDICATES RECORD WAS SET OR TIED.
MM INDICATES DATA IS MISSING.
T  INDICATES TRACE AMOUNT.




$$
