201
CDUS43 KSGF 200645
CLIUNO


CLIMATE REPORT
NATIONAL WEATHER SERVICE SPRINGFIELD MO
145 AM CDT FRI APR 20 2018


...................................

...THE WEST PLAINS MO CLIMATE SUMMARY FOR APRIL 19 2018...

CLIMATE NORMAL PERIOD 1981 TO 2010
CLIMATE RECORD PERIOD 1947 TO 2018


WEATHER ITEM   OBSERVED TIME   RECORD YEAR NORMAL DEPARTURE LAST
                VALUE   (LST)  VALUE       VALUE  FROM      YEAR
                                                  NORMAL
..................................................................
TEMPERATURE (F)
 YESTERDAY
  MAXIMUM         57    348 PM  85    2011  71    -14       81
                                      1987
  MINIMUM         37    457 AM  26    1953  46     -9       56
                                      1983
  AVERAGE         47                        58    -11       69

PRECIPITATION (IN)
  YESTERDAY        0.00          3.22 1968   0.16  -0.16     0.00
  MONTH TO DATE    2.52                      2.69  -0.17     2.83
  SINCE MAR 1      8.29                      6.98   1.31     9.12
  SINCE JAN 1     17.52                     12.54   4.98    13.75

DEGREE DAYS
 HEATING
  YESTERDAY       18                         7     11        0
  MONTH TO DATE  339                       187    152       88
  SINCE MAR 1    885                       733    152      517
  SINCE JUL 1   4130                      4197    -67     3166

 COOLING
  YESTERDAY        0                         1     -1        4
  MONTH TO DATE    5                        14     -9       18
  SINCE MAR 1      5                        18    -13       22
  SINCE JAN 1     11                        18     -7       23
..................................................................


WIND (MPH)
  HIGHEST WIND SPEED    21   HIGHEST WIND DIRECTION    NW (320)
  HIGHEST GUST SPEED    30   HIGHEST GUST DIRECTION    NW (330)
  AVERAGE WIND SPEED     9.2


SKY COVER
  AVERAGE SKY COVER 0.3


WEATHER CONDITIONS
 THE FOLLOWING WEATHER WAS RECORDED YESTERDAY.
  NO SIGNIFICANT WEATHER WAS OBSERVED.


RELATIVE HUMIDITY (PERCENT)
 HIGHEST    64           500 AM
 LOWEST     35           400 PM
 AVERAGE    50

..........................................................


THE WEST PLAINS MO CLIMATE NORMALS FOR TODAY
                         NORMAL    RECORD    YEAR
 MAXIMUM TEMPERATURE (F)   71        91      1987
 MINIMUM TEMPERATURE (F)   46        30      2013
                                             1953


SUNRISE AND SUNSET
APRIL 20 2018.........SUNRISE   627 AM CDT   SUNSET   747 PM CDT
APRIL 21 2018.........SUNRISE   626 AM CDT   SUNSET   748 PM CDT


-  INDICATES NEGATIVE NUMBERS.
R  INDICATES RECORD WAS SET OR TIED.
MM INDICATES DATA IS MISSING.
T  INDICATES TRACE AMOUNT.




$$
