000
CDUS43 KSGF 140629
CLIUNO


CLIMATE REPORT
NATIONAL WEATHER SERVICE SPRINGFIELD MO
129 AM CDT SAT APR 14 2018


...................................

...THE WEST PLAINS MO CLIMATE SUMMARY FOR APRIL 13 2018...

CLIMATE NORMAL PERIOD 1981 TO 2010
CLIMATE RECORD PERIOD 1947 TO 2018


WEATHER ITEM   OBSERVED TIME   RECORD YEAR NORMAL DEPARTURE LAST
                VALUE   (LST)  VALUE       VALUE  FROM      YEAR
                                                  NORMAL
..................................................................
TEMPERATURE (F)
 YESTERDAY
  MAXIMUM         74    329 PM  90    1972  69      5       80
  MINIMUM         59   1159 PM  24    1990  44     15       52
  AVERAGE         67                        57     10       66

PRECIPITATION (IN)
  YESTERDAY        1.92R         1.72 1983   0.15   1.77     0.00
  MONTH TO DATE    2.46                      1.78   0.68     1.45
  SINCE MAR 1      8.23                      6.07   2.16     7.74
  SINCE JAN 1     17.46                     11.63   5.83    12.37

DEGREE DAYS
 HEATING
  YESTERDAY        0                         9     -9        0
  MONTH TO DATE  236                       138     98       84
  SINCE MAR 1    782                       684     98      513
  SINCE JUL 1   4027                      4148   -121     3162

 COOLING
  YESTERDAY        2                         1      1        1
  MONTH TO DATE    5                         8     -3        3
  SINCE MAR 1      5                        12     -7        7
  SINCE JAN 1     11                        12     -1        8
..................................................................


WIND (MPH)
  HIGHEST WIND SPEED    26   HIGHEST WIND DIRECTION     W (260)
  HIGHEST GUST SPEED    41   HIGHEST GUST DIRECTION     W (250)
  AVERAGE WIND SPEED    11.8


SKY COVER
  AVERAGE SKY COVER 0.7


WEATHER CONDITIONS
 THE FOLLOWING WEATHER WAS RECORDED YESTERDAY.
  THUNDERSTORM
  HEAVY RAIN
  RAIN
  LIGHT RAIN
  FOG


RELATIVE HUMIDITY (PERCENT)
 HIGHEST    97           900 PM
 LOWEST     55          1200 AM
 AVERAGE    76

..........................................................


THE WEST PLAINS MO CLIMATE NORMALS FOR TODAY
                         NORMAL    RECORD    YEAR
 MAXIMUM TEMPERATURE (F)   70        85      2006
 MINIMUM TEMPERATURE (F)   45        22      1950


SUNRISE AND SUNSET
APRIL 14 2018.........SUNRISE   635 AM CDT   SUNSET   741 PM CDT
APRIL 15 2018.........SUNRISE   634 AM CDT   SUNSET   742 PM CDT


-  INDICATES NEGATIVE NUMBERS.
R  INDICATES RECORD WAS SET OR TIED.
MM INDICATES DATA IS MISSING.
T  INDICATES TRACE AMOUNT.




$$
