000
CDUS43 KSGF 100628
CLIUNO


CLIMATE REPORT
NATIONAL WEATHER SERVICE SPRINGFIELD MO
127 AM CDT TUE APR 10 2018


...................................

...THE WEST PLAINS MO CLIMATE SUMMARY FOR APRIL 9 2018...

CLIMATE NORMAL PERIOD 1981 TO 2010
CLIMATE RECORD PERIOD 1947 TO 2018


WEATHER ITEM   OBSERVED TIME   RECORD YEAR NORMAL DEPARTURE LAST
                VALUE   (LST)  VALUE       VALUE  FROM      YEAR
                                                  NORMAL
..................................................................
TEMPERATURE (F)
 YESTERDAY
  MAXIMUM         65    259 PM  87    2011  68     -3       75
  MINIMUM         25    546 AM  23    2007  43    -18       57
  AVERAGE         45                        56    -11       66

PRECIPITATION (IN)
  YESTERDAY        0.00          0.91 1969   0.13  -0.13     0.00
  MONTH TO DATE    0.54                      1.18  -0.64     1.45
  SINCE MAR 1      6.31                      5.47   0.84     7.74
  SINCE JAN 1     15.54                     11.03   4.51    12.37

DEGREE DAYS
 HEATING
  YESTERDAY       20                        10     10        0
  MONTH TO DATE  208                       100    108       68
  SINCE MAR 1    754                       646    108      497
  SINCE JUL 1   3999                      4110   -111     3146

 COOLING
  YESTERDAY        0                         1     -1        1
  MONTH TO DATE    0                         4     -4        1
  SINCE MAR 1      0                         8     -8        5
  SINCE JAN 1      6                         8     -2        6
..................................................................


WIND (MPH)
  HIGHEST WIND SPEED    16   HIGHEST WIND DIRECTION     N (340)
  HIGHEST GUST SPEED    23   HIGHEST GUST DIRECTION    NW (320)
  AVERAGE WIND SPEED     5.8


SKY COVER
  AVERAGE SKY COVER 0.3


WEATHER CONDITIONS
 THE FOLLOWING WEATHER WAS RECORDED YESTERDAY.
  NO SIGNIFICANT WEATHER WAS OBSERVED.


RELATIVE HUMIDITY (PERCENT)
 HIGHEST    92           500 AM
 LOWEST     31           300 PM
 AVERAGE    62

..........................................................


THE WEST PLAINS MO CLIMATE NORMALS FOR TODAY
                         NORMAL    RECORD    YEAR
 MAXIMUM TEMPERATURE (F)   68        89      2001
 MINIMUM TEMPERATURE (F)   44        26      1960
                                             1973


SUNRISE AND SUNSET
APRIL 10 2018.........SUNRISE   640 AM CDT   SUNSET   738 PM CDT
APRIL 11 2018.........SUNRISE   639 AM CDT   SUNSET   739 PM CDT


-  INDICATES NEGATIVE NUMBERS.
R  INDICATES RECORD WAS SET OR TIED.
MM INDICATES DATA IS MISSING.
T  INDICATES TRACE AMOUNT.




$$
