000
CDUS43 KSGF 140633
CLIUNO


CLIMATE REPORT
NATIONAL WEATHER SERVICE SPRINGFIELD MO
132 AM CDT MON MAY 14 2018


...................................

...THE WEST PLAINS MO CLIMATE SUMMARY FOR MAY 13 2018...

CLIMATE NORMAL PERIOD 1981 TO 2010
CLIMATE RECORD PERIOD 1947 TO 2018


WEATHER ITEM   OBSERVED TIME   RECORD YEAR NORMAL DEPARTURE LAST
                VALUE   (LST)  VALUE       VALUE  FROM      YEAR
                                                  NORMAL
..................................................................
TEMPERATURE (F)
 YESTERDAY
  MAXIMUM         86    443 PM  90    1984  76     10       77
  MINIMUM         61    539 AM  33    1960  53      8       50
  AVERAGE         74                        65      9       64

PRECIPITATION (IN)
  YESTERDAY        0.00          1.47 1981   0.16  -0.16     0.00
  MONTH TO DATE    2.32                      2.50  -0.18     3.31
  SINCE MAR 1     11.78                     11.27   0.51    27.53
  SINCE JAN 1     21.01                     16.83   4.18    32.16

DEGREE DAYS
 HEATING
  YESTERDAY        0                         3     -3        1
  MONTH TO DATE    0                        48    -48       63
  SINCE MAR 1    972                       846    126      654
  SINCE JUL 1   4217                      4310    -93     3303

 COOLING
  YESTERDAY        9                         3      6        0
  MONTH TO DATE   66                        23     43       24
  SINCE MAR 1     71                        51     20       52
  SINCE JAN 1     77                        51     26       53
..................................................................


WIND (MPH)
  HIGHEST WIND SPEED    15   HIGHEST WIND DIRECTION     S (190)
  HIGHEST GUST SPEED    21   HIGHEST GUST DIRECTION     S (160)
  AVERAGE WIND SPEED     5.6


SKY COVER
  AVERAGE SKY COVER 0.1


WEATHER CONDITIONS
 THE FOLLOWING WEATHER WAS RECORDED YESTERDAY.
  FOG


RELATIVE HUMIDITY (PERCENT)
 HIGHEST    93           400 AM
 LOWEST     48           100 PM
 AVERAGE    71

..........................................................


THE WEST PLAINS MO CLIMATE NORMALS FOR TODAY
                         NORMAL    RECORD    YEAR
 MAXIMUM TEMPERATURE (F)   76        90      2013
 MINIMUM TEMPERATURE (F)   54        38      2000


SUNRISE AND SUNSET
MAY 14 2018...........SUNRISE   601 AM CDT   SUNSET   808 PM CDT
MAY 15 2018...........SUNRISE   600 AM CDT   SUNSET   809 PM CDT


-  INDICATES NEGATIVE NUMBERS.
R  INDICATES RECORD WAS SET OR TIED.
MM INDICATES DATA IS MISSING.
T  INDICATES TRACE AMOUNT.




$$
