000
CDUS43 KSGF 082227
CLIUNO


CLIMATE REPORT
NATIONAL WEATHER SERVICE SPRINGFIELD MO
526 PM CDT TUE MAY 8 2018


...................................

...THE WEST PLAINS MO CLIMATE SUMMARY FOR MAY 8 2018...
VALID TODAY AS OF 0500 PM LOCAL TIME.

CLIMATE NORMAL PERIOD 1981 TO 2010
CLIMATE RECORD PERIOD 1947 TO 2018


WEATHER ITEM   OBSERVED TIME   RECORD YEAR NORMAL DEPARTURE LAST
                VALUE   (LST)  VALUE       VALUE  FROM      YEAR
                                                  NORMAL
..................................................................
TEMPERATURE (F)
 TODAY
  MAXIMUM         84    359 PM  90    1962  75      9       82
  MINIMUM         56    509 AM  33    1992  52      4       59
  AVERAGE         70                        63      7       71

PRECIPITATION (IN)
  TODAY            0.00          4.95 2002   0.20  -0.20     0.00
  MONTH TO DATE    2.31                      1.68   0.63     2.89
  SINCE MAR 1     11.77                     10.45   1.32    27.11
  SINCE JAN 1     21.00                     16.01   4.99    31.74

DEGREE DAYS
 COOLING
  TODAY            5                         2      3        6
  MONTH TO DATE   33                        12     21        6
  SINCE MAR 1     38                        40     -2       34
  SINCE JAN 1     44                        40      4       35
..................................................................


WIND (MPH)
  HIGHEST WIND SPEED    13   HIGHEST WIND DIRECTION    SE (150)
  HIGHEST GUST SPEED    21   HIGHEST GUST DIRECTION    SE (150)


SKY COVER
  AVERAGE SKY COVER 0.0


WEATHER CONDITIONS
 THE FOLLOWING WEATHER WAS RECORDED TODAY.
  NO SIGNIFICANT WEATHER WAS OBSERVED.


RELATIVE HUMIDITY (PERCENT)
 HIGHEST    77           500 AM
 LOWEST     44           900 AM
 AVERAGE    61

..........................................................


THE WEST PLAINS MO CLIMATE NORMALS FOR TOMORROW
                         NORMAL    RECORD    YEAR
 MAXIMUM TEMPERATURE (F)   75        85      1963
 MINIMUM TEMPERATURE (F)   52        34      1976
                                             1980


SUNRISE AND SUNSET
MAY  8 2018...........SUNRISE   606 AM CDT   SUNSET   803 PM CDT
MAY  9 2018...........SUNRISE   605 AM CDT   SUNSET   803 PM CDT


-  INDICATES NEGATIVE NUMBERS.
R  INDICATES RECORD WAS SET OR TIED.
MM INDICATES DATA IS MISSING.
T  INDICATES TRACE AMOUNT.




$$
