000
CDUS43 KSGF 060626
CLIUNO


CLIMATE REPORT
NATIONAL WEATHER SERVICE SPRINGFIELD MO
126 AM CDT SUN MAY 6 2018


...................................

...THE WEST PLAINS MO CLIMATE SUMMARY FOR MAY 5 2018...

CLIMATE NORMAL PERIOD 1981 TO 2010
CLIMATE RECORD PERIOD 1947 TO 2018


WEATHER ITEM   OBSERVED TIME   RECORD YEAR NORMAL DEPARTURE LAST
                VALUE   (LST)  VALUE       VALUE  FROM      YEAR
                                                  NORMAL
..................................................................
TEMPERATURE (F)
 YESTERDAY
  MAXIMUM         81    224 PM  91    1952  74      7       69
  MINIMUM         54    543 AM  34    2005  51      3       47
  AVERAGE         68                        63      5       58

PRECIPITATION (IN)
  YESTERDAY        0.00          1.30 1961   0.22  -0.22     0.00
  MONTH TO DATE    2.31                      1.05   1.26     2.89
  SINCE MAR 1     11.77                      9.82   1.95    27.11
  SINCE JAN 1     21.00                     15.38   5.62    31.74

DEGREE DAYS
 HEATING
  YESTERDAY        0                         4     -4        7
  MONTH TO DATE    0                        21    -21       54
  SINCE MAR 1    972                       819    153      645
  SINCE JUL 1   4217                      4283    -66     3294

 COOLING
  YESTERDAY        3                         2      1        0
  MONTH TO DATE   23                         6     17        0
  SINCE MAR 1     28                        34     -6       28
  SINCE JAN 1     34                        34      0       29
..................................................................


WIND (MPH)
  HIGHEST WIND SPEED    16   HIGHEST WIND DIRECTION    NW (320)
  HIGHEST GUST SPEED    21   HIGHEST GUST DIRECTION     N (350)
  AVERAGE WIND SPEED     5.8


SKY COVER
  AVERAGE SKY COVER 0.1


WEATHER CONDITIONS
 THE FOLLOWING WEATHER WAS RECORDED YESTERDAY.
  NO SIGNIFICANT WEATHER WAS OBSERVED.


RELATIVE HUMIDITY (PERCENT)
 HIGHEST    83           500 AM
 LOWEST     33           400 PM
 AVERAGE    58

..........................................................


THE WEST PLAINS MO CLIMATE NORMALS FOR TODAY
                         NORMAL    RECORD    YEAR
 MAXIMUM TEMPERATURE (F)   75        89      1949
 MINIMUM TEMPERATURE (F)   51        37      1957
                                             1991
                                             1992


SUNRISE AND SUNSET
MAY  6 2018...........SUNRISE   608 AM CDT   SUNSET   801 PM CDT
MAY  7 2018...........SUNRISE   607 AM CDT   SUNSET   802 PM CDT


-  INDICATES NEGATIVE NUMBERS.
R  INDICATES RECORD WAS SET OR TIED.
MM INDICATES DATA IS MISSING.
T  INDICATES TRACE AMOUNT.




$$
