582
CDUS43 KSGF 190627
CLIUNO


CLIMATE REPORT
NATIONAL WEATHER SERVICE SPRINGFIELD MO
126 AM CDT SAT MAY 19 2018


...................................

...THE WEST PLAINS MO CLIMATE SUMMARY FOR MAY 18 2018...

CLIMATE NORMAL PERIOD 1981 TO 2010
CLIMATE RECORD PERIOD 1947 TO 2018


WEATHER ITEM   OBSERVED TIME   RECORD YEAR NORMAL DEPARTURE LAST
                VALUE   (LST)  VALUE       VALUE  FROM      YEAR
                                                  NORMAL
..................................................................
TEMPERATURE (F)
 YESTERDAY
  MAXIMUM         81   1241 PM  89    2001  77      4       83
  MINIMUM         61    513 AM  37    2002  55      6       66
  AVERAGE         71                        66      5       75

PRECIPITATION (IN)
  YESTERDAY        0.00          1.78 1981   0.14  -0.14     0.00
  MONTH TO DATE    3.29                      3.22   0.07     3.31
  SINCE MAR 1     12.75                     11.99   0.76    27.53
  SINCE JAN 1     21.98                     17.55   4.43    32.16

DEGREE DAYS
 HEATING
  YESTERDAY        0                         2     -2        0
  MONTH TO DATE    0                        62    -62       63
  SINCE MAR 1    972                       860    112      654
  SINCE JUL 1   4217                      4324   -107     3303

 COOLING
  YESTERDAY        6                         3      3       10
  MONTH TO DATE  106                        38     68       51
  SINCE MAR 1    111                        66     45       79
  SINCE JAN 1    117                        66     51       80
..................................................................


WIND (MPH)
  HIGHEST WIND SPEED     9   HIGHEST WIND DIRECTION     E (80)
  HIGHEST GUST SPEED    15   HIGHEST GUST DIRECTION     E (110)
  AVERAGE WIND SPEED     1.9


SKY COVER
  AVERAGE SKY COVER 0.5


WEATHER CONDITIONS
 THE FOLLOWING WEATHER WAS RECORDED YESTERDAY.
  FOG
  FOG W/VISIBILITY <= 1/4 MILE


RELATIVE HUMIDITY (PERCENT)
 HIGHEST   100           600 AM
 LOWEST     58           400 PM
 AVERAGE    79

..........................................................


THE WEST PLAINS MO CLIMATE NORMALS FOR TODAY
                         NORMAL    RECORD    YEAR
 MAXIMUM TEMPERATURE (F)   77        91      1987
 MINIMUM TEMPERATURE (F)   55        38      2002


SUNRISE AND SUNSET
MAY 19 2018...........SUNRISE   557 AM CDT   SUNSET   812 PM CDT
MAY 20 2018...........SUNRISE   556 AM CDT   SUNSET   813 PM CDT


-  INDICATES NEGATIVE NUMBERS.
R  INDICATES RECORD WAS SET OR TIED.
MM INDICATES DATA IS MISSING.
T  INDICATES TRACE AMOUNT.




$$
