000
CDUS43 KSGF 130628
CLIUNO


CLIMATE REPORT
NATIONAL WEATHER SERVICE SPRINGFIELD MO
127 AM CDT FRI APR 13 2018


...................................

...THE WEST PLAINS MO CLIMATE SUMMARY FOR APRIL 12 2018...

CLIMATE NORMAL PERIOD 1981 TO 2010
CLIMATE RECORD PERIOD 1947 TO 2018


WEATHER ITEM   OBSERVED TIME   RECORD YEAR NORMAL DEPARTURE LAST
                VALUE   (LST)  VALUE       VALUE  FROM      YEAR
                                                  NORMAL
..................................................................
TEMPERATURE (F)
 YESTERDAY
  MAXIMUM         81    344 PM  87    1972  69     12       75
  MINIMUM         54    450 AM  23    1990  44     10       40
  AVERAGE         68                        56     12       58

PRECIPITATION (IN)
  YESTERDAY        0.00          1.71 1952   0.15  -0.15     0.00
  MONTH TO DATE    0.54                      1.63  -1.09     1.45
  SINCE MAR 1      6.31                      5.92   0.39     7.74
  SINCE JAN 1     15.54                     11.48   4.06    12.37

DEGREE DAYS
 HEATING
  YESTERDAY        0                         9     -9        7
  MONTH TO DATE  236                       129    107       84
  SINCE MAR 1    782                       675    107      513
  SINCE JUL 1   4027                      4139   -112     3162

 COOLING
  YESTERDAY        3                         1      2        0
  MONTH TO DATE    3                         7     -4        2
  SINCE MAR 1      3                        11     -8        6
  SINCE JAN 1      9                        11     -2        7
..................................................................


WIND (MPH)
  HIGHEST WIND SPEED    25   HIGHEST WIND DIRECTION     S (170)
  HIGHEST GUST SPEED    40   HIGHEST GUST DIRECTION     S (190)
  AVERAGE WIND SPEED    13.8


SKY COVER
  AVERAGE SKY COVER 0.0


WEATHER CONDITIONS
 THE FOLLOWING WEATHER WAS RECORDED YESTERDAY.
  NO SIGNIFICANT WEATHER WAS OBSERVED.


RELATIVE HUMIDITY (PERCENT)
 HIGHEST    61           500 AM
 LOWEST     26           500 PM
 AVERAGE    44

..........................................................


THE WEST PLAINS MO CLIMATE NORMALS FOR TODAY
                         NORMAL    RECORD    YEAR
 MAXIMUM TEMPERATURE (F)   69        90      1972
 MINIMUM TEMPERATURE (F)   44        24      1990


SUNRISE AND SUNSET
APRIL 13 2018.........SUNRISE   636 AM CDT   SUNSET   741 PM CDT
APRIL 14 2018.........SUNRISE   635 AM CDT   SUNSET   741 PM CDT


-  INDICATES NEGATIVE NUMBERS.
R  INDICATES RECORD WAS SET OR TIED.
MM INDICATES DATA IS MISSING.
T  INDICATES TRACE AMOUNT.




$$
