000
CDUS43 KSGF 240629
CLIUNO


CLIMATE REPORT
NATIONAL WEATHER SERVICE SPRINGFIELD MO
129 AM CDT TUE APR 24 2018


...................................

...THE WEST PLAINS MO CLIMATE SUMMARY FOR APRIL 23 2018...

CLIMATE NORMAL PERIOD 1981 TO 2010
CLIMATE RECORD PERIOD 1947 TO 2018


WEATHER ITEM   OBSERVED TIME   RECORD YEAR NORMAL DEPARTURE LAST
                VALUE   (LST)  VALUE       VALUE  FROM      YEAR
                                                  NORMAL
..................................................................
TEMPERATURE (F)
 YESTERDAY
  MAXIMUM         60    516 PM  90    1965  72    -12       71
  MINIMUM         50    903 AM  28    1993  47      3       43
  AVERAGE         55                        60     -5       57

PRECIPITATION (IN)
  YESTERDAY        0.18          3.47 1970   0.16   0.02     0.00
  MONTH TO DATE    3.63                      3.33   0.30     6.57
  SINCE MAR 1      9.40                      7.62   1.78    12.86
  SINCE JAN 1     18.63                     13.18   5.45    17.49

DEGREE DAYS
 HEATING
  YESTERDAY       10                         6      4        8
  MONTH TO DATE  381                       214    167      126
  SINCE MAR 1    927                       760    167      555
  SINCE JUL 1   4172                      4224    -52     3204

 COOLING
  YESTERDAY        0                         1     -1        0
  MONTH TO DATE    5                        18    -13       20
  SINCE MAR 1      5                        22    -17       24
  SINCE JAN 1     11                        22    -11       25
..................................................................


WIND (MPH)
  HIGHEST WIND SPEED    20   HIGHEST WIND DIRECTION     N (10)
  HIGHEST GUST SPEED    28   HIGHEST GUST DIRECTION     N (10)
  AVERAGE WIND SPEED    10.5


SKY COVER
  AVERAGE SKY COVER 1.0


WEATHER CONDITIONS
 THE FOLLOWING WEATHER WAS RECORDED YESTERDAY.
  LIGHT RAIN
  FOG


RELATIVE HUMIDITY (PERCENT)
 HIGHEST   100           200 AM
 LOWEST     80           200 PM
 AVERAGE    90

..........................................................


THE WEST PLAINS MO CLIMATE NORMALS FOR TODAY
                         NORMAL    RECORD    YEAR
 MAXIMUM TEMPERATURE (F)   72        87      1965
 MINIMUM TEMPERATURE (F)   48        30      2005


SUNRISE AND SUNSET
APRIL 24 2018.........SUNRISE   622 AM CDT   SUNSET   750 PM CDT
APRIL 25 2018.........SUNRISE   621 AM CDT   SUNSET   751 PM CDT


-  INDICATES NEGATIVE NUMBERS.
R  INDICATES RECORD WAS SET OR TIED.
MM INDICATES DATA IS MISSING.
T  INDICATES TRACE AMOUNT.




$$
