000
CDUS43 KSGF 200628
CLIUNO


CLIMATE REPORT
NATIONAL WEATHER SERVICE SPRINGFIELD MO
128 AM CDT SUN MAY 20 2018


...................................

...THE WEST PLAINS MO CLIMATE SUMMARY FOR MAY 19 2018...

CLIMATE NORMAL PERIOD 1981 TO 2010
CLIMATE RECORD PERIOD 1947 TO 2018


WEATHER ITEM   OBSERVED TIME   RECORD YEAR NORMAL DEPARTURE LAST
                VALUE   (LST)  VALUE       VALUE  FROM      YEAR
                                                  NORMAL
..................................................................
TEMPERATURE (F)
 YESTERDAY
  MAXIMUM         83    145 PM  91    1987  77      6       80
  MINIMUM         60    521 AM  38    2002  55      5       62
  AVERAGE         72                        66      6       71

PRECIPITATION (IN)
  YESTERDAY        0.41          0.89 1960   0.15   0.26     0.30
  MONTH TO DATE    3.70                      3.37   0.33     3.61
  SINCE MAR 1     13.16                     12.14   1.02    27.83
  SINCE JAN 1     22.39                     17.70   4.69    32.46

DEGREE DAYS
 HEATING
  YESTERDAY        0                         2     -2        0
  MONTH TO DATE    0                        64    -64       63
  SINCE MAR 1    972                       862    110      654
  SINCE JUL 1   4217                      4326   -109     3303

 COOLING
  YESTERDAY        7                         3      4        6
  MONTH TO DATE  113                        41     72       57
  SINCE MAR 1    118                        69     49       85
  SINCE JAN 1    124                        69     55       86
..................................................................


WIND (MPH)
  HIGHEST WIND SPEED    18   HIGHEST WIND DIRECTION     N (20)
  HIGHEST GUST SPEED    28   HIGHEST GUST DIRECTION    NE (30)
  AVERAGE WIND SPEED     5.8


SKY COVER
  AVERAGE SKY COVER 0.3


WEATHER CONDITIONS
 THE FOLLOWING WEATHER WAS RECORDED YESTERDAY.
  THUNDERSTORM
  HEAVY RAIN
  LIGHT RAIN
  FOG
  HAZE


RELATIVE HUMIDITY (PERCENT)
 HIGHEST   100          1200 AM
 LOWEST     69           900 AM
 AVERAGE    85

..........................................................


THE WEST PLAINS MO CLIMATE NORMALS FOR TODAY
                         NORMAL    RECORD    YEAR
 MAXIMUM TEMPERATURE (F)   78        89      1964
 MINIMUM TEMPERATURE (F)   55        39      1954


SUNRISE AND SUNSET
MAY 20 2018...........SUNRISE   556 AM CDT   SUNSET   813 PM CDT
MAY 21 2018...........SUNRISE   555 AM CDT   SUNSET   813 PM CDT


-  INDICATES NEGATIVE NUMBERS.
R  INDICATES RECORD WAS SET OR TIED.
MM INDICATES DATA IS MISSING.
T  INDICATES TRACE AMOUNT.




$$
