000
CDUS43 KSGF 180626
CLIUNO


CLIMATE REPORT
NATIONAL WEATHER SERVICE SPRINGFIELD MO
126 AM CDT WED APR 18 2018


...................................

...THE WEST PLAINS MO CLIMATE SUMMARY FOR APRIL 17 2018...

CLIMATE NORMAL PERIOD 1981 TO 2010
CLIMATE RECORD PERIOD 1947 TO 2018


WEATHER ITEM   OBSERVED TIME   RECORD YEAR NORMAL DEPARTURE LAST
                VALUE   (LST)  VALUE       VALUE  FROM      YEAR
                                                  NORMAL
..................................................................
TEMPERATURE (F)
 YESTERDAY
  MAXIMUM         80    438 PM  87    2006  70     10       63
  MINIMUM         33    150 AM  24    1951  46    -13       58
  AVERAGE         57                        58     -1       61

PRECIPITATION (IN)
  YESTERDAY        0.00          1.18 1953   0.16  -0.16     1.17
  MONTH TO DATE    2.52                      2.37   0.15     2.83
  SINCE MAR 1      8.29                      6.66   1.63     9.12
  SINCE JAN 1     17.52                     12.22   5.30    13.75

DEGREE DAYS
 HEATING
  YESTERDAY        8                         8      0        4
  MONTH TO DATE  311                       172    139       88
  SINCE MAR 1    857                       718    139      517
  SINCE JUL 1   4102                      4182    -80     3166

 COOLING
  YESTERDAY        0                         1     -1        0
  MONTH TO DATE    5                        12     -7       13
  SINCE MAR 1      5                        16    -11       17
  SINCE JAN 1     11                        16     -5       18
..................................................................


WIND (MPH)
  HIGHEST WIND SPEED    17   HIGHEST WIND DIRECTION     S (170)
  HIGHEST GUST SPEED    25   HIGHEST GUST DIRECTION     S (160)
  AVERAGE WIND SPEED     7.3


SKY COVER
  AVERAGE SKY COVER 0.0


WEATHER CONDITIONS
 THE FOLLOWING WEATHER WAS RECORDED YESTERDAY.
  NO SIGNIFICANT WEATHER WAS OBSERVED.


RELATIVE HUMIDITY (PERCENT)
 HIGHEST    82           200 AM
 LOWEST     30           500 PM
 AVERAGE    56

..........................................................


THE WEST PLAINS MO CLIMATE NORMALS FOR TODAY
                         NORMAL    RECORD    YEAR
 MAXIMUM TEMPERATURE (F)   71        89      2006
 MINIMUM TEMPERATURE (F)   46        28      1953


SUNRISE AND SUNSET
APRIL 18 2018.........SUNRISE   629 AM CDT   SUNSET   745 PM CDT
APRIL 19 2018.........SUNRISE   628 AM CDT   SUNSET   746 PM CDT


-  INDICATES NEGATIVE NUMBERS.
R  INDICATES RECORD WAS SET OR TIED.
MM INDICATES DATA IS MISSING.
T  INDICATES TRACE AMOUNT.




$$
