379
CDUS43 KSGF 230626
CLIUNO


CLIMATE REPORT
NATIONAL WEATHER SERVICE SPRINGFIELD MO
126 AM CDT WED MAY 23 2018


...................................

...THE WEST PLAINS MO CLIMATE SUMMARY FOR MAY 22 2018...

CLIMATE NORMAL PERIOD 1981 TO 2010
CLIMATE RECORD PERIOD 1947 TO 2018


WEATHER ITEM   OBSERVED TIME   RECORD YEAR NORMAL DEPARTURE LAST
                VALUE   (LST)  VALUE       VALUE  FROM      YEAR
                                                  NORMAL
..................................................................
TEMPERATURE (F)
 YESTERDAY
  MAXIMUM         86    321 PM  92    1998  78      8       73
  MINIMUM         64    544 AM  37    1993  56      8       48
  AVERAGE         75                        67      8       61

PRECIPITATION (IN)
  YESTERDAY        0.00          4.12 1989   0.14  -0.14     0.00
  MONTH TO DATE    3.99                      3.79   0.20     5.09
  SINCE MAR 1     13.45                     12.56   0.89    29.31
  SINCE JAN 1     22.68                     18.12   4.56    33.94

DEGREE DAYS
 HEATING
  YESTERDAY        0                         2     -2        4
  MONTH TO DATE    0                        70    -70       71
  SINCE MAR 1    972                       868    104      662
  SINCE JUL 1   4217                      4332   -115     3311

 COOLING
  YESTERDAY       10                         4      6        0
  MONTH TO DATE  141                        53     88       60
  SINCE MAR 1    146                        81     65       88
  SINCE JAN 1    152                        81     71       89
..................................................................


WIND (MPH)
  HIGHEST WIND SPEED     9   HIGHEST WIND DIRECTION    SE (120)
  HIGHEST GUST SPEED    14   HIGHEST GUST DIRECTION     E (110)
  AVERAGE WIND SPEED     1.6


SKY COVER
  AVERAGE SKY COVER 0.3


WEATHER CONDITIONS
 THE FOLLOWING WEATHER WAS RECORDED YESTERDAY.
  THUNDERSTORM
  FOG
  FOG W/VISIBILITY <= 1/4 MILE


RELATIVE HUMIDITY (PERCENT)
 HIGHEST   100           700 AM
 LOWEST     51           500 PM
 AVERAGE    76

..........................................................


THE WEST PLAINS MO CLIMATE NORMALS FOR TODAY
                         NORMAL    RECORD    YEAR
 MAXIMUM TEMPERATURE (F)   78        95      2000
 MINIMUM TEMPERATURE (F)   56        36      1963


SUNRISE AND SUNSET
MAY 23 2018...........SUNRISE   554 AM CDT   SUNSET   815 PM CDT
MAY 24 2018...........SUNRISE   554 AM CDT   SUNSET   816 PM CDT


-  INDICATES NEGATIVE NUMBERS.
R  INDICATES RECORD WAS SET OR TIED.
MM INDICATES DATA IS MISSING.
T  INDICATES TRACE AMOUNT.




$$
