000
CDUS43 KSGF 102125
CLIUNO


CLIMATE REPORT
NATIONAL WEATHER SERVICE SPRINGFIELD MO
425 PM CDT TUE APR 10 2018


...................................

...THE WEST PLAINS MO CLIMATE SUMMARY FOR APRIL 10 2018...
VALID AS OF 0400 PM LOCAL TIME.

CLIMATE NORMAL PERIOD 1981 TO 2010
CLIMATE RECORD PERIOD 1947 TO 2018


WEATHER ITEM   OBSERVED TIME   RECORD YEAR NORMAL DEPARTURE LAST
                VALUE   (LST)  VALUE       VALUE  FROM      YEAR
                                                  NORMAL
..................................................................
TEMPERATURE (F)
 TODAY
  MAXIMUM         57    239 PM  89    2001  68    -11       73
  MINIMUM         32    441 AM  26    1960  44    -12       59
                                      1973
  AVERAGE         45                        56    -11       66

PRECIPITATION (IN)
  TODAY            0.00          2.42 2008   0.15  -0.15     0.00
  MONTH TO DATE    0.54                      1.33  -0.79     1.45
  SINCE MAR 1      6.31                      5.62   0.69     7.74
  SINCE JAN 1     15.54                     11.18   4.36    12.37

DEGREE DAYS
 HEATING
  TODAY           20                        10     10        0
  MONTH TO DATE  228                       110    118       68
  SINCE MAR 1    774                       656    118      497
  SINCE JUL 1   4019                      4120   -101     3146

 COOLING
  TODAY            0                         1     -1        1
  MONTH TO DATE    0                         5     -5        2
  SINCE MAR 1      0                         9     -9        6
  SINCE JAN 1      6                         9     -3        7
..................................................................


WIND (MPH)
  HIGHEST WIND SPEED    12   HIGHEST WIND DIRECTION     W (290)
  HIGHEST GUST SPEED    16   HIGHEST GUST DIRECTION     N (360)


SKY COVER
  AVERAGE SKY COVER 0.4


WEATHER CONDITIONS
 THE FOLLOWING WEATHER WAS RECORDED TODAY.
  NO SIGNIFICANT WEATHER WAS OBSERVED.


RELATIVE HUMIDITY (PERCENT)
 HIGHEST    89           300 AM
 LOWEST     35           300 PM
 AVERAGE    62

..........................................................


THE WEST PLAINS MO CLIMATE NORMALS FOR TOMORROW
                         NORMAL    RECORD    YEAR
 MAXIMUM TEMPERATURE (F)   69        85      1965
 MINIMUM TEMPERATURE (F)   44        19      1989


SUNRISE AND SUNSET
APRIL 10 2018.........SUNRISE   640 AM CDT   SUNSET   738 PM CDT
APRIL 11 2018.........SUNRISE   639 AM CDT   SUNSET   739 PM CDT


-  INDICATES NEGATIVE NUMBERS.
R  INDICATES RECORD WAS SET OR TIED.
MM INDICATES DATA IS MISSING.
T  INDICATES TRACE AMOUNT.




$$
