000
CDUS43 KSGF 072226
CLIUNO


CLIMATE REPORT
NATIONAL WEATHER SERVICE SPRINGFIELD MO
526 PM CDT SAT APR 7 2018


...................................

...THE WEST PLAINS MO CLIMATE SUMMARY FOR APRIL 7 2018...
VALID TODAY AS OF 0500 PM LOCAL TIME.

CLIMATE NORMAL PERIOD 1981 TO 2010
CLIMATE RECORD PERIOD 1947 TO 2018


WEATHER ITEM   OBSERVED TIME   RECORD YEAR NORMAL DEPARTURE LAST
                VALUE   (LST)  VALUE       VALUE  FROM      YEAR
                                                  NORMAL
..................................................................
TEMPERATURE (F)
 TODAY
  MAXIMUM         47    348 PM  86    1954  67    -20       66
  MINIMUM         24    636 AM  21    2007  43    -19       35
  AVERAGE         36                        55    -19       51

PRECIPITATION (IN)
  TODAY            0.02          2.60 1986   0.12  -0.10     0.00
  MONTH TO DATE    0.53                      0.92  -0.39     1.45
  SINCE MAR 1      6.30                      5.21   1.09     7.74
  SINCE JAN 1     15.53                     10.77   4.76    12.37

DEGREE DAYS
 COOLING
  TODAY            0                         1     -1        0
  MONTH TO DATE    0                         2     -2        0
  SINCE MAR 1      0                         6     -6        4
  SINCE JAN 1      6                         6      0        5
..................................................................


WIND (MPH)
  HIGHEST WIND SPEED    20   HIGHEST WIND DIRECTION     N (10)
  HIGHEST GUST SPEED    28   HIGHEST GUST DIRECTION     N (10)


SKY COVER
  AVERAGE SKY COVER 0.8


WEATHER CONDITIONS
 THE FOLLOWING WEATHER WAS RECORDED TODAY.
  LIGHT SNOW
  FOG


RELATIVE HUMIDITY (PERCENT)
 HIGHEST    81           500 AM
 LOWEST     25           400 PM
 AVERAGE    53

..........................................................


THE WEST PLAINS MO CLIMATE NORMALS FOR TOMORROW
                         NORMAL    RECORD    YEAR
 MAXIMUM TEMPERATURE (F)   68        85      2011
 MINIMUM TEMPERATURE (F)   43        20      2007


SUNRISE AND SUNSET
APRIL  7 2018.........SUNRISE   645 AM CDT   SUNSET   735 PM CDT
APRIL  8 2018.........SUNRISE   643 AM CDT   SUNSET   736 PM CDT


-  INDICATES NEGATIVE NUMBERS.
R  INDICATES RECORD WAS SET OR TIED.
MM INDICATES DATA IS MISSING.
T  INDICATES TRACE AMOUNT.




$$
