000
CDUS43 KSGF 230638
CLIUNO


CLIMATE REPORT
NATIONAL WEATHER SERVICE SPRINGFIELD MO
126 AM CDT MON APR 23 2018


...................................

...THE WEST PLAINS MO CLIMATE SUMMARY FOR APRIL 22 2018...

CLIMATE NORMAL PERIOD 1981 TO 2010
CLIMATE RECORD PERIOD 1947 TO 2018


WEATHER ITEM   OBSERVED TIME   RECORD YEAR NORMAL DEPARTURE LAST
                VALUE   (LST)  VALUE       VALUE  FROM      YEAR
                                                  NORMAL
..................................................................
TEMPERATURE (F)
 YESTERDAY
  MAXIMUM         61   1223 AM  91    1955  72    -11       50
  MINIMUM         52    822 PM  29    1993  47      5       44
  AVERAGE         57                        59     -2       47

PRECIPITATION (IN)
  YESTERDAY        0.93          4.35 1973   0.16   0.77     0.13
  MONTH TO DATE    3.45                      3.17   0.28     6.57
  SINCE MAR 1      9.22                      7.46   1.76    12.86
  SINCE JAN 1     18.45                     13.02   5.43    17.49

DEGREE DAYS
 HEATING
  YESTERDAY        8                         7      1       18
  MONTH TO DATE  371                       208    163      118
  SINCE MAR 1    917                       754    163      547
  SINCE JUL 1   4162                      4218    -56     3196

 COOLING
  YESTERDAY        0                         1     -1        0
  MONTH TO DATE    5                        17    -12       20
  SINCE MAR 1      5                        21    -16       24
  SINCE JAN 1     11                        21    -10       25
..................................................................


WIND (MPH)
  HIGHEST WIND SPEED    16   HIGHEST WIND DIRECTION     E (70)
  HIGHEST GUST SPEED    24   HIGHEST GUST DIRECTION    NE (60)
  AVERAGE WIND SPEED    10.4


SKY COVER
  AVERAGE SKY COVER 1.0


WEATHER CONDITIONS
 THE FOLLOWING WEATHER WAS RECORDED YESTERDAY.
  HEAVY RAIN
  RAIN
  LIGHT RAIN
  FOG


RELATIVE HUMIDITY (PERCENT)
 HIGHEST    93           800 AM
 LOWEST     39          1200 AM
 AVERAGE    66

..........................................................


THE WEST PLAINS MO CLIMATE NORMALS FOR TODAY
                         NORMAL    RECORD    YEAR
 MAXIMUM TEMPERATURE (F)   72        90      1965
 MINIMUM TEMPERATURE (F)   47        28      1993


SUNRISE AND SUNSET
APRIL 23 2018.........SUNRISE   623 AM CDT   SUNSET   749 PM CDT
APRIL 24 2018.........SUNRISE   622 AM CDT   SUNSET   750 PM CDT


-  INDICATES NEGATIVE NUMBERS.
R  INDICATES RECORD WAS SET OR TIED.
MM INDICATES DATA IS MISSING.
T  INDICATES TRACE AMOUNT.




$$
