000
CDUS43 KSGF 160627
CLIUNO


CLIMATE REPORT
NATIONAL WEATHER SERVICE SPRINGFIELD MO
126 AM CDT MON APR 16 2018


...................................

...THE WEST PLAINS MO CLIMATE SUMMARY FOR APRIL 15 2018...

CLIMATE NORMAL PERIOD 1981 TO 2010
CLIMATE RECORD PERIOD 1947 TO 2018


WEATHER ITEM   OBSERVED TIME   RECORD YEAR NORMAL DEPARTURE LAST
                VALUE   (LST)  VALUE       VALUE  FROM      YEAR
                                                  NORMAL
..................................................................
TEMPERATURE (F)
 YESTERDAY
  MAXIMUM         39   1226 AM  84    1967  70    -31       81
  MINIMUM         31   1159 PM  25    1950  45    -14       59
  AVERAGE         35                        57    -22       70

PRECIPITATION (IN)
  YESTERDAY        T             1.53 1956   0.14  -0.14     0.00
  MONTH TO DATE    2.52                      2.06   0.46     1.45
  SINCE MAR 1      8.29                      6.35   1.94     7.74
  SINCE JAN 1     17.52                     11.91   5.61    12.37

DEGREE DAYS
 HEATING
  YESTERDAY       30                         9     21        0
  MONTH TO DATE  281                       156    125       84
  SINCE MAR 1    827                       702    125      513
  SINCE JUL 1   4072                      4166    -94     3162

 COOLING
  YESTERDAY        0                         1     -1        5
  MONTH TO DATE    5                        10     -5       13
  SINCE MAR 1      5                        14     -9       17
  SINCE JAN 1     11                        14     -3       18
..................................................................


WIND (MPH)
  HIGHEST WIND SPEED    23   HIGHEST WIND DIRECTION    NW (300)
  HIGHEST GUST SPEED    36   HIGHEST GUST DIRECTION     W (280)
  AVERAGE WIND SPEED    14.7


SKY COVER
  AVERAGE SKY COVER 1.0


WEATHER CONDITIONS
 THE FOLLOWING WEATHER WAS RECORDED YESTERDAY.
  FOG
  HAZE


RELATIVE HUMIDITY (PERCENT)
 HIGHEST    82           900 AM
 LOWEST     56           500 PM
 AVERAGE    69

..........................................................


THE WEST PLAINS MO CLIMATE NORMALS FOR TODAY
                         NORMAL    RECORD    YEAR
 MAXIMUM TEMPERATURE (F)   70        88      2006
                                             1955
 MINIMUM TEMPERATURE (F)   45        24      1962


SUNRISE AND SUNSET
APRIL 16 2018.........SUNRISE   632 AM CDT   SUNSET   743 PM CDT
APRIL 17 2018.........SUNRISE   631 AM CDT   SUNSET   744 PM CDT


-  INDICATES NEGATIVE NUMBERS.
R  INDICATES RECORD WAS SET OR TIED.
MM INDICATES DATA IS MISSING.
T  INDICATES TRACE AMOUNT.




$$
