000
CDUS43 KSGF 082126
CLIUNO


CLIMATE REPORT
NATIONAL WEATHER SERVICE SPRINGFIELD MO
426 PM CDT SUN APR 8 2018


...................................

...THE WEST PLAINS MO CLIMATE SUMMARY FOR APRIL 8 2018...
VALID AS OF 0400 PM LOCAL TIME.

CLIMATE NORMAL PERIOD 1981 TO 2010
CLIMATE RECORD PERIOD 1947 TO 2018


WEATHER ITEM   OBSERVED TIME   RECORD YEAR NORMAL DEPARTURE LAST
                VALUE   (LST)  VALUE       VALUE  FROM      YEAR
                                                  NORMAL
..................................................................
TEMPERATURE (F)
 TODAY
  MAXIMUM         38    259 PM  85    2011  68    -30       76
  MINIMUM         26    237 AM  20    2007  43    -17       45
  AVERAGE         32                        55    -23       61

PRECIPITATION (IN)
  TODAY            0.01          2.76 2002   0.13  -0.12     0.00
  MONTH TO DATE    0.54                      1.05  -0.51     1.45
  SINCE MAR 1      6.31                      5.34   0.97     7.74
  SINCE JAN 1     15.54                     10.90   4.64    12.37

DEGREE DAYS
 HEATING
  TODAY           33                        10     23        4
  MONTH TO DATE  189                        90     99       68
  SINCE MAR 1    735                       636     99      497
  SINCE JUL 1   3980                      4100   -120     3146

 COOLING
  TODAY            0                         1     -1        0
  MONTH TO DATE    0                         3     -3        0
  SINCE MAR 1      0                         7     -7        4
  SINCE JAN 1      6                         7     -1        5
..................................................................


WIND (MPH)
  HIGHEST WIND SPEED    13   HIGHEST WIND DIRECTION     E (100)
  HIGHEST GUST SPEED    18   HIGHEST GUST DIRECTION     E (110)


SKY COVER
  AVERAGE SKY COVER 0.4


WEATHER CONDITIONS
 THE FOLLOWING WEATHER WAS RECORDED TODAY.
  LIGHT SNOW


RELATIVE HUMIDITY (PERCENT)
 HIGHEST    58           200 AM
 LOWEST     43           100 AM
 AVERAGE    51

..........................................................


THE WEST PLAINS MO CLIMATE NORMALS FOR TOMORROW
                         NORMAL    RECORD    YEAR
 MAXIMUM TEMPERATURE (F)   68        87      2011
 MINIMUM TEMPERATURE (F)   43        23      2007


SUNRISE AND SUNSET
APRIL  8 2018.........SUNRISE   643 AM CDT   SUNSET   736 PM CDT
APRIL  9 2018.........SUNRISE   642 AM CDT   SUNSET   737 PM CDT


-  INDICATES NEGATIVE NUMBERS.
R  INDICATES RECORD WAS SET OR TIED.
MM INDICATES DATA IS MISSING.
T  INDICATES TRACE AMOUNT.




$$
