568
CDUS43 KSGF 252132
CLIUNO


CLIMATE REPORT
NATIONAL WEATHER SERVICE SPRINGFIELD MO
429 PM CDT FRI MAY 25 2018


...................................

...THE WEST PLAINS MO CLIMATE SUMMARY FOR MAY 25 2018...
VALID AS OF 0400 PM LOCAL TIME.

CLIMATE NORMAL PERIOD 1981 TO 2010
CLIMATE RECORD PERIOD 1947 TO 2018


WEATHER ITEM   OBSERVED TIME   RECORD YEAR NORMAL DEPARTURE LAST
                VALUE   (LST)  VALUE       VALUE  FROM      YEAR
                                                  NORMAL
..................................................................
TEMPERATURE (F)
 TODAY
  MAXIMUM         83   1212 PM  90    2006  79      4       75
                                      1953
  MINIMUM         67    525 AM  41    1979  57     10       46
  AVERAGE         75                        68      7       61

PRECIPITATION (IN)
  TODAY           MM             2.80 2000   0.11  MM        0.00
  MONTH TO DATE    4.05                      4.13  -0.08     5.09
  SINCE MAR 1     13.51                     12.90   0.61    29.31
  SINCE JAN 1     22.74                     18.46   4.28    33.94

DEGREE DAYS
 HEATING
  TODAY            0                         1     -1        4
  MONTH TO DATE    0                        75    -75       84
  SINCE MAR 1    972                       873     99      675
  SINCE JUL 1   4217                      4337   -120     3324

 COOLING
  TODAY           10                         4      6        0
  MONTH TO DATE  171                        65    106       60
  SINCE MAR 1    176                        93     83       88
  SINCE JAN 1    182                        93     89       89
..................................................................


WIND (MPH)
  HIGHEST WIND SPEED    23   HIGHEST WIND DIRECTION     W (260)
  HIGHEST GUST SPEED    31   HIGHEST GUST DIRECTION     W (270)


SKY COVER
  AVERAGE SKY COVER 0.1


WEATHER CONDITIONS
 THE FOLLOWING WEATHER WAS RECORDED TODAY.
  THUNDERSTORM
  HEAVY RAIN
  RAIN
  LIGHT RAIN
  FOG


RELATIVE HUMIDITY (PERCENT)
 HIGHEST    93           200 AM
 LOWEST     65          1100 AM
 AVERAGE    79

..........................................................


THE WEST PLAINS MO CLIMATE NORMALS FOR TOMORROW
                         NORMAL    RECORD    YEAR
 MAXIMUM TEMPERATURE (F)   79        95      2012
                                             1953
 MINIMUM TEMPERATURE (F)   57        38      1988


SUNRISE AND SUNSET
MAY 25 2018...........SUNRISE   553 AM CDT   SUNSET   817 PM CDT
MAY 26 2018...........SUNRISE   552 AM CDT   SUNSET   817 PM CDT


-  INDICATES NEGATIVE NUMBERS.
R  INDICATES RECORD WAS SET OR TIED.
MM INDICATES DATA IS MISSING.
T  INDICATES TRACE AMOUNT.




$$
