000
CXUS54 KHGX 011410
CF6UTS
PRELIMINARY LOCAL CLIMATOLOGICAL DATA (WS FORM: F-6)
STATION: HUNTSVILLE
MONTH: JULY
YEAR: 2022
LATITUDE: 30 45 N
LONGITUDE: 95 35 W
TEMPERATURE IN F: :PCPN: SNOW: WIND :SUNSHINE: SKY :PK WND
================================================================================
1 2 3 4 5 6A 6B 7 8 9 10 11 12 13 14 15 16 17 18
12Z AVG MX 2MIN
DY MAX MIN AVG DEP HDD CDD WTR SNW DPTH SPD SPD DIR MIN PSBL S-S WX SPD DR
================================================================================
1 92 75 84 1 0 19 T 0.0 0 1.8 7 70 M M 5 13 90
2 102 78 90 7 0 25 0.00 0.0 0 8.1 17 190 M M 3 1 25 180
3 103 80 92 8 0 27 0.00 0.0 0 7.5 14 170 M M 2 24 180
4 103 79 91 7 0 26 0.00 0.0 0 7.2 14 180 M M 2 22 220
5 102 80 91 7 0 26 0.00 0.0 0 6.3 15 190 M M 3 23 180
6 98 79 89 5 0 24 0.00 0.0 0 6.0 12 180 M M 0 20 190
7 104 80 92 8 0 27 0.00 0.0 0 6.6 15 180 M M 2 24 160
8 104 80 92 8 0 27 0.00 0.0 0 7.6 13 230 M M 1 27 230
9 106 81 94 10 0 29 0.00 0.0 0 7.0 13 200 M M 1 22 250
10 111 82 97 13 0 32 0.00 0.0 0 7.1 16 230 M M 1 23 230
11 109 82 96 12 0 31 0.00 0.0 0 5.1 14 190 M M 2 3 22 240
12 109 82 96 12 0 31 0.00 0.0 0 5.1 14 180 M M 2 27 170
13 107 81 94 10 0 29 0.00 0.0 0 5.4 12 170 M M 1 20 170
14 94 76 85 1 0 20 0.31 0.0 0 3.2 18 170 M M 3 13 37 350
15 98 74 86 2 0 21 0.02 0.0 0 0.0 3 50 M M 3 5 70
16 100 76 88 4 0 23 0.00 0.0 0 6.5 13 200 M M 1 21 200
17 102 79 91 7 0 26 0.00 0.0 0 7.5 17 190 M M 0 8 27 200
18 104 80 92 8 0 27 0.00 0.0 M 9.2 20 190 M M 1 32 200
19 104 81 93 8 0 28 0.00 0.0 0 10.7 20 190 M M 1 31 220
20 106 82 94 9 0 29 0.00 0.0 0 10.2 17 200 M M 2 27 200
21 105 80 93 8 0 28 0.00 0.0 0 6.8 14 200 M M 1 23 190
22 101 79 90 5 0 25 0.06 0.0 0 4.7 13 180 M M 2 3 24 140
23 102 76 89 4 0 24 0.00 0.0 0 5.1 14 160 M M 3 1 26 170
24 104 78 91 6 0 26 0.00 0.0 0 6.0 15 190 M M 2 21 190
25 102 80 91 6 0 26 0.00 0.0 0 6.5 14 200 M M 1 22 180
26 103 78 91 6 0 26 0.00 0.0 0 5.6 15 190 M M 2 25 180
27 101 80 91 6 0 26 0.00 0.0 0 5.1 16 190 M M 1 24 190
28 103 79 91 6 0 26 T 0.0 0 6.6 20 190 M M 1 30 180
29 101 80 91 6 0 26 0.00 0.0 0 7.4 15 190 M M 1 23 200
30 102 80 91 6 0 26 0.00 0.0 0 7.4 16 200 M M 1 29 160
31 102 81 92 7 0 27 0.00 0.0 0 7.2 14 190 M M 2 21 170
================================================================================
SM 3184 2458 0 813 0.39 0.0 196.5 M 53
================================================================================
AV102.7 79.3 6.3 FASTST M M 2 MAX(MPH)
MISC ----> # 20 190 37 350
================================================================================
NOTES:
# LAST OF SEVERAL OCCURRENCES
COLUMN 17 PEAK WIND IN M.P.H.
PRELIMINARY LOCAL CLIMATOLOGICAL DATA (WS FORM: F-6) , PAGE 2
STATION: HUNTSVILLE
MONTH: JULY
YEAR: 2022
LATITUDE: 30 45 N
LONGITUDE: 95 35 W
[TEMPERATURE DATA] [PRECIPITATION DATA] SYMBOLS USED IN COLUMN 16
AVERAGE MONTHLY: 91.0 TOTAL FOR MONTH: 0.39 1 = FOG OR MIST
DPTR FM NORMAL: 6.6 DPTR FM NORMAL: -2.36 2 = FOG REDUCING VISIBILITY
HIGHEST: 111 ON 10 GRTST 24HR 0.31 ON 14-14 TO 1/4 MILE OR LESS
LOWEST: 74 ON 15 3 = THUNDER
SNOW, ICE PELLETS, HAIL 4 = ICE PELLETS
TOTAL MONTH: 0.0 INCH 5 = HAIL
GRTST 24HR 0.0 6 = FREEZING RAIN OR DRIZZLE
GRTST DEPTH: 0 7 = DUSTSTORM OR SANDSTORM:
VSBY 1/2 MILE OR LESS
8 = SMOKE OR HAZE
[NO. OF DAYS WITH] [WEATHER - DAYS WITH] 9 = BLOWING SNOW
X = TORNADO
MAX 32 OR BELOW: 0 0.01 INCH OR MORE: 3
MAX 90 OR ABOVE: 31 0.10 INCH OR MORE: 1
MIN 32 OR BELOW: 0 0.50 INCH OR MORE: 0
MIN 0 OR BELOW: 0 1.00 INCH OR MORE: 0
[HDD (BASE 65) ]
TOTAL THIS MO. 0 CLEAR (SCALE 0-3) 29
DPTR FM NORMAL 0 PTCLDY (SCALE 4-7) 2
TOTAL FM JUL 1 0 CLOUDY (SCALE 8-10) 0
DPTR FM NORMAL 0
[CDD (BASE 65) ]
TOTAL THIS MO. 813
DPTR FM NORMAL 212 [PRESSURE DATA]
TOTAL FM JAN 1 2340 HIGHEST SLP 30.12 ON 31
DPTR FM NORMAL 630 LOWEST SLP 29.72 ON 11
[REMARKS]
#FINAL-07-22#