000
CXUS54 KEWX 011110
CF6UVA
PRELIMINARY LOCAL CLIMATOLOGICAL DATA (WS FORM: F-6)
STATION: UVALDE
MONTH: JANUARY
YEAR: 2023
LATITUDE: 29 12 N
LONGITUDE: 99 44 W
TEMPERATURE IN F: :PCPN: SNOW: WIND :SUNSHINE: SKY :PK WND
================================================================================
1 2 3 4 5 6A 6B 7 8 9 10 11 12 13 14 15 16 17 18
12Z AVG MX 2MIN
DY MAX MIN AVG DEP HDD CDD WTR SNW DPTH SPD SPD DIR MIN PSBL S-S WX SPD DR
================================================================================
1 81 47 64 M 1 0 0.00 M M 5.1 12 110 M M 0 M M
2 82 58 70 M 0 5 0.00 M M 4.9 9 130 M M 4 M M
3 76 49 63 M 2 0 0.00 M M 6.1 13 360 M M 0 18 330
4 76 36 56 M 9 0 0.00 M M 4.7 20 310 M M 0 25 310
5 77 38 58 M 7 0 0.00 M M 2.4 10 60 M M 0 M M
6 78 49 64 M 1 0 0.00 M M 6.4 18 180 M M 4 25 170
7 73 58 66 M 0 1 0.00 M M 0.0 M M M M 7 1 M M
8 74 47 61 M 4 0 0.00 M M 0.4 10 310 M M 2 18 310
9 73 45 59 M 6 0 0.00 M M 0.6 6 170 M M 0 M M
10 81 43 62 M 3 0 0.00 M M 0.6 8 170 M M 0 M M
11 85 49 67 M 0 2 0.00 M M 3.0 10 200 M M 1 17 200
12 66 41 54 M 11 0 0.00 M M 7.4 17 330 M M 0 25 10
13 66 30 48 M 17 0 0.00 M M 1.2 6 140 M M 0 M M
14 67 33 50 M 15 0 0.00 M M 8.0 16 170 M M 0 20 150
15 70 41 56 M 9 0 0.00 M M 7.0 12 160 M M 0 18 110
16 79 50 65 M 0 0 0.00 M M 3.9 7 40 M M 2 1 M M
17 83 45 64 M 1 0 0.00 M M 5.8 14 150 M M 0 18 150
18 77 49 63 M 2 0 0.00 M M 7.8 16 340 M M 3 1 25 330
19 70 32 51 M 14 0 0.00 M M 2.6 8 110 M M 2 M M
20 64 52 58 M 7 0 0.00 M M 8.9 14 90 M M 9 20 110
21 74 49 62 M 3 0 0.00 M M 6.0 13 330 M M 5 16 320
22 66 38 52 M 13 0 0.00 M M 6.9 12 310 M M 0 23 280
23 60 34 47 M 18 0 0.00 M M 11.8 18 110 M M 7 26 120
24 65 43 54 M 11 0 0.00 M M 13.2 31 290 M M 6 41 290
25 61 32 47 M 18 0 0.00 M M 7.3 21 300 M M 0 28 300
26 58 32 45 M 20 0 0.00 M M 2.6 6 130 M M 0 M M
27 56 35 46 M 19 0 0.00 M M 5.0 12 110 M M 5 M M
28 60 49 55 M 10 0 0.00 M M 3.1 9 110 M M 8 M M
29 80 55 68 M 0 3 0.00 M M 5.5 16 70 M M 4 22 70
30 55 37 46 M 19 0 0.00 M M 9.6 17 60 M M 10 1 22 60
31 37 33 35 M 30 0 0.00 M M 3.6 12 350 M M 10 1 M M
================================================================================
SM 2170 1329 270 11 0.00 M 161.7 M 89
================================================================================
AV 70.0 42.9 5.2 FASTST M M 3 MAX(MPH)
MISC ----> 31 290 41 290
================================================================================
NOTES:
# LAST OF SEVERAL OCCURRENCES
COLUMN 17 PEAK WIND IN M.P.H.
PRELIMINARY LOCAL CLIMATOLOGICAL DATA (WS FORM: F-6) , PAGE 2
STATION: UVALDE
MONTH: JANUARY
YEAR: 2023
LATITUDE: 29 12 N
LONGITUDE: 99 44 W
[TEMPERATURE DATA] [PRECIPITATION DATA] SYMBOLS USED IN COLUMN 16
AVERAGE MONTHLY: 56.4 TOTAL FOR MONTH: 0.00 1 = FOG OR MIST
DPTR FM NORMAL: 0.0 DPTR FM NORMAL: M 2 = FOG REDUCING VISIBILITY
HIGHEST: 85 ON 11 GRTST 24HR 1.23 ON 24-24 TO 1/4 MILE OR LESS
LOWEST: 30 ON 13 3 = THUNDER
SNOW, ICE PELLETS, HAIL 4 = ICE PELLETS
TOTAL MONTH: M 5 = HAIL
GRTST 24HR M ON M 6 = FREEZING RAIN OR DRIZZLE
GRTST DEPTH: M ON M 7 = DUSTSTORM OR SANDSTORM:
VSBY 1/2 MILE OR LESS
8 = SMOKE OR HAZE
[NO. OF DAYS WITH] [WEATHER - DAYS WITH] 9 = BLOWING SNOW
X = TORNADO
MAX 32 OR BELOW: 0 0.01 INCH OR MORE: 0
MAX 90 OR ABOVE: 0 0.10 INCH OR MORE: 0
MIN 32 OR BELOW: 4 0.50 INCH OR MORE: 0
MIN 0 OR BELOW: 0 1.00 INCH OR MORE: 0
[HDD (BASE 65) ]
TOTAL THIS MO. 270 CLEAR (SCALE 0-3) 19
DPTR FM NORMAL M PTCLDY (SCALE 4-7) 9
TOTAL FM JUL 1 876 CLOUDY (SCALE 8-10) 3
DPTR FM NORMAL M
[CDD (BASE 65) ]
TOTAL THIS MO. 11
DPTR FM NORMAL M [PRESSURE DATA]
TOTAL FM JAN 1 11 HIGHEST SLP M ON M
DPTR FM NORMAL M LOWEST SLP M ON M
[REMARKS]
#FINAL-01-23#