000
CXUS56 KSTO 051815
CF6VCB
PRELIMINARY LOCAL CLIMATOLOGICAL DATA (WS FORM: F-6)
STATION: VACAVILLE AIRPORT CA
MONTH: SEPTEMBER
YEAR: 2020
LATITUDE: 38 22 N
LONGITUDE: 121 58 W
TEMPERATURE IN F: :PCPN: SNOW: WIND :SUNSHINE: SKY :PK WND
================================================================================
1 2 3 4 5 6A 6B 7 8 9 10 11 12 13 14 15 16 17 18
12Z AVG MX 2MIN
DY MAX MIN AVG DEP HDD CDD WTR SNW DPTH SPD SPD DIR MIN PSBL S-S WX SPD DR
================================================================================
1 92 61 77 3 0 12 0.00 0.0 0 7.5 16 220 M M 0 8 21 220
2 89 59 74 0 0 9 0.00 0.0 0 4.8 14 220 M M 0 17 220
3 95 59 77 3 0 12 0.00 0.0 0 6.0 13 210 M M 0 19 200
4 102 58 80 6 0 15 0.00 0.0 0 3.6 13 230 M M 0 16 230
5 103 61 82 8 0 17 0.00 0.0 0 3.2 10 100 M M 0 8 14 130
6 111 67 89 15 0 24 0.00 0.0 0 1.9 9 70 M M 1 8 13 70
7 112 69 91 17 0 26 0.00 0.0 0 3.5 15 240 M M 2 8 19 260
8 97 72 85 11 0 20 0.00 0.0 0 17.4 31 350 M M 10 8 42 360
9 88 61 75 2 0 10 0.00 0.0 0 5.8 20 360 M M 10 8 26 360
10 80 54 67 -6 0 2 0.00 0.0 0 2.8 9 360 M M 10 18 13 20
11 89 53 71 -2 0 6 0.00 0.0 0 2.2 7 60 M M 10 8 10 20
12 94 55 75 2 0 10 0.00 0.0 0 2.2 7 220 M M 10 8 9 120
13 89 54 72 -1 0 7 0.00 0.0 0 3.8 12 230 M M 10 8 14 220
14 90 56 73 1 0 8 0.00 0.0 0 5.3 12 210 M M 9 8 18 210
15 91 53 72 0 0 7 0.00 0.0 0 4.2 12 220 M M 0 8 16 220
16 93 51 72 0 0 7 0.00 0.0 0 4.0 13 180 M M 0 17 180
17 92 52 72 0 0 7 0.00 0.0 0 5.3 15 220 M M 0 22 200
18 85 61 73 1 0 8 0.00 0.0 0 8.2 15 260 M M 0 21 220
19 90 53 72 1 0 7 0.00 0.0 0 3.6 12 20 M M 0 15 30
20 92 55 74 3 0 9 0.00 0.0 0 2.1 12 240 M M 0 8 15 240
21 91 53 72 1 0 7 0.00 0.0 0 4.7 15 220 M M 0 8 19 220
22 91 57 74 3 0 9 0.00 0.0 0 6.9 17 220 M M 0 23 230
23 92 54 73 3 0 8 0.00 0.0 0 5.4 16 220 M M 0 20 230
24 92 56 74 4 0 9 0.00 0.0 0 5.2 21 220 M M 0 27 240
25 86 55 71 1 0 6 0.00 0.0 0 4.6 14 220 M M 0 17 220
26 93 57 75 5 0 10 0.00 0.0 0 4.0 15 20 M M 0 8 20 20
27 99 72 86 17 0 21 0.00 0.0 0 14.4 24 10 M M 0 40 360
28 99 63 81 12 0 16 0.00 0.0 0 10.5 26 350 M M 1 34 360
29 98 56 77 8 0 12 0.00 0.0 0 2.0 10 30 M M 0 8 13 20
30 105 56 81 13 0 16 0.00 0.0 0 2.3 10 360 M M 2 8 15 350
================================================================================
SM 2820 1743 0 337 0.00 0.0 157.4 M 75
================================================================================
AV 94.0 58.1 5.2 FASTST M M 3 MAX(MPH)
MISC ----> # 31 350 # 42 360
================================================================================
NOTES:
# LAST OF SEVERAL OCCURRENCES
COLUMN 17 PEAK WIND IN M.P.H.
PRELIMINARY LOCAL CLIMATOLOGICAL DATA (WS FORM: F-6) , PAGE 2
STATION: VACAVILLE AIRPORT CA
MONTH: SEPTEMBER
YEAR: 2020
LATITUDE: 38 22 N
LONGITUDE: 121 58 W
[TEMPERATURE DATA] [PRECIPITATION DATA] SYMBOLS USED IN COLUMN 16
AVERAGE MONTHLY: 76.1 TOTAL FOR MONTH: 0.00 1 = FOG OR MIST
DPTR FM NORMAL: 4.2 DPTR FM NORMAL: -0.26 2 = FOG REDUCING VISIBILITY
HIGHEST: 112 ON 7 GRTST 24HR 0.00 ON 30-30 TO 1/4 MILE OR LESS
LOWEST: 51 ON 16 3 = THUNDER
SNOW, ICE PELLETS, HAIL 4 = ICE PELLETS
TOTAL MONTH: 0.0 INCH 5 = HAIL
GRTST 24HR 0.0 6 = FREEZING RAIN OR DRIZZLE
GRTST DEPTH: 0 7 = DUSTSTORM OR SANDSTORM:
VSBY 1/2 MILE OR LESS
8 = SMOKE OR HAZE
[NO. OF DAYS WITH] [WEATHER - DAYS WITH] 9 = BLOWING SNOW
X = TORNADO
MAX 32 OR BELOW: 0 0.01 INCH OR MORE: 0
MAX 90 OR ABOVE: 23 0.10 INCH OR MORE: 0
MIN 32 OR BELOW: 0 0.50 INCH OR MORE: 0
MIN 0 OR BELOW: 0 1.00 INCH OR MORE: 0
[HDD (BASE 65) ]
TOTAL THIS MO. 0 CLEAR (SCALE 0-3) 23
DPTR FM NORMAL -9 PTCLDY (SCALE 4-7) 0
TOTAL FM JUL 1 0 CLOUDY (SCALE 8-10) 7
DPTR FM NORMAL -9
[CDD (BASE 65) ]
TOTAL THIS MO. 337
DPTR FM NORMAL 121 [PRESSURE DATA]
TOTAL FM JAN 1 1664 HIGHEST SLP M ON M
DPTR FM NORMAL 424 LOWEST SLP 29.56 ON 8
[REMARKS]
#FINAL-09-20#