000
CXUS54 KCRP 011917
CLMVCT
CLIMATE REPORT
NATIONAL WEATHER SERVICE CORPUS CHRISTI TX
215 PM CDT MON MAY 01 2023
...................................
...THE VICTORIA CLIMATE SUMMARY FOR THE MONTH OF APRIL 2023...
CLIMATE NORMAL PERIOD 1991 TO 2020
CLIMATE RECORD PERIOD 1893 TO 2023
WEATHER OBSERVED NORMAL DEPART LAST YEAR`S
VALUE DATE(S) VALUE FROM VALUE DATE(S)
NORMAL
................................................................
TEMPERATURE (F)
RECORD
HIGH 100 04/16/1920
LOW 33 04/03/1987
HIGHEST 93 04/15 80 13 93 04/13
LOWEST 51 04/17 61 -10 39 04/08
AVG. MAXIMUM 79.6 80.8 -1.2 85.5
AVG. MINIMUM 60.6 60.0 0.6 63.5
MEAN 70.1 70.4 -0.3 74.5
DAYS MAX >= 90 2 1.4 0.6 4
DAYS MAX <= 32 0 0.0 0.0 0
DAYS MIN <= 32 0 0.0 0.0 0
DAYS MIN <= 0 0 0.0 0.0 0
PRECIPITATION (INCHES)
RECORD
MAXIMUM 11.70 1997
MINIMUM MM MM
TOTALS 6.16 3.01 3.15 0.22
DAILY AVG. 0.21 0.10 0.11 0.01
DAYS >= .01 10 6.8 3.2 2
DAYS >= .10 8 3.7 4.3 1
DAYS >= .50 5 1.7 3.3 0
DAYS >= 1.00 1 0.8 0.2 0
GREATEST
24 HR. TOTAL 1.68 04/23 TO 04/23 0.20 04/25 TO 04/25
SNOWFALL (INCHES)
RECORDS
TOTAL 0.0 MM
24 HR TOTAL 0.0 MM
TOTALS 0.0 MM MM 0.0
SINCE 7/1 0.0 MM MM MM
SNOWDEPTH AVG. 0 0
DAYS >= 1.0 0 MM MM 0
GREATEST
SNOW DEPTH 0 0
24 HR TOTAL 0.0 0.0
DEGREE DAYS
HEATING TOTAL 19 25 -6 9
SINCE 7/1 1009 1164 -155 MM
COOLING TOTAL 179 187 -8 299
SINCE 1/1 505 330 175 MM
................................................................
WIND (MPH)
AVERAGE WIND SPEED 10.6
HIGHEST WIND SPEED/DIRECTION 40/300 DATE 04/28
HIGHEST GUST SPEED/DIRECTION 53/300 DATE 04/28
SKY COVER
AVERAGE SKY COVER 0.60
AVERAGE RH (PERCENT) 78
WEATHER CONDITIONS. NUMBER OF DAYS WITH
THUNDERSTORM 8 MIXED PRECIP 0
HEAVY RAIN 7 RAIN 8
LIGHT RAIN 11 FREEZING RAIN 0
LT FREEZING RAIN 0 HAIL 0
HEAVY SNOW 0 SNOW 0
LIGHT SNOW 0 SLEET 0
FOG 23 FOG W/VIS <= 1/4 MILE 1
HAZE 12
- INDICATES NEGATIVE NUMBERS.
R INDICATES RECORD WAS SET OR TIED.
MM INDICATES DATA IS MISSING.
T INDICATES TRACE AMOUNT.
$$