000
CXUS55 KGJT 011000
CF6VEL
PRELIMINARY LOCAL CLIMATOLOGICAL DATA (WS FORM: F-6)
STATION: VERNAL UT
MONTH: MAY
YEAR: 2020
LATITUDE: 40 27 N
LONGITUDE: 109 31 W
TEMPERATURE IN F: :PCPN: SNOW: WIND :SUNSHINE: SKY :PK WND
================================================================================
1 2 3 4 5 6A 6B 7 8 9 10 11 12 13 14 15 16 17 18
12Z AVG MX 2MIN
DY MAX MIN AVG DEP HDD CDD WTR SNW DPTH SPD SPD DIR MIN PSBL S-S WX SPD DR
================================================================================
1 79 46 63 11 2 0 0.13 M M 7.5 26 330 M M 2 3 36 350
2 65 46 56 4 9 0 0.07 M M 5.6 21 220 M M 3 28 220
3 74 44 59 7 6 0 0.14 M M 5.6 23 320 M M 2 3 34 310
4 63 39 51 -2 14 0 0.11 M M 4.1 14 180 M M 5 25 140
5 70 34 52 -1 13 0 0.00 M M 4.4 12 210 M M 0 16 280
6 78 39 59 5 6 0 0.00 M M 6.4 22 260 M M 0 8 32 270
7 69 35 52 -2 13 0 0.00 M M 9.2 22 30 M M 0 30 30
8 68 34 51 -3 14 0 0.00 M M 5.9 22 30 M M 0 29 50
9 69 42 56 2 9 0 0.00 M M 5.8 16 40 M M 0 21 30
10 76 36 56 1 9 0 0.00 M M 4.1 12 240 M M 0 20 230
11 73 50 62 7 3 0 T M M 6.7 23 260 M M 4 32 260
12 81 44 63 7 2 0 0.00 M M 9.9 25 230 M M 0 34 250
13 73 48 61 5 4 0 T M M 10.3 24 240 M M 3 35 290
14 71 49 60 4 5 0 T M M 6.1 21 200 M M 5 32 300
15 71 43 57 1 8 0 T M M 6.5 21 350 M M 5 27 350
16 74 35 55 -2 10 0 0.00 M M 3.1 12 90 M M 1 17 60
17 82 45 64 7 1 0 0.00 M M 5.6 14 210 M M 0 20 220
18 86 47 67 10 0 2 0.00 M M 11.2 29 200 M M 0 38 190
19 85 46 66 8 0 1 0.00 M M 13.0 28 190 M M 0 42 190
20 67 39 53 -5 12 0 0.00 M M 9.2 30 230 M M 2 43 220
21 71 35 53 -5 12 0 0.00 M M 6.8 20 230 M M 1 26 230
22 78 40 59 1 6 0 0.00 M M 8.9 24 200 M M 0 34 190
23 66 47 57 -2 8 0 0.00 M M 11.4 24 250 M M 2 34 260
24 65 43 54 -5 11 0 0.00 M M 6.7 17 350 M M 7 26 20
25 71 36 54 -5 11 0 0.00 M M 4.7 13 220 M M 1 17 260
26 80 42 61 1 4 0 0.00 M M 3.9 10 160 M M 2 16 250
27 82 57 70 10 0 5 T M M 4.3 20 360 M M 4 25 350
28 86 50 68 8 0 3 0.00 M M 3.7 12 340 M M 0 16 350
29 89 52 71 11 0 6 0.00 M M 6.1 23 330 M M 1 31 330
30 88 54 71 10 0 6 0.04 M M 5.7 28 260 M M 1 3 38 250
31 90 57 74 13 0 9 0.03 M M 8.0 39 290 M M 2 50 280
================================================================================
SM 2340 1354 192 32 0.52 M 210.4 M 53
================================================================================
AV 75.5 43.7 6.8 FASTST M M 2 MAX(MPH)
MISC ----> # 39 290 # 50 280
================================================================================
NOTES:
# LAST OF SEVERAL OCCURRENCES
COLUMN 17 PEAK WIND IN M.P.H.
PRELIMINARY LOCAL CLIMATOLOGICAL DATA (WS FORM: F-6) , PAGE 2
STATION: VERNAL UT
MONTH: MAY
YEAR: 2020
LATITUDE: 40 27 N
LONGITUDE: 109 31 W
[TEMPERATURE DATA] [PRECIPITATION DATA] SYMBOLS USED IN COLUMN 16
AVERAGE MONTHLY: 59.6 TOTAL FOR MONTH: 0.52 1 = FOG OR MIST
DPTR FM NORMAL: 3.0 DPTR FM NORMAL: -0.37 2 = FOG REDUCING VISIBILITY
HIGHEST: 90 ON 31 GRTST 24HR 0.14 ON 3- 3 TO 1/4 MILE OR LESS
LOWEST: 34 ON 8, 5 3 = THUNDER
SNOW, ICE PELLETS, HAIL 4 = ICE PELLETS
TOTAL MONTH: M 5 = HAIL
GRTST 24HR M ON M 6 = FREEZING RAIN OR DRIZZLE
GRTST DEPTH: M ON M 7 = DUSTSTORM OR SANDSTORM:
VSBY 1/2 MILE OR LESS
8 = SMOKE OR HAZE
[NO. OF DAYS WITH] [WEATHER - DAYS WITH] 9 = BLOWING SNOW
X = TORNADO
MAX 32 OR BELOW: 0 0.01 INCH OR MORE: 6
MAX 90 OR ABOVE: 1 0.10 INCH OR MORE: 3
MIN 32 OR BELOW: 0 0.50 INCH OR MORE: 0
MIN 0 OR BELOW: 0 1.00 INCH OR MORE: 0
[HDD (BASE 65) ]
TOTAL THIS MO. 192 CLEAR (SCALE 0-3) 24
DPTR FM NORMAL -77 PTCLDY (SCALE 4-7) 7
TOTAL FM JUL 1 7104 CLOUDY (SCALE 8-10) 0
DPTR FM NORMAL -44
[CDD (BASE 65) ]
TOTAL THIS MO. 32
DPTR FM NORMAL 23 [PRESSURE DATA]
TOTAL FM JAN 1 32 HIGHEST SLP 30.27 ON 5
DPTR FM NORMAL 23 LOWEST SLP 29.44 ON 19
[REMARKS]
#FINAL-05-20#