000
CXUS53 KSGF 240800
CF6VIH
PRELIMINARY LOCAL CLIMATOLOGICAL DATA (WS FORM: F-6)

                                          STATION:   VICHY-ROLLA MO
                                          MONTH:     APRIL
                                          YEAR:      2018
                                          LATITUDE:   38  7 N
                                          LONGITUDE:  91 46 W

  TEMPERATURE IN F:       :PCPN:    SNOW:  WIND      :SUNSHINE: SKY     :PK WND
================================================================================
1   2   3   4   5  6A  6B    7    8   9   10  11  12  13   14  15   16   17  18
                                     12Z  AVG MX 2MIN
DY MAX MIN AVG DEP HDD CDD  WTR  SNW DPTH SPD SPD DIR MIN PSBL S-S WX    SPD DR
================================================================================

 1  38  26  32 -19  33   0 0.13    M    M 10.4 18 360   M    M   6 16     25 360
 2  48  26  37 -14  28   0 0.01    M    M 11.0 18 190   M    M  10 13     27 200
 3  70  31  51   0  14   0 0.02    M    M 17.3 33 300   M    M  10 1      46 300
 4  41  24  33 -19  32   0 0.00    M    M  9.2 22 290   M    M   3        34 320
 5  63  28  46  -6  19   0 0.00    M    M 10.7 18 210   M    M   0        26 190
 6  53  25  39 -13  26   0    T    M    M 14.0 24  10   M    M   4        31  40
 7  43  23  33 -20  32   0    T    M    M  8.6 16 340   M    M   2        22 330
 8  39  26  33 -20  32   0 0.01    M    M  7.9 16 190   M    M   6 1      20 190
 9  58  28  43 -10  22   0 0.00    M    M  8.8 17 330   M    M   6        25 310
10  55  36  46  -8  19   0    T    M    M  5.1 14 200   M    M   7 18     20 190
11  74  47  61   7   4   0 0.00    M    M 15.5 25 220   M    M   1        36 210
12  85  56  71  17   0   6 0.00    M    M 17.8 29 180   M    M   0        41 190
13  78  60  69  15   0   4 1.03    M    M 18.0 30 190   M    M   3 13     43 180
14  60  38  49  -6  16   0    T    M    M 15.0 24 240   M    M   M        32 270
15  38  29  34 -21  31   0    T    M    M 15.7 24 280   M    M   M 1      33 290
16  50  29  40 -16  25   0    T    M    M 12.5 26 310   M    M   0        37 310
17  72  32  52  -4  13   0 0.00    M    M  8.1 16  90   M    M   0        24  90
18  65  39  52  -4  13   0 0.00    M    M 17.7 32 260   M    M  10        41 260
19  56  31  44 -12  21   0 0.00    M    M  9.2 22 310   M    M   3        32 320
20  65  28  47 -10  18   0 0.00    M    M  7.8 16 100   M    M   0        24 110
21  68  44  56  -1   9   0 0.00    M    M 10.8 18  50   M    M   1        26  50
22  57  49  53  -4  12   0 0.54    M    M 14.0 22  50   M    M  10 18     34  50
23  62  50  56  -2   9   0 0.01    M    M 11.6 22  20   M    M   9 8      30  40
================================================================================
SM 1338  805       428  10  1.75    M    276.7          M       91
================================================================================
AV 58.2 35.0                              12.0 FASTST   M    M   4    MAX(MPH)
                                 MISC ---->  # 33 300               # 46  300
================================================================================
NOTES:
# LAST OF SEVERAL OCCURRENCES

COLUMN 17 PEAK WIND IN M.P.H.

PRELIMINARY LOCAL CLIMATOLOGICAL DATA (WS FORM: F-6) , PAGE 2

                                          STATION:  VICHY-ROLLA MO
                                          MONTH:    APRIL
                                          YEAR:     2018
                                          LATITUDE:   38  7 N
                                          LONGITUDE:  91 46 W

[TEMPERATURE DATA]      [PRECIPITATION DATA]       SYMBOLS USED IN COLUMN 16

AVERAGE MONTHLY: 46.6   TOTAL FOR MONTH:   1.75    1 = FOG OR MIST
DPTR FM NORMAL:  -7.6   DPTR FM NORMAL:   -1.39    2 = FOG REDUCING VISIBILITY
HIGHEST:    85 ON 12    GRTST 24HR  1.03 ON 13-13      TO 1/4 MILE OR LESS
LOWEST:     23 ON  7                               3 = THUNDER
                        SNOW, ICE PELLETS, HAIL    4 = ICE PELLETS
                        TOTAL MONTH:    M          5 = HAIL
                        GRTST 24HR    M  ON   M    6 = FREEZING RAIN OR DRIZZLE
                        GRTST DEPTH:  M  ON   M    7 = DUSTSTORM OR SANDSTORM:
                                                       VSBY 1/2 MILE OR LESS
                                                   8 = SMOKE OR HAZE
[NO. OF DAYS WITH]      [WEATHER - DAYS WITH]      9 = BLOWING SNOW
                                                   X = TORNADO
MAX 32 OR BELOW:   0    0.01 INCH OR MORE:   7
MAX 90 OR ABOVE:   0    0.10 INCH OR MORE:   3
MIN 32 OR BELOW:  14    0.50 INCH OR MORE:   2
MIN  0 OR BELOW:   0    1.00 INCH OR MORE:   1

[HDD (BASE 65) ]
TOTAL THIS MO.   428    CLEAR  (SCALE 0-3)  10
DPTR FM NORMAL   165    PTCLDY (SCALE 4-7)   6
TOTAL FM JUL 1  4668    CLOUDY (SCALE 8-10)  5
DPTR FM NORMAL     1

[CDD (BASE 65) ]
TOTAL THIS MO.    10
DPTR FM NORMAL    -7    [PRESSURE DATA]
TOTAL FM JAN 1    10    HIGHEST SLP M ON M
DPTR FM NORMAL   -11    LOWEST  SLP 29.45 ON 13

[REMARKS]
