000
CXUS53 KSGF 010800
CF6VIH
PRELIMINARY LOCAL CLIMATOLOGICAL DATA (WS FORM: F-6)

                                          STATION:   VICHY-ROLLA MO
                                          MONTH:     FEBRUARY
                                          YEAR:      2018
                                          LATITUDE:   38  7 N
                                          LONGITUDE:  91 46 W

  TEMPERATURE IN F:       :PCPN:    SNOW:  WIND      :SUNSHINE: SKY     :PK WND
================================================================================
1   2   3   4   5  6A  6B    7    8   9   10  11  12  13   14  15   16   17  18
                                     12Z  AVG MX 2MIN
DY MAX MIN AVG DEP HDD CDD  WTR  SNW DPTH SPD SPD DIR MIN PSBL S-S WX    SPD DR
================================================================================

 1  40  14  27  -5  38   0 0.00    M    M  9.9 21 330   M    M   3        28 340
 2  32   8  20 -12  45   0 0.00    M    M  6.6 17 180   M    M   1        22 170
 3  48  28  38   5  27   0    T    M    M 14.0 21 190   M    M   6        28 190
 4  35   2  19 -14  46   0    T    M    M 12.1 23 310   M    M   7 128    30 300
 5  32  -5  14 -19  51   0    T    M    M  7.9 16 320   M    M   3 16     22 340
 6  28  17  23 -10  42   0    T    M    M  8.8 15  20   M    M   7 1      18  30
 7  32  14  23 -11  42   0 0.00    M    M  6.8 16 330   M    M   3 1      22 290
 8  52  14  33  -1  32   0 0.00    M    M  9.1 21 180   M    M   1        31 170
 9  54  28  41   7  24   0 0.00    M    M 11.9 20 190   M    M   2        29 190
10  28  21  25  -9  40   0 0.04    M    M 10.4 17  30   M    M  10 16     22  30
11  22  10  16 -18  49   0    T    M    M  7.8 15 320   M    M   8 16     21 320
12  36   8  22 -13  43   0 0.00    M    M  6.3 14  90   M    M   0 1      20  80
13  46  22  34  -1  31   0 0.00    M    M  8.5 16 190   M    M   5 1      22 180
14  64  42  53  18  12   0 0.01    M    M 11.9 23 210   M    M   6 18     31 220
15  80  49  65  29   0   0 0.70    M    M 15.0 30 220   M    M   4 1      40 220
16  49  31  40   4  25   0 0.01    M    M 10.4 24 340   M    M   4 1      32 330
17  46  24  35  -1  30   0 0.07    M    M  8.2 23 250   M    M   6 1      32 250
18  52  24  38   2  27   0 0.00    M    M 14.6 25 170   M    M   1 1      35 150
19  65  50  58  21   7   0 0.70    M    M 17.9 29 180   M    M  10 13     39 190
20  67  31  49  12  16   0 1.10    M    M 17.1 28 180   M    M   9 16     42 190
21  31  25  28  -9  37   0 0.13    M    M 11.3 20 330   M    M  10 16     26 340
22  42  28  35  -3  30   0 0.13    M    M  7.3 17 110   M    M  10 16     23 110
23  45  39  42   4  23   0 0.37    M    M  7.2 16 280   M    M  10 1      21 270
24  54  37  46   8  19   0 2.10    M    0 13.6 29 280   M    M  10 1      41 280
25  51  28  40   1  25   0 0.00    M    M  6.3 22 270   M    M   1 1      31 260
26  60  29  45   6  20   0 0.00    M    M  7.3 17 230   M    M   0        22 240
27  67  39  53  14  12   0    T    M    M 13.9 31 190   M    M   2        42 180
28  61  49  55  15  10   0 0.03    M    M  9.2 16 180   M    M   6 13     23 180
================================================================================
SM 1319  706       803   0  5.39    M    291.3          M      145
================================================================================
AV 47.1 25.2                              10.4 FASTST   M    M   5    MAX(MPH)
                                 MISC ---->  # 31 190               # 42  190
================================================================================
NOTES:
# LAST OF SEVERAL OCCURRENCES

COLUMN 17 PEAK WIND IN M.P.H.

PRELIMINARY LOCAL CLIMATOLOGICAL DATA (WS FORM: F-6) , PAGE 2

                                          STATION:  VICHY-ROLLA MO
                                          MONTH:    FEBRUARY
                                          YEAR:     2018
                                          LATITUDE:   38  7 N
                                          LONGITUDE:  91 46 W

[TEMPERATURE DATA]      [PRECIPITATION DATA]       SYMBOLS USED IN COLUMN 16

AVERAGE MONTHLY: 36.2   TOTAL FOR MONTH:   5.39    1 = FOG OR MIST
DPTR FM NORMAL:   0.5   DPTR FM NORMAL:    3.46    2 = FOG REDUCING VISIBILITY
HIGHEST:    80 ON 15    GRTST 24HR  2.10 ON 24-24      TO 1/4 MILE OR LESS
LOWEST:     -5 ON  5                               3 = THUNDER
                        SNOW, ICE PELLETS, HAIL    4 = ICE PELLETS
                        TOTAL MONTH:    M          5 = HAIL
                        GRTST 24HR    M  ON   M    6 = FREEZING RAIN OR DRIZZLE
                        GRTST DEPTH:   0           7 = DUSTSTORM OR SANDSTORM:
                                                       VSBY 1/2 MILE OR LESS
                                                   8 = SMOKE OR HAZE
[NO. OF DAYS WITH]      [WEATHER - DAYS WITH]      9 = BLOWING SNOW
                                                   X = TORNADO
MAX 32 OR BELOW:   7    0.01 INCH OR MORE:  12
MAX 90 OR ABOVE:   0    0.10 INCH OR MORE:   7
MIN 32 OR BELOW:  21    0.50 INCH OR MORE:   4
MIN  0 OR BELOW:   1    1.00 INCH OR MORE:   2

[HDD (BASE 65) ]
TOTAL THIS MO.   803    CLEAR  (SCALE 0-3)   9
DPTR FM NORMAL   -19    PTCLDY (SCALE 4-7)  11
TOTAL FM JUL 1  3575    CLOUDY (SCALE 8-10)  8
DPTR FM NORMAL  -215

[CDD (BASE 65) ]
TOTAL THIS MO.     0
DPTR FM NORMAL     0    [PRESSURE DATA]
TOTAL FM JAN 1     0    HIGHEST SLP M ON M
DPTR FM NORMAL     0    LOWEST  SLP 29.59 ON 24

[REMARKS]
#FINAL-02-18#
