000
CXUS53 KSGF 010710
CF6VIH
PRELIMINARY LOCAL CLIMATOLOGICAL DATA (WS FORM: F-6)
STATION: VICHY-ROLLA MO
MONTH: SEPTEMBER
YEAR: 2023
LATITUDE: 38 7 N
LONGITUDE: 91 46 W
TEMPERATURE IN F: :PCPN: SNOW: WIND :SUNSHINE: SKY :PK WND
================================================================================
1 2 3 4 5 6A 6B 7 8 9 10 11 12 13 14 15 16 17 18
12Z AVG MX 2MIN
DY MAX MIN AVG DEP HDD CDD WTR SNW DPTH SPD SPD DIR MIN PSBL S-S WX SPD DR
================================================================================
1 83 52 68 -5 0 3 0.00 M M 5.6 10 140 M M 0 14 70
2 88 54 71 -2 0 6 0.00 M M 5.5 12 100 M M 0 17 190
3 90 68 79 6 0 14 T M M 8.7 14 120 M M 2 18 200
4 95 68 82 10 0 17 0.80 M M 10.3 46 210 M M 3 3 68 200
5 85 70 78 6 0 13 0.10 M M 12.9 31 280 M M 2 3 47 280
6 76 59 68 -4 0 3 0.00 M M 7.4 17 260 M M 4 3 22 280
7 81 56 69 -2 0 4 0.00 M M 4.7 13 330 M M 0 1 19 340
8 77 55 66 -5 0 1 0.00 M M 3.6 13 30 M M 1 19 320
9 78 52 65 -6 0 0 0.00 M M 4.6 14 30 M M 1 1 18 40
10 83 52 68 -2 0 3 0.00 M M 2.9 9 150 M M 0 14 140
11 76 61 69 -1 0 4 0.07 M M 6.8 15 210 M M 4 1 19 230
12 78 52 65 -5 0 0 T M M 4.7 14 20 M M 5 16 10
13 79 47 63 -6 2 0 0.00 M M 3.3 10 140 M M 2 15 100
14 81 50 66 -3 0 1 0.00 M M 1.8 8 90 M M 5 M M
15 81 48 65 -4 0 0 0.00 M M 3.9 14 10 M M 0 19 20
16 78 56 67 -1 0 2 T M M 5.0 16 270 M M 6 3 21 260
17 78 53 66 -2 0 1 0.00 M M 6.3 15 340 M M 2 23 340
18 79 48 64 -4 1 0 0.00 M M 4.2 12 210 M M 0 15 190
19 87 58 73 6 0 8 0.00 M M 10.7 18 200 M M 1 26 190
20 70 61 66 -1 0 1 0.07 M M 8.2 16 100 M M 7 23 200
21 86 60 73 7 0 8 0.00 M M 6.6 13 150 M M 3 1 18 160
22 80 64 72 6 0 7 0.00 M M 7.6 16 260 M M 4 23 250
23 85 63 74 8 0 9 0.21 M M 9.4 22 180 M M 2 3 29 200
24 84 63 74 9 0 9 0.00 M M 7.3 13 140 M M 2 18 130
25 87 60 74 9 0 9 0.00 M M 5.9 14 260 M M 1 12 18 260
26 88 60 74 10 0 9 0.00 M M 7.8 17 250 M M 1 29 250
27 85 59 72 8 0 7 0.00 M M 5.5 14 240 M M 4 17 240
28 89 64 77 13 0 12 0.00 M M 6.8 13 260 M M 2 17 270
29 92 64 78 15 0 13 0.00 M M 5.5 12 150 M M 1 17 140
30 93 64 79 16 0 14 0.00 M M 6.4 12 110 M M 0 17 120
================================================================================
SM 2492 1741 3 178 1.25 M 189.9 M 65
================================================================================
AV 83.1 58.0 6.3 FASTST M M 2 MAX(MPH)
MISC ----> 46 210 68 200
================================================================================
NOTES:
# LAST OF SEVERAL OCCURRENCES
COLUMN 17 PEAK WIND IN M.P.H.
PRELIMINARY LOCAL CLIMATOLOGICAL DATA (WS FORM: F-6) , PAGE 2
STATION: VICHY-ROLLA MO
MONTH: SEPTEMBER
YEAR: 2023
LATITUDE: 38 7 N
LONGITUDE: 91 46 W
[TEMPERATURE DATA] [PRECIPITATION DATA] SYMBOLS USED IN COLUMN 16
AVERAGE MONTHLY: 70.6 TOTAL FOR MONTH: 1.25 1 = FOG OR MIST
DPTR FM NORMAL: 2.3 DPTR FM NORMAL: -2.56 2 = FOG REDUCING VISIBILITY
HIGHEST: 95 ON 4 GRTST 24HR 0.80 ON 4- 4 TO 1/4 MILE OR LESS
LOWEST: 47 ON 13 3 = THUNDER
SNOW, ICE PELLETS, HAIL 4 = ICE PELLETS
TOTAL MONTH: M 5 = HAIL
GRTST 24HR M ON M 6 = FREEZING RAIN OR DRIZZLE
GRTST DEPTH: M ON M 7 = DUSTSTORM OR SANDSTORM:
VSBY 1/2 MILE OR LESS
8 = SMOKE OR HAZE
[NO. OF DAYS WITH] [WEATHER - DAYS WITH] 9 = BLOWING SNOW
X = TORNADO
MAX 32 OR BELOW: 0 0.01 INCH OR MORE: 5
MAX 90 OR ABOVE: 4 0.10 INCH OR MORE: 3
MIN 32 OR BELOW: 0 0.50 INCH OR MORE: 1
MIN 0 OR BELOW: 0 1.00 INCH OR MORE: 0
[HDD (BASE 65) ]
TOTAL THIS MO. 3 CLEAR (SCALE 0-3) 21
DPTR FM NORMAL -53 PTCLDY (SCALE 4-7) 9
TOTAL FM JUL 1 3 CLOUDY (SCALE 8-10) 0
DPTR FM NORMAL -53
[CDD (BASE 65) ]
TOTAL THIS MO. 178
DPTR FM NORMAL 23 [PRESSURE DATA]
TOTAL FM JAN 1 1317 HIGHEST SLP M ON M
DPTR FM NORMAL 45 LOWEST SLP 29.81 ON 5
[REMARKS]
#FINAL-09-23#