000
CDUS43 KSGF 162138
CLIVIH


CLIMATE REPORT
NATIONAL WEATHER SERVICE SPRINGFIELD MO
438 PM CDT MON APR 16 2018


...................................

...THE VICHY-ROLLA MO CLIMATE SUMMARY FOR APRIL 16 2018...
VALID AS OF 0400 PM LOCAL TIME.

CLIMATE NORMAL PERIOD 1981 TO 2010
CLIMATE RECORD PERIOD 1888 TO 2018


WEATHER ITEM   OBSERVED TIME   RECORD YEAR NORMAL DEPARTURE LAST
                VALUE   (LST)  VALUE       VALUE  FROM      YEAR
                                                  NORMAL
..................................................................
TEMPERATURE (F)
 TODAY
  MAXIMUM         MM        MM  85    2006  67     MM       73
                                      1977
  MINIMUM         MM        MM  27    1949  44     MM       59
  AVERAGE         MM                        56     MM       66

PRECIPITATION (IN)
  TODAY           MM             0.90 1995   0.14  MM        0.20
  MONTH TO DATE    0.56                      2.14  -1.58     1.61
  SINCE MAR 1      3.95                      5.59  -1.64     4.75
  SINCE JAN 1     11.00                      9.69   1.31     6.81

DEGREE DAYS
 HEATING
  TODAY           MM                        10     MM        0
  MONTH TO DATE  261                       199     62      103
  SINCE MAR 1    926                       813    113      606
  SINCE JUL 1   4501                      4603   -102     3592

 COOLING
  TODAY           MM                         1     MM        1
  MONTH TO DATE   10                        10      0       23
  SINCE MAR 1     10                        14     -4       26
  SINCE JAN 1     10                        14     -4       27
..................................................................


WIND (MPH)
  HIGHEST WIND SPEED    MM   HIGHEST WIND DIRECTION    MM
  HIGHEST GUST SPEED    MM   HIGHEST GUST DIRECTION    MM


SKY COVER
  AVERAGE SKY COVER  MM


WEATHER CONDITIONS
 THE FOLLOWING WEATHER WAS RECORDED TODAY.
  NO SIGNIFICANT WEATHER WAS OBSERVED.


RELATIVE HUMIDITY (PERCENT)
 HIGHEST    MM
 LOWEST     MM
 AVERAGE    MM

..........................................................


THE VICHY-ROLLA MO CLIMATE NORMALS FOR TOMORROW
                         NORMAL    RECORD    YEAR
 MAXIMUM TEMPERATURE (F)   67        86      2004
 MINIMUM TEMPERATURE (F)   44        25      1904


SUNRISE AND SUNSET
APRIL 16 2018.........SUNRISE   630 AM CDT   SUNSET   744 PM CDT
APRIL 17 2018.........SUNRISE   629 AM CDT   SUNSET   745 PM CDT


-  INDICATES NEGATIVE NUMBERS.
R  INDICATES RECORD WAS SET OR TIED.
MM INDICATES DATA IS MISSING.
T  INDICATES TRACE AMOUNT.




$$
