000
CDUS43 KSGF 180626
CLIVIH


CLIMATE REPORT
NATIONAL WEATHER SERVICE SPRINGFIELD MO
126 AM CDT WED APR 18 2018


...................................

...THE VICHY-ROLLA MO CLIMATE SUMMARY FOR APRIL 17 2018...

CLIMATE NORMAL PERIOD 1981 TO 2010
CLIMATE RECORD PERIOD 1888 TO 2018


WEATHER ITEM   OBSERVED TIME   RECORD YEAR NORMAL DEPARTURE LAST
                VALUE   (LST)  VALUE       VALUE  FROM      YEAR
                                                  NORMAL
..................................................................
TEMPERATURE (F)
 YESTERDAY
  MAXIMUM         65    200 PM  86    2004  67     -2       67
  MINIMUM         32        MM  25    1904  44    -12       52
  AVERAGE         49                        56     -7       60

PRECIPITATION (IN)
  YESTERDAY        0.00          2.91 1957   0.14  -0.14      T
  MONTH TO DATE    0.56                      2.28  -1.72     1.61
  SINCE MAR 1      3.95                      5.73  -1.78     4.75
  SINCE JAN 1     11.00                      9.83   1.17     6.81

DEGREE DAYS
 HEATING
  YESTERDAY       16                        10      6        5
  MONTH TO DATE  302                       209     93      108
  SINCE MAR 1    967                       823    144      611
  SINCE JUL 1   4542                      4613    -71     3597

 COOLING
  YESTERDAY        0                         1     -1        0
  MONTH TO DATE   10                        11     -1       23
  SINCE MAR 1     10                        15     -5       26
  SINCE JAN 1     10                        15     -5       27
..................................................................


WIND (MPH)
  HIGHEST WIND SPEED    12   HIGHEST WIND DIRECTION     E (80)
  HIGHEST GUST SPEED    16   HIGHEST GUST DIRECTION     E (100)
  AVERAGE WIND SPEED     6.5


SKY COVER
  AVERAGE SKY COVER 0.0


WEATHER CONDITIONS
 THE FOLLOWING WEATHER WAS RECORDED YESTERDAY.
  NO SIGNIFICANT WEATHER WAS OBSERVED.


RELATIVE HUMIDITY (PERCENT)
 HIGHEST    78           200 AM
 LOWEST     37           200 PM
 AVERAGE    58

..........................................................


THE VICHY-ROLLA MO CLIMATE NORMALS FOR TODAY
                         NORMAL    RECORD    YEAR
 MAXIMUM TEMPERATURE (F)   68        88      2006
                                             1899
 MINIMUM TEMPERATURE (F)   45        25      1953


SUNRISE AND SUNSET
APRIL 18 2018.........SUNRISE   627 AM CDT   SUNSET   746 PM CDT
APRIL 19 2018.........SUNRISE   626 AM CDT   SUNSET   747 PM CDT


-  INDICATES NEGATIVE NUMBERS.
R  INDICATES RECORD WAS SET OR TIED.
MM INDICATES DATA IS MISSING.
T  INDICATES TRACE AMOUNT.




$$
