000
CDUS43 KSGF 152227
CLIVIH


CLIMATE REPORT
NATIONAL WEATHER SERVICE SPRINGFIELD MO
526 PM CDT TUE MAY 15 2018


...................................

...THE VICHY-ROLLA MO CLIMATE SUMMARY FOR MAY 15 2018...
VALID TODAY AS OF 0500 PM LOCAL TIME.

CLIMATE NORMAL PERIOD 1981 TO 2010
CLIMATE RECORD PERIOD 1888 TO 2018


WEATHER ITEM   OBSERVED TIME   RECORD YEAR NORMAL DEPARTURE LAST
                VALUE   (LST)  VALUE       VALUE  FROM      YEAR
                                                  NORMAL
..................................................................
TEMPERATURE (F)
 TODAY
  MAXIMUM         81    321 PM  95    1899  74      7       83
  MINIMUM         61    535 AM  35    2016  53      8       57
  AVERAGE         71                        64      7       70

PRECIPITATION (IN)
  TODAY            T             1.18 1948   0.17  -0.17     0.00
  MONTH TO DATE    1.75                      2.45  -0.70     3.60
  SINCE MAR 1      7.13                     10.12  -2.99    17.83
  SINCE JAN 1     14.18                     14.22  -0.04    19.89

DEGREE DAYS
 COOLING
  TODAY            6                         3      3        5
  MONTH TO DATE   87                        25     62       21
  SINCE MAR 1     97                        51     46       56
  SINCE JAN 1     97                        51     46       57
..................................................................


WIND (MPH)
  HIGHEST WIND SPEED    15   HIGHEST WIND DIRECTION     W (270)
  HIGHEST GUST SPEED    20   HIGHEST GUST DIRECTION    SW (230)


SKY COVER
  AVERAGE SKY COVER 0.1


WEATHER CONDITIONS
 THE FOLLOWING WEATHER WAS RECORDED TODAY.
  LIGHT RAIN


RELATIVE HUMIDITY (PERCENT)
 HIGHEST    93          1200 AM
 LOWEST     54           200 PM
 AVERAGE    74

..........................................................


THE VICHY-ROLLA MO CLIMATE NORMALS FOR TOMORROW
                         NORMAL    RECORD    YEAR
 MAXIMUM TEMPERATURE (F)   74        90      1899
 MINIMUM TEMPERATURE (F)   53        31      1997


SUNRISE AND SUNSET
MAY 15 2018...........SUNRISE   556 AM CDT   SUNSET   811 PM CDT
MAY 16 2018...........SUNRISE   556 AM CDT   SUNSET   812 PM CDT


-  INDICATES NEGATIVE NUMBERS.
R  INDICATES RECORD WAS SET OR TIED.
MM INDICATES DATA IS MISSING.
T  INDICATES TRACE AMOUNT.




$$
