000
CDUS43 KSGF 060627
CLIVIH


CLIMATE REPORT
NATIONAL WEATHER SERVICE SPRINGFIELD MO
127 AM CDT FRI APR 6 2018


...................................

...THE VICHY-ROLLA MO CLIMATE SUMMARY FOR APRIL 5 2018...

CLIMATE NORMAL PERIOD 1981 TO 2010
CLIMATE RECORD PERIOD 1888 TO 2018


WEATHER ITEM   OBSERVED TIME   RECORD YEAR NORMAL DEPARTURE LAST
                VALUE   (LST)  VALUE       VALUE  FROM      YEAR
                                                  NORMAL
..................................................................
TEMPERATURE (F)
 YESTERDAY
  MAXIMUM         63    415 PM  86    1967  64     -1       61
  MINIMUM         28   1216 AM  25    2011  40    -12       40
  AVERAGE         46                        52     -6       51

PRECIPITATION (IN)
  YESTERDAY        0.00          1.39 1964   0.13  -0.13     0.18
  MONTH TO DATE    0.16                      0.63  -0.47     1.41
  SINCE MAR 1      3.55                      4.08  -0.53     4.55
  SINCE JAN 1     10.60                      8.18   2.42     6.61

DEGREE DAYS
 HEATING
  YESTERDAY       19                        13      6       14
  MONTH TO DATE  126                        70     56       49
  SINCE MAR 1    791                       684    107      552
  SINCE JUL 1   4366                      4474   -108     3538

 COOLING
  YESTERDAY        0                         0      0        0
  MONTH TO DATE    0                         0      0        0
  SINCE MAR 1      0                         4     -4        3
  SINCE JAN 1      0                         4     -4        4
..................................................................


WIND (MPH)
  HIGHEST WIND SPEED    18   HIGHEST WIND DIRECTION    SW (210)
  HIGHEST GUST SPEED    26   HIGHEST GUST DIRECTION     S (190)
  AVERAGE WIND SPEED    10.7


SKY COVER
  AVERAGE SKY COVER 0.0


WEATHER CONDITIONS
 THE FOLLOWING WEATHER WAS RECORDED YESTERDAY.
  NO SIGNIFICANT WEATHER WAS OBSERVED.


RELATIVE HUMIDITY (PERCENT)
 HIGHEST    78          1200 AM
 LOWEST     30           300 PM
 AVERAGE    54

..........................................................


THE VICHY-ROLLA MO CLIMATE NORMALS FOR TODAY
                         NORMAL    RECORD    YEAR
 MAXIMUM TEMPERATURE (F)   64        89      1954
 MINIMUM TEMPERATURE (F)   41        22      1982


SUNRISE AND SUNSET
APRIL  6 2018.........SUNRISE   645 AM CDT   SUNSET   735 PM CDT
APRIL  7 2018.........SUNRISE   643 AM CDT   SUNSET   736 PM CDT


-  INDICATES NEGATIVE NUMBERS.
R  INDICATES RECORD WAS SET OR TIED.
MM INDICATES DATA IS MISSING.
T  INDICATES TRACE AMOUNT.




$$
