000
CDUS43 KSGF 100628
CLIVIH


CLIMATE REPORT
NATIONAL WEATHER SERVICE SPRINGFIELD MO
127 AM CDT TUE APR 10 2018


...................................

...THE VICHY-ROLLA MO CLIMATE SUMMARY FOR APRIL 9 2018...

CLIMATE NORMAL PERIOD 1981 TO 2010
CLIMATE RECORD PERIOD 1888 TO 2018


WEATHER ITEM   OBSERVED TIME   RECORD YEAR NORMAL DEPARTURE LAST
                VALUE   (LST)  VALUE       VALUE  FROM      YEAR
                                                  NORMAL
..................................................................
TEMPERATURE (F)
 YESTERDAY
  MAXIMUM         58    149 PM  89    2011  65     -7       81
  MINIMUM         28    352 AM  20    2007  42    -14       60
  AVERAGE         43                        53    -10       71

PRECIPITATION (IN)
  YESTERDAY        0.00          0.87 1956   0.14  -0.14     0.00
  MONTH TO DATE    0.17                      1.17  -1.00     1.41
  SINCE MAR 1      3.56                      4.62  -1.06     4.55
  SINCE JAN 1     10.61                      8.72   1.89     6.61

DEGREE DAYS
 HEATING
  YESTERDAY       22                        12     10        0
  MONTH TO DATE  238                       121    117       85
  SINCE MAR 1    903                       735    168      588
  SINCE JUL 1   4478                      4525    -47     3574

 COOLING
  YESTERDAY        0                         1     -1        6
  MONTH TO DATE    0                         3     -3        6
  SINCE MAR 1      0                         7     -7        9
  SINCE JAN 1      0                         7     -7       10
..................................................................


WIND (MPH)
  HIGHEST WIND SPEED    17   HIGHEST WIND DIRECTION    NW (330)
  HIGHEST GUST SPEED    25   HIGHEST GUST DIRECTION    NW (310)
  AVERAGE WIND SPEED     8.8


SKY COVER
  AVERAGE SKY COVER 0.6


WEATHER CONDITIONS
 THE FOLLOWING WEATHER WAS RECORDED YESTERDAY.
  NO SIGNIFICANT WEATHER WAS OBSERVED.


RELATIVE HUMIDITY (PERCENT)
 HIGHEST    85           100 AM
 LOWEST     43           200 PM
 AVERAGE    64

..........................................................


THE VICHY-ROLLA MO CLIMATE NORMALS FOR TODAY
                         NORMAL    RECORD    YEAR
 MAXIMUM TEMPERATURE (F)   65        86      2011
 MINIMUM TEMPERATURE (F)   42        25      2003
                                             1960


SUNRISE AND SUNSET
APRIL 10 2018.........SUNRISE   639 AM CDT   SUNSET   739 PM CDT
APRIL 11 2018.........SUNRISE   637 AM CDT   SUNSET   740 PM CDT


-  INDICATES NEGATIVE NUMBERS.
R  INDICATES RECORD WAS SET OR TIED.
MM INDICATES DATA IS MISSING.
T  INDICATES TRACE AMOUNT.




$$
