000
CDUS43 KSGF 122126
CLIVIH


CLIMATE REPORT
NATIONAL WEATHER SERVICE SPRINGFIELD MO
426 PM CDT THU APR 12 2018


...................................

...THE VICHY-ROLLA MO CLIMATE SUMMARY FOR APRIL 12 2018...
VALID AS OF 0400 PM LOCAL TIME.

CLIMATE NORMAL PERIOD 1981 TO 2010
CLIMATE RECORD PERIOD 1888 TO 2018


WEATHER ITEM   OBSERVED TIME   RECORD YEAR NORMAL DEPARTURE LAST
                VALUE   (LST)  VALUE       VALUE  FROM      YEAR
                                                  NORMAL
..................................................................
TEMPERATURE (F)
 TODAY
  MAXIMUM         85    208 PM  92    1972  66     19       76
  MINIMUM         56    450 AM  24    1957  43     13       39
  AVERAGE         71                        54     17       58

PRECIPITATION (IN)
  TODAY            0.00          1.18 1970   0.14  -0.14     0.00
  MONTH TO DATE    0.17                      1.58  -1.41     1.41
  SINCE MAR 1      3.56                      5.03  -1.47     4.55
  SINCE JAN 1     10.61                      9.13   1.48     6.61

DEGREE DAYS
 HEATING
  TODAY            0                        11    -11        7
  MONTH TO DATE  261                       156    105      103
  SINCE MAR 1    926                       770    156      606
  SINCE JUL 1   4501                      4560    -59     3592

 COOLING
  TODAY            6                         1      5        0
  MONTH TO DATE    6                         6      0        6
  SINCE MAR 1      6                        10     -4        9
  SINCE JAN 1      6                        10     -4       10
..................................................................


WIND (MPH)
  HIGHEST WIND SPEED    29   HIGHEST WIND DIRECTION     S (190)
  HIGHEST GUST SPEED    38   HIGHEST GUST DIRECTION     S (190)


SKY COVER
  AVERAGE SKY COVER 0.0


WEATHER CONDITIONS
 THE FOLLOWING WEATHER WAS RECORDED TODAY.
  NO SIGNIFICANT WEATHER WAS OBSERVED.


RELATIVE HUMIDITY (PERCENT)
 HIGHEST    55           600 AM
 LOWEST     31           300 PM
 AVERAGE    43

..........................................................


THE VICHY-ROLLA MO CLIMATE NORMALS FOR TOMORROW
                         NORMAL    RECORD    YEAR
 MAXIMUM TEMPERATURE (F)   66        86      2006
 MINIMUM TEMPERATURE (F)   43        23      1950


SUNRISE AND SUNSET
APRIL 12 2018.........SUNRISE   636 AM CDT   SUNSET   740 PM CDT
APRIL 13 2018.........SUNRISE   634 AM CDT   SUNSET   741 PM CDT


-  INDICATES NEGATIVE NUMBERS.
R  INDICATES RECORD WAS SET OR TIED.
MM INDICATES DATA IS MISSING.
T  INDICATES TRACE AMOUNT.




$$
