000
CDUS43 KSGF 112126
CLIVIH


CLIMATE REPORT
NATIONAL WEATHER SERVICE SPRINGFIELD MO
426 PM CDT WED APR 11 2018


...................................

...THE VICHY-ROLLA MO CLIMATE SUMMARY FOR APRIL 11 2018...
VALID AS OF 0400 PM LOCAL TIME.

CLIMATE NORMAL PERIOD 1981 TO 2010
CLIMATE RECORD PERIOD 1888 TO 2018


WEATHER ITEM   OBSERVED TIME   RECORD YEAR NORMAL DEPARTURE LAST
                VALUE   (LST)  VALUE       VALUE  FROM      YEAR
                                                  NORMAL
..................................................................
TEMPERATURE (F)
 TODAY
  MAXIMUM         74    203 PM  84    1903  66      8       64
  MINIMUM         47    443 AM  28    1900  42      5       43
  AVERAGE         61                        54      7       54

PRECIPITATION (IN)
  TODAY            0.00          4.07 1994   0.14  -0.14     0.00
  MONTH TO DATE    0.17                      1.44  -1.27     1.41
  SINCE MAR 1      3.56                      4.89  -1.33     4.55
  SINCE JAN 1     10.61                      8.99   1.62     6.61

DEGREE DAYS
 HEATING
  TODAY            4                        12     -8       11
  MONTH TO DATE  261                       145    116       96
  SINCE MAR 1    926                       759    167      599
  SINCE JUL 1   4501                      4549    -48     3585

 COOLING
  TODAY            0                         1     -1        0
  MONTH TO DATE    0                         5     -5        6
  SINCE MAR 1      0                         9     -9        9
  SINCE JAN 1      0                         9     -9       10
..................................................................


WIND (MPH)
  HIGHEST WIND SPEED    25   HIGHEST WIND DIRECTION    SW (220)
  HIGHEST GUST SPEED    36   HIGHEST GUST DIRECTION    SW (210)


SKY COVER
  AVERAGE SKY COVER 0.2


WEATHER CONDITIONS
 THE FOLLOWING WEATHER WAS RECORDED TODAY.
  NO SIGNIFICANT WEATHER WAS OBSERVED.


RELATIVE HUMIDITY (PERCENT)
 HIGHEST    58           300 AM
 LOWEST     29           100 PM
 AVERAGE    44

..........................................................


THE VICHY-ROLLA MO CLIMATE NORMALS FOR TOMORROW
                         NORMAL    RECORD    YEAR
 MAXIMUM TEMPERATURE (F)   66        92      1972
 MINIMUM TEMPERATURE (F)   43        24      1957


SUNRISE AND SUNSET
APRIL 11 2018.........SUNRISE   637 AM CDT   SUNSET   740 PM CDT
APRIL 12 2018.........SUNRISE   636 AM CDT   SUNSET   740 PM CDT


-  INDICATES NEGATIVE NUMBERS.
R  INDICATES RECORD WAS SET OR TIED.
MM INDICATES DATA IS MISSING.
T  INDICATES TRACE AMOUNT.




$$
